{"id":994,"date":"2024-02-28T03:07:33","date_gmt":"2024-02-28T00:07:33","guid":{"rendered":"https:\/\/astrologelvan.shop\/?post_type=product&#038;p=994"},"modified":"2026-03-26T20:31:05","modified_gmt":"2026-03-26T17:31:05","slug":"private-kit-jupiter","status":"publish","type":"product","link":"https:\/\/astrologelvan.com\/magaza\/urun\/private-kit-jupiter\/","title":{"rendered":"PR\u0130VATE K\u0130T &#8211; J\u00dcP\u0130TER"},"content":{"rendered":"<p><b>K\u0130T \u0130\u00c7ER\u0130\u011e\u0130<\/b><\/p>\n<p><b>Dikit Form Labradorit Ta\u015f\u0131<\/b><\/p>\n<p><span style=\"font-weight: 400;\">Auran\u0131z\u0131 dengeler ve korur, sezgilerinizi g\u00fc\u00e7lendirir, psi\u015fik sald\u0131r\u0131lara kar\u015f\u0131 sizi korur. Kalp ve 3. G\u00f6z \u00e7akras\u0131 \u00fczerinde dengeleyici etkisi vard\u0131r. Zihniniz a\u015f\u0131r\u0131 aktifse ve endi\u015feleriniz varsa sizi sakinle\u015ftirir.<\/span><\/p>\n<p><b>Nefertiti Kolye (Limited Edition)<\/b><\/p>\n<p><span style=\"font-weight: 400;\">Nefertiti\u00a0ad\u0131; \u201cG\u00fczelden gelen\u201d anlam\u0131na gelir. Mitanni Kral\u0131\u2019n\u0131n elleri \u015fifa da\u011f\u0131tan k\u0131z\u0131\u00a0Nefertiti\u2026\u00a0\u00a0M\u0131s\u0131r Firavunu Amenhotep IV\u2019in e\u015fi. Nil\u2019in H\u00fck\u00fcmdar\u0131 ve Tanr\u0131lar\u0131n K\u0131z\u0131 olarak bilinen\u00a0Nefertiti\u2026\u00a0<\/span><\/p>\n<p><span style=\"font-weight: 400;\">Krali\u00e7eleri bile g\u00fczelli\u011fi ile b\u00fcy\u00fclemi\u015fti. Hem cesur hem de \u00e7ok zekiydi. M\u0131s\u0131r\u2019\u0131n en reformcu krali\u00e7esi olarak tarihe ge\u00e7ti.\u00a0<\/span><\/p>\n<p><span style=\"font-weight: 400;\">Nefertiti, eski M\u0131s\u0131r tarihinde benzeri g\u00f6r\u00fclmemi\u015f bir g\u00fc\u00e7 elde etmi\u015fti hatta firavun ile e\u015fit stat\u00fcde oldu\u011funa inan\u0131l\u0131yordu.<\/span><\/p>\n<p><b>925 Ayar G\u00fcm\u00fc\u015f \u00dczeri Alt\u0131n Kaplama Baby Amazonit Ta\u015f\u0131 Kolye<\/b><\/p>\n<p>Mavi \u2013 ye\u015fil renk tonlar\u0131n\u0131n kar\u0131\u015f\u0131m\u0131 Amazonit ta\u015f\u0131, eril \u2013 di\u015fi enerjiyi dengelemek i\u00e7in kullan\u0131l\u0131r. Hayatta \u00e7o\u011fu zaman bu dengemiz \u015fa\u015ft\u0131\u011f\u0131 i\u00e7in ili\u015fkilerde problem ya\u015far\u0131z. \u00d6zellikle \u015fehirde ya\u015fayanlar\u0131n kullanmas\u0131n\u0131 tavsiye ederiz. \u00c7\u00fcnk\u00fc hayat ko\u015fullar\u0131 sebebiyle \u00e7o\u011fu kad\u0131n eril enerjisini fazlas\u0131yla kullan\u0131yor ve i\u00e7indeki di\u015fi ile ileti\u015fime ge\u00e7emiyor. Kalp ve bo\u011faz \u00e7akralar\u0131n\u0131 \u015fifaland\u0131rmak i\u00e7in bu ta\u015ftan faydalanabilirsiniz. G\u00fcnl\u00fck kullan\u0131ma uygundur. Ta\u015f\u0131n\u0131z\u0131 ada\u00e7ay\u0131 ile t\u00fcts\u00fcledikten sonra avu\u00e7 i\u00e7inize al\u0131n ve niyetinizi edin.<\/p>\n<p><b>Bolluk, Bereket ve \u015eans Kiti<\/b><b><\/b><\/p>\n<p>Hayat\u0131n\u0131za sonsuz bolluk, bereket ve \u015fans\u0131 \u00e7ekmek m\u00fcmk\u00fcn. Bunu bilmeye g\u00f6n\u00fcll\u00fc m\u00fcs\u00fcn?<\/p>\n<p>Cevab\u0131n evet ise bu rit\u00fcel hayat\u0131ndaki bereket ak\u0131\u015f\u0131n\u0131 h\u0131zland\u0131racak. Hatta kendi de\u011fer duygunu bile dengeleyecek! Yeter ki kalpten iste\u2026 Ve inan.<\/p>\n<p>Yeni ay\u2019\u0131n ilk g\u00fcn\u00fcnde ya da yeni ay\u0131 izleyen bir haftal\u0131k s\u00fcre\u00e7te ba\u015flayabilirsin bu rit\u00fcele. Rit\u00fceli nas\u0131l yapaca\u011f\u0131n ald\u0131\u011f\u0131n kitin i\u00e7erisindeki kartta ad\u0131m ad\u0131m yaz\u0131yor.<\/p>\n<p><b>Hint Aki\u011fi Do\u011fal Ta\u015f Kolye<\/b><\/p>\n<p><span style=\"font-weight: 400;\">\u00dczerinde ta\u015f\u0131yan ki\u015fiyi tehlikeden korudu\u011funa ve uyumsuzluklar\u0131na son verdi\u011fine inan\u0131lan bir ta\u015ft\u0131r. Korkakl\u0131\u011fa, nazara, karabasana ve uykusuzlu\u011fa iyi geldi\u011fi s\u00f6ylenir metabolizman\u0131n da d\u00fczg\u00fcn \u00e7al\u0131\u015fmas\u0131na faydas\u0131 vard\u0131r. V\u00fccudunuza temas ederek s\u0131cakl\u0131k hissi verir ve rahatlamaya yard\u0131mc\u0131 oldu\u011fu s\u00f6ylenir. V\u00fccutta varsa fazla ve olumsuz enerjiyi bo\u015falt\u0131r b\u00f6ylelikle stresi gidermeye yard\u0131mc\u0131 olur. Kullanan ki\u015fiyi sosyalle\u015ftirdi\u011fi, \u00e7evre ve insanlarla uyum sa\u011flamas\u0131na yard\u0131mc\u0131 oldu\u011fu d\u00fc\u015f\u00fcn\u00fclmektedir. Akik ta\u015f\u0131, varsa korkular\u0131n yenilmesinde ve cesaretin art\u0131r\u0131lmas\u0131nda olumlu y\u00f6nde etkileri vard\u0131r. Kullanan ki\u015fide ak\u0131l ve mant\u0131k g\u00fcc\u00fcn\u00fc geli\u015ftirdi\u011fi s\u00f6ylenir. V\u00fccudu g\u00fc\u00e7lendirdi\u011fi ve lenflerin sirk\u00fclasyonunu rahatlatt\u0131\u011f\u0131 d\u00fc\u015f\u00fcn\u00fclmektedir.<\/span><\/p>\n<p><b>Pirit Ta\u015f\u0131 Erkek Bilekli\u011fi<\/b><\/p>\n<p><span style=\"font-weight: 400;\">Pirit zenginlik ve bolluk \u00e7eken, \u015fans\u0131 y\u00fckselten bir ta\u015f olarak kabul edilir. Sakral ve Mide (Solar Pleksus) \u00e7akralar\u0131n\u0131 \u00e7al\u0131\u015ft\u0131r\u0131r. \u00c7evrenizde size kar\u015f\u0131 olu\u015fmu\u015f ya da olu\u015fabilecek negatif enerjiyi n\u00f6tr hale getirerek enerji alan\u0131n\u0131z\u0131 korur. \u0130\u00e7erisindeki demir sebebiyle; Mars gezegeni d\u00fc\u015f\u00fck olanlar ve ya\u015fam enerjisi d\u00fc\u015f\u00fck olanlar kullanmal\u0131d\u0131r. Ayr\u0131ca \u00f6zg\u00fcveni d\u00fc\u015f\u00fck ki\u015filerde g\u00fcvene dair sorun ve problemleri iyile\u015ftirmede kullan\u0131l\u0131r.<\/span><\/p>\n<p class=\"product_title entry-title\"><strong>Silindir Form Ametrin Ta\u015f\u0131 Kolye<\/strong><\/p>\n<div class=\"summary-price-box\">\n<p>G\u00fc\u00e7l\u00fc bir ar\u0131nd\u0131rma \u00f6zelli\u011fi vard\u0131r, toksinleri ve olumsuzluklar\u0131 v\u00fccuttan uzakla\u015ft\u0131r\u0131r. Ya\u015fad\u0131\u011f\u0131n\u0131z sorunlar\u0131n ger\u00e7ek sebebinin ortaya \u00e7\u0131kmas\u0131n\u0131 sa\u011flar. Ba\u011f\u0131\u015f\u0131kl\u0131k sistemini g\u00fc\u00e7lendirmeye yard\u0131mc\u0131 olur. Depresyonu azalt\u0131r. Ortamdaki negatif enerjiyi temizler. Kas yap\u0131s\u0131n\u0131 g\u00fc\u00e7lendirmede etkilidir. Konsantrasyonu g\u00fc\u00e7lendirir. Ayn\u0131 grupta bulunan Ametist ve Sitrin ta\u015f\u0131n\u0131n \u00f6zelliklerini ta\u015f\u0131r. Sitrin ta\u015f\u0131n\u0131n eril enerjisini ve ametist ta\u015f\u0131n\u0131n di\u015fil enerjisini harmanlamaktad\u0131r. Bu nedenle eril ve di\u015fil enerjilerin dengesini kurmaya yard\u0131mc\u0131 olur.<\/p>\n<\/div>\n","protected":false},"excerpt":{"rendered":"<p><strong>S\u0131n\u0131rl\u0131 Say\u0131da!<\/strong><\/p>\n<p>Eyl\u00fcl ay\u0131 boyunca ald\u0131\u011f\u0131n\u0131z kit ile\u00a0<strong>Astrolog Elvan Vip Zoom<\/strong>\u00a0toplant\u0131s\u0131na kat\u0131lma \u015fans\u0131 elde edeceksiniz.<\/p>\n<p><strong>Kit i\u00e7eri\u011fi:<\/strong><\/p>\n<p>Hint Aki\u011fi Do\u011fal Ta\u015f Kolye<\/p>\n<p>Bolluk, Bereket ve \u015eans Kiti<\/p>\n<p>Nefertiti Kolye (Limited Edition)<\/p>\n<p>925 Ayar G\u00fcm\u00fc\u015f \u00dczeri Alt\u0131n Kaplama Baby Amazonit Ta\u015f\u0131 Kolye<\/p>\n<p>Pirit Ta\u015f\u0131 Erkek Bilekli\u011fi<\/p>\n<p>Silindir Form Ametrin Ta\u015f\u0131 Kolye<\/p>\n<p>Dikit Form Labradorit Ta\u015f\u0131<\/p>\n<div class=\"summary-price-box\"><\/div>\n","protected":false},"featured_media":1055,"comment_status":"open","ping_status":"closed","template":"","meta":[],"product_brand":[],"product_cat":[470],"product_tag":[],"class_list":{"0":"post-994","1":"product","2":"type-product","3":"status-publish","4":"has-post-thumbnail","6":"product_cat-private-kitler","8":"first","9":"outofstock","10":"taxable","11":"shipping-taxable","12":"purchasable","13":"product-type-simple"},"yoast_head":"<!-- This site is optimized with the Yoast SEO plugin v27.3 - https:\/\/yoast.com\/product\/yoast-seo-wordpress\/ -->\n<title>PR\u0130VATE K\u0130T - J\u00dcP\u0130TER - Astrolog Elvan<\/title>\n<meta name=\"robots\" content=\"index, follow, max-snippet:-1, max-image-preview:large, max-video-preview:-1\" \/>\n<link rel=\"canonical\" href=\"https:\/\/astrologelvan.com\/magaza\/urun\/private-kit-jupiter\/\" \/>\n<meta property=\"og:locale\" content=\"tr_TR\" \/>\n<meta property=\"og:type\" content=\"article\" \/>\n<meta property=\"og:title\" content=\"PR\u0130VATE K\u0130T - J\u00dcP\u0130TER - Astrolog Elvan\" \/>\n<meta property=\"og:description\" content=\"S\u0131n\u0131rl\u0131 Say\u0131da!  Eyl\u00fcl ay\u0131 boyunca ald\u0131\u011f\u0131n\u0131z kit ile\u00a0Astrolog Elvan Vip Zoom\u00a0toplant\u0131s\u0131na kat\u0131lma \u015fans\u0131 elde edeceksiniz.  Kit i\u00e7eri\u011fi:  Hint Aki\u011fi Do\u011fal Ta\u015f Kolye  Bolluk, Bereket ve \u015eans Kiti  Nefertiti Kolye (Limited Edition)  925 Ayar G\u00fcm\u00fc\u015f \u00dczeri Alt\u0131n Kaplama Baby Amazonit Ta\u015f\u0131 Kolye  Pirit Ta\u015f\u0131 Erkek Bilekli\u011fi  Silindir Form Ametrin Ta\u015f\u0131 Kolye  Dikit Form Labradorit Ta\u015f\u0131\" \/>\n<meta property=\"og:url\" content=\"https:\/\/astrologelvan.com\/magaza\/urun\/private-kit-jupiter\/\" \/>\n<meta property=\"og:site_name\" content=\"Astrolog Elvan\" \/>\n<meta property=\"article:modified_time\" content=\"2026-03-26T17:31:05+00:00\" \/>\n<meta property=\"og:image\" content=\"https:\/\/astrologelvan.com\/magaza\/wp-content\/uploads\/2024\/02\/private-kit-jupiter-1.jpg\" \/>\n\t<meta property=\"og:image:width\" content=\"1080\" \/>\n\t<meta property=\"og:image:height\" content=\"1080\" \/>\n\t<meta property=\"og:image:type\" content=\"image\/jpeg\" \/>\n<meta name=\"twitter:card\" content=\"summary_large_image\" \/>\n<meta name=\"twitter:label1\" content=\"Tahmini okuma s\u00fcresi\" \/>\n\t<meta name=\"twitter:data1\" content=\"3 dakika\" \/>\n<script type=\"application\/ld+json\" class=\"yoast-schema-graph\">{\"@context\":\"https:\\\/\\\/schema.org\",\"@graph\":[{\"@type\":[\"WebPage\",\"ItemPage\"],\"@id\":\"https:\\\/\\\/astrologelvan.com\\\/magaza\\\/urun\\\/private-kit-jupiter\\\/\",\"url\":\"https:\\\/\\\/astrologelvan.com\\\/magaza\\\/urun\\\/private-kit-jupiter\\\/\",\"name\":\"PR\u0130VATE K\u0130T - J\u00dcP\u0130TER - Astrolog Elvan\",\"isPartOf\":{\"@id\":\"https:\\\/\\\/astrologelvan.com\\\/magaza\\\/#website\"},\"primaryImageOfPage\":{\"@id\":\"https:\\\/\\\/astrologelvan.com\\\/magaza\\\/urun\\\/private-kit-jupiter\\\/#primaryimage\"},\"image\":{\"@id\":\"https:\\\/\\\/astrologelvan.com\\\/magaza\\\/urun\\\/private-kit-jupiter\\\/#primaryimage\"},\"thumbnailUrl\":\"https:\\\/\\\/astrologelvan.com\\\/magaza\\\/wp-content\\\/uploads\\\/2024\\\/02\\\/private-kit-jupiter-1.jpg\",\"datePublished\":\"2024-02-28T00:07:33+00:00\",\"dateModified\":\"2026-03-26T17:31:05+00:00\",\"breadcrumb\":{\"@id\":\"https:\\\/\\\/astrologelvan.com\\\/magaza\\\/urun\\\/private-kit-jupiter\\\/#breadcrumb\"},\"inLanguage\":\"tr\",\"potentialAction\":[{\"@type\":\"ReadAction\",\"target\":[\"https:\\\/\\\/astrologelvan.com\\\/magaza\\\/urun\\\/private-kit-jupiter\\\/\"]}]},{\"@type\":\"ImageObject\",\"inLanguage\":\"tr\",\"@id\":\"https:\\\/\\\/astrologelvan.com\\\/magaza\\\/urun\\\/private-kit-jupiter\\\/#primaryimage\",\"url\":\"https:\\\/\\\/astrologelvan.com\\\/magaza\\\/wp-content\\\/uploads\\\/2024\\\/02\\\/private-kit-jupiter-1.jpg\",\"contentUrl\":\"https:\\\/\\\/astrologelvan.com\\\/magaza\\\/wp-content\\\/uploads\\\/2024\\\/02\\\/private-kit-jupiter-1.jpg\",\"width\":1080,\"height\":1080},{\"@type\":\"BreadcrumbList\",\"@id\":\"https:\\\/\\\/astrologelvan.com\\\/magaza\\\/urun\\\/private-kit-jupiter\\\/#breadcrumb\",\"itemListElement\":[{\"@type\":\"ListItem\",\"position\":1,\"name\":\"Anasayfa\",\"item\":\"https:\\\/\\\/astrologelvan.com\\\/magaza\\\/\"},{\"@type\":\"ListItem\",\"position\":2,\"name\":\"Ma\u011faza\",\"item\":\"https:\\\/\\\/astrologelvan.com\\\/magaza\\\/magaza\\\/\"},{\"@type\":\"ListItem\",\"position\":3,\"name\":\"PR\u0130VATE K\u0130T &#8211; J\u00dcP\u0130TER\"}]},{\"@type\":\"WebSite\",\"@id\":\"https:\\\/\\\/astrologelvan.com\\\/magaza\\\/#website\",\"url\":\"https:\\\/\\\/astrologelvan.com\\\/magaza\\\/\",\"name\":\"Astrolog Elvan\",\"description\":\"\",\"potentialAction\":[{\"@type\":\"SearchAction\",\"target\":{\"@type\":\"EntryPoint\",\"urlTemplate\":\"https:\\\/\\\/astrologelvan.com\\\/magaza\\\/?s={search_term_string}\"},\"query-input\":{\"@type\":\"PropertyValueSpecification\",\"valueRequired\":true,\"valueName\":\"search_term_string\"}}],\"inLanguage\":\"tr\"}]}<\/script>\n<!-- \/ Yoast SEO plugin. -->","yoast_head_json":{"title":"PR\u0130VATE K\u0130T - J\u00dcP\u0130TER - Astrolog Elvan","robots":{"index":"index","follow":"follow","max-snippet":"max-snippet:-1","max-image-preview":"max-image-preview:large","max-video-preview":"max-video-preview:-1"},"canonical":"https:\/\/astrologelvan.com\/magaza\/urun\/private-kit-jupiter\/","og_locale":"tr_TR","og_type":"article","og_title":"PR\u0130VATE K\u0130T - J\u00dcP\u0130TER - Astrolog Elvan","og_description":"S\u0131n\u0131rl\u0131 Say\u0131da!  Eyl\u00fcl ay\u0131 boyunca ald\u0131\u011f\u0131n\u0131z kit ile\u00a0Astrolog Elvan Vip Zoom\u00a0toplant\u0131s\u0131na kat\u0131lma \u015fans\u0131 elde edeceksiniz.  Kit i\u00e7eri\u011fi:  Hint Aki\u011fi Do\u011fal Ta\u015f Kolye  Bolluk, Bereket ve \u015eans Kiti  Nefertiti Kolye (Limited Edition)  925 Ayar G\u00fcm\u00fc\u015f \u00dczeri Alt\u0131n Kaplama Baby Amazonit Ta\u015f\u0131 Kolye  Pirit Ta\u015f\u0131 Erkek Bilekli\u011fi  Silindir Form Ametrin Ta\u015f\u0131 Kolye  Dikit Form Labradorit Ta\u015f\u0131","og_url":"https:\/\/astrologelvan.com\/magaza\/urun\/private-kit-jupiter\/","og_site_name":"Astrolog Elvan","article_modified_time":"2026-03-26T17:31:05+00:00","og_image":[{"width":1080,"height":1080,"url":"https:\/\/astrologelvan.com\/magaza\/wp-content\/uploads\/2024\/02\/private-kit-jupiter-1.jpg","type":"image\/jpeg"}],"twitter_card":"summary_large_image","twitter_misc":{"Tahmini okuma s\u00fcresi":"3 dakika"},"schema":{"@context":"https:\/\/schema.org","@graph":[{"@type":["WebPage","ItemPage"],"@id":"https:\/\/astrologelvan.com\/magaza\/urun\/private-kit-jupiter\/","url":"https:\/\/astrologelvan.com\/magaza\/urun\/private-kit-jupiter\/","name":"PR\u0130VATE K\u0130T - J\u00dcP\u0130TER - Astrolog Elvan","isPartOf":{"@id":"https:\/\/astrologelvan.com\/magaza\/#website"},"primaryImageOfPage":{"@id":"https:\/\/astrologelvan.com\/magaza\/urun\/private-kit-jupiter\/#primaryimage"},"image":{"@id":"https:\/\/astrologelvan.com\/magaza\/urun\/private-kit-jupiter\/#primaryimage"},"thumbnailUrl":"https:\/\/astrologelvan.com\/magaza\/wp-content\/uploads\/2024\/02\/private-kit-jupiter-1.jpg","datePublished":"2024-02-28T00:07:33+00:00","dateModified":"2026-03-26T17:31:05+00:00","breadcrumb":{"@id":"https:\/\/astrologelvan.com\/magaza\/urun\/private-kit-jupiter\/#breadcrumb"},"inLanguage":"tr","potentialAction":[{"@type":"ReadAction","target":["https:\/\/astrologelvan.com\/magaza\/urun\/private-kit-jupiter\/"]}]},{"@type":"ImageObject","inLanguage":"tr","@id":"https:\/\/astrologelvan.com\/magaza\/urun\/private-kit-jupiter\/#primaryimage","url":"https:\/\/astrologelvan.com\/magaza\/wp-content\/uploads\/2024\/02\/private-kit-jupiter-1.jpg","contentUrl":"https:\/\/astrologelvan.com\/magaza\/wp-content\/uploads\/2024\/02\/private-kit-jupiter-1.jpg","width":1080,"height":1080},{"@type":"BreadcrumbList","@id":"https:\/\/astrologelvan.com\/magaza\/urun\/private-kit-jupiter\/#breadcrumb","itemListElement":[{"@type":"ListItem","position":1,"name":"Anasayfa","item":"https:\/\/astrologelvan.com\/magaza\/"},{"@type":"ListItem","position":2,"name":"Ma\u011faza","item":"https:\/\/astrologelvan.com\/magaza\/magaza\/"},{"@type":"ListItem","position":3,"name":"PR\u0130VATE K\u0130T &#8211; J\u00dcP\u0130TER"}]},{"@type":"WebSite","@id":"https:\/\/astrologelvan.com\/magaza\/#website","url":"https:\/\/astrologelvan.com\/magaza\/","name":"Astrolog Elvan","description":"","potentialAction":[{"@type":"SearchAction","target":{"@type":"EntryPoint","urlTemplate":"https:\/\/astrologelvan.com\/magaza\/?s={search_term_string}"},"query-input":{"@type":"PropertyValueSpecification","valueRequired":true,"valueName":"search_term_string"}}],"inLanguage":"tr"}]}},"_links":{"self":[{"href":"https:\/\/astrologelvan.com\/magaza\/wp-json\/wp\/v2\/product\/994","targetHints":{"allow":["GET"]}}],"collection":[{"href":"https:\/\/astrologelvan.com\/magaza\/wp-json\/wp\/v2\/product"}],"about":[{"href":"https:\/\/astrologelvan.com\/magaza\/wp-json\/wp\/v2\/types\/product"}],"replies":[{"embeddable":true,"href":"https:\/\/astrologelvan.com\/magaza\/wp-json\/wp\/v2\/comments?post=994"}],"wp:featuredmedia":[{"embeddable":true,"href":"https:\/\/astrologelvan.com\/magaza\/wp-json\/wp\/v2\/media\/1055"}],"wp:attachment":[{"href":"https:\/\/astrologelvan.com\/magaza\/wp-json\/wp\/v2\/media?parent=994"}],"wp:term":[{"taxonomy":"product_brand","embeddable":true,"href":"https:\/\/astrologelvan.com\/magaza\/wp-json\/wp\/v2\/product_brand?post=994"},{"taxonomy":"product_cat","embeddable":true,"href":"https:\/\/astrologelvan.com\/magaza\/wp-json\/wp\/v2\/product_cat?post=994"},{"taxonomy":"product_tag","embeddable":true,"href":"https:\/\/astrologelvan.com\/magaza\/wp-json\/wp\/v2\/product_tag?post=994"}],"curies":[{"name":"wp","href":"https:\/\/api.w.org\/{rel}","templated":true}]}}