{"id":974,"date":"2024-02-28T03:06:14","date_gmt":"2024-02-28T00:06:14","guid":{"rendered":"https:\/\/astrologelvan.shop\/?post_type=product&#038;p=974"},"modified":"2026-03-27T12:14:35","modified_gmt":"2026-03-27T09:14:35","slug":"hindistan-925-ayar-rose-sitrin-dogal-tas-kolye","status":"publish","type":"product","link":"https:\/\/astrologelvan.com\/magaza\/urun\/hindistan-925-ayar-rose-sitrin-dogal-tas-kolye\/","title":{"rendered":"H\u0130ND\u0130STAN 925 AYAR ROSE S\u0130TR\u0130N DO\u011eAL TA\u015e KOLYE"},"content":{"rendered":"<p><b>\u00dcr\u00fcn \u00d6zellikleri<\/b><\/p>\n<p><span style=\"font-weight: 400;\">Alt\u0131n Sitrin Do\u011fal Ta\u015f Kolye<\/span><\/p>\n<p><span style=\"font-weight: 400;\">Kolye Uzunlu\u011fu: 40 CM<\/span><\/p>\n<p><span style=\"font-weight: 400;\">925 Ayar G\u00fcm\u00fc\u015f Zincir \u00fczeri Alt\u0131n kaplama<\/span><\/p>\n<p><span style=\"font-weight: 400;\">Ta\u015f\u0131n yakla\u015f\u0131k \u00f6l\u00e7\u00fcs\u00fc:\u00a06 MM<\/span><\/p>\n<p><span style=\"font-weight: 400;\">Sitrin, \u015fifa enerjisinin nazik ak\u0131\u015f\u0131yla, g\u00fcvenli\u011finiz i\u00e7in sorumluluk alabilece\u011finizi ve ba\u015far\u0131s\u0131z olmayaca\u011f\u0131n\u0131z\u0131 bilerek var olan fobilerinizle sava\u015fman\u0131za yard\u0131mc\u0131 olur. Sitrin ta\u015f\u0131 boynunuzdayken her \u015feyin m\u00fcmk\u00fcn olabilece\u011fini hissedersiniz. Size bol miktarda enerji getiren Sitrin, kronik yorgunluktan, sa\u011fl\u0131kl\u0131 bir sindirim sisteminin uyar\u0131lmas\u0131na, kan dola\u015f\u0131m\u0131na yard\u0131mc\u0131 olur ve her t\u00fcrl\u00fc cilt tahri\u015fini d\u00fc\u015f\u00fck seviyede tutar. Sitrin ta\u015f\u0131 ayn\u0131 zamanda Sakral\u00a0\u00c7akra ile de ba\u011flant\u0131l\u0131d\u0131r.\u00a0Sakral \u00c7akra; Tutkumuzun, yarat\u0131c\u0131l\u0131\u011f\u0131m\u0131z\u0131n ve samimiyetimizin kas\u0131k kemi\u011fimize yak\u0131n oturdu\u011fu yerdir.\u00a0Sevincimizin kuyusu da buradad\u0131r.\u00a0Sakral \u00c7akran\u0131z bloke olursa, kontrol\u00fcn\u00fcz\u00fc kaybetmi\u015f gibi bunalm\u0131\u015f hissedebilirsiniz ve bu, kopukluk veya duygusal olarak kontrolden \u00e7\u0131kma duygular\u0131na yol a\u00e7abilir. Sitrin ta\u015f\u0131 bu \u00e7akray\u0131 harekete ge\u00e7irirken v\u00fccudunuza bir g\u00fcne\u015f \u0131\u015f\u0131\u011f\u0131 gibi do\u011facakt\u0131r.<\/span><\/p>\n<p><strong>Tak\u0131lar\u0131n\u0131z\u0131n uzun s\u00fcre kullanabilmesi i\u00e7in; Parf\u00fcm, su, s\u0131v\u0131, dezenfektan, krem v.b. gibi maddelerle temas etmemesi, du\u015f-banyo s\u0131ras\u0131nda \u00e7\u0131kart\u0131lmas\u0131 gerekmektedir. Ki\u015finin ter-ten yap\u0131s\u0131na g\u00f6re de etkilenmektedir. Tak\u0131lar\u0131n\u0131z\u0131 kullanmad\u0131\u011f\u0131n\u0131z zamanlarda kesesinde saklaman\u0131z\u0131 \u00f6neririz.<\/strong><\/p>\n<p><strong>Do\u011fal ta\u015flar\u0131n belirli titre\u015fimlere ve frekanslara sahip oldu\u011fu bilinmektedir. Bu nedenle v\u00fccudumuzda ve auram\u0131zda birtak\u0131m iyi etkileri oldu\u011fu s\u00f6ylenmektedir. Ta\u015flar\u0131n \u00f6zelliklerinin bilimsel kesinli\u011fi yoktur. Astrologelvan ma\u011fazas\u0131ndaki t\u00fcm ta\u015flar orijinal, ger\u00e7ek do\u011fal ta\u015flard\u0131r. T\u0131bbi konularda doktora dan\u0131\u015fman\u0131z\u0131 tavsiye ederiz. Ta\u015flar\u0131n tedavi edici \u00f6zelli\u011fi yoktur, sadece ki\u015fisel enerjimizi y\u00fckseltmekte ve astrolojik olarak da temsil etti\u011fi gezegenlerin etkilerini artt\u0131rmakta oldu\u011fu kabul edilir. \u00d6rne\u011fin; pembe kuvars ta\u015f\u0131 a\u015fk ve sevgi gezegeni Ven\u00fcs\u2019\u00fcn ta\u015f\u0131d\u0131r ve bu sebeple \u00fczerinde ta\u015f\u0131yan ki\u015finin a\u015fk ve sevgi frekans\u0131n\u0131 y\u00fckseltti\u011fi bilinir.<\/strong><\/p>\n","protected":false},"excerpt":{"rendered":"<p><b>G\u00fcne\u015f I\u015f\u0131\u011f\u0131 Ta\u015f\u0131<\/b><\/p>\n<p><span style=\"font-weight: 400;\">Sitrin, \u015fifa enerjisinin nazik ak\u0131\u015f\u0131yla, g\u00fcvenli\u011finiz i\u00e7in sorumluluk alabilece\u011finizi ve ba\u015far\u0131s\u0131z olmayaca\u011f\u0131n\u0131z\u0131 bilerek var olan fobilerinizle sava\u015fman\u0131za yard\u0131mc\u0131 olur. Sitrin ta\u015f\u0131 boynunuzdayken her \u015feyin m\u00fcmk\u00fcn olabilece\u011fini hissedersiniz. Size bol miktarda enerji getiren Sitrin, kronik yorgunluktan, sa\u011fl\u0131kl\u0131 bir sindirim sisteminin uyar\u0131lmas\u0131na, kan dola\u015f\u0131m\u0131na yard\u0131mc\u0131 olur ve her t\u00fcrl\u00fc cilt tahri\u015fini d\u00fc\u015f\u00fck seviyede tutar. Sitrin ta\u015f\u0131 ayn\u0131 zamanda Sakral\u00a0\u00c7akra ile de ba\u011flant\u0131l\u0131d\u0131r.\u00a0Sakral \u00c7akra; Tutkumuzun, yarat\u0131c\u0131l\u0131\u011f\u0131m\u0131z\u0131n ve samimiyetimizin kas\u0131k kemi\u011fimize yak\u0131n oturdu\u011fu yerdir.\u00a0Sevincimizin kuyusu da buradad\u0131r.\u00a0Sakral \u00c7akran\u0131z bloke olursa, kontrol\u00fcn\u00fcz\u00fc kaybetmi\u015f gibi bunalm\u0131\u015f hissedebilirsiniz ve bu, kopukluk veya duygusal olarak kontrolden \u00e7\u0131kma duygular\u0131na yol a\u00e7abilir. Sitrin ta\u015f\u0131 bu \u00e7akray\u0131 harekete ge\u00e7irirken v\u00fccudunuza bir g\u00fcne\u015f \u0131\u015f\u0131\u011f\u0131 gibi do\u011facakt\u0131r.<\/span><\/p>\n","protected":false},"featured_media":5632,"comment_status":"open","ping_status":"closed","template":"","meta":[],"product_brand":[596],"product_cat":[321,460,255,48,65,8106],"product_tag":[],"class_list":{"0":"post-974","1":"product","2":"type-product","3":"status-publish","4":"has-post-thumbnail","6":"product_brand-astrolog-elvan","7":"product_cat-altin-kaplama-kolye","8":"product_cat-buyulu-hindistan","9":"product_cat-gumus-kolye","10":"product_cat-kolyeler","11":"product_cat-sitrin-dogal-tas","12":"product_cat--gumus-kolyeler","14":"first","15":"instock","16":"purchasable","17":"product-type-simple"},"yoast_head":"<!-- This site is optimized with the Yoast SEO plugin v27.3 - https:\/\/yoast.com\/product\/yoast-seo-wordpress\/ -->\n<title>H\u0130ND\u0130STAN 925 AYAR ROSE S\u0130TR\u0130N DO\u011eAL TA\u015e KOLYE - Astrolog Elvan<\/title>\n<meta name=\"robots\" content=\"index, follow, max-snippet:-1, max-image-preview:large, max-video-preview:-1\" \/>\n<link rel=\"canonical\" href=\"https:\/\/astrologelvan.com\/magaza\/urun\/hindistan-925-ayar-rose-sitrin-dogal-tas-kolye\/\" \/>\n<meta property=\"og:locale\" content=\"tr_TR\" \/>\n<meta property=\"og:type\" content=\"article\" \/>\n<meta property=\"og:title\" content=\"H\u0130ND\u0130STAN 925 AYAR ROSE S\u0130TR\u0130N DO\u011eAL TA\u015e KOLYE - Astrolog Elvan\" \/>\n<meta property=\"og:description\" content=\"G\u00fcne\u015f I\u015f\u0131\u011f\u0131 Ta\u015f\u0131  Sitrin, \u015fifa enerjisinin nazik ak\u0131\u015f\u0131yla, g\u00fcvenli\u011finiz i\u00e7in sorumluluk alabilece\u011finizi ve ba\u015far\u0131s\u0131z olmayaca\u011f\u0131n\u0131z\u0131 bilerek var olan fobilerinizle sava\u015fman\u0131za yard\u0131mc\u0131 olur. Sitrin ta\u015f\u0131 boynunuzdayken her \u015feyin m\u00fcmk\u00fcn olabilece\u011fini hissedersiniz. Size bol miktarda enerji getiren Sitrin, kronik yorgunluktan, sa\u011fl\u0131kl\u0131 bir sindirim sisteminin uyar\u0131lmas\u0131na, kan dola\u015f\u0131m\u0131na yard\u0131mc\u0131 olur ve her t\u00fcrl\u00fc cilt tahri\u015fini d\u00fc\u015f\u00fck seviyede tutar. Sitrin ta\u015f\u0131 ayn\u0131 zamanda Sakral\u00a0\u00c7akra ile de ba\u011flant\u0131l\u0131d\u0131r.\u00a0Sakral \u00c7akra; Tutkumuzun, yarat\u0131c\u0131l\u0131\u011f\u0131m\u0131z\u0131n ve samimiyetimizin kas\u0131k kemi\u011fimize yak\u0131n oturdu\u011fu yerdir.\u00a0Sevincimizin kuyusu da buradad\u0131r.\u00a0Sakral \u00c7akran\u0131z bloke olursa, kontrol\u00fcn\u00fcz\u00fc kaybetmi\u015f gibi bunalm\u0131\u015f hissedebilirsiniz ve bu, kopukluk veya duygusal olarak kontrolden \u00e7\u0131kma duygular\u0131na yol a\u00e7abilir. Sitrin ta\u015f\u0131 bu \u00e7akray\u0131 harekete ge\u00e7irirken v\u00fccudunuza bir g\u00fcne\u015f \u0131\u015f\u0131\u011f\u0131 gibi do\u011facakt\u0131r.\" \/>\n<meta property=\"og:url\" content=\"https:\/\/astrologelvan.com\/magaza\/urun\/hindistan-925-ayar-rose-sitrin-dogal-tas-kolye\/\" \/>\n<meta property=\"og:site_name\" content=\"Astrolog Elvan\" \/>\n<meta property=\"article:modified_time\" content=\"2026-03-27T09:14:35+00:00\" \/>\n<meta property=\"og:image\" content=\"https:\/\/astrologelvan.com\/magaza\/wp-content\/uploads\/2024\/02\/1-74.jpg\" \/>\n\t<meta property=\"og:image:width\" content=\"1600\" \/>\n\t<meta property=\"og:image:height\" content=\"1600\" \/>\n\t<meta property=\"og:image:type\" content=\"image\/jpeg\" \/>\n<meta name=\"twitter:card\" content=\"summary_large_image\" \/>\n<meta name=\"twitter:label1\" content=\"Tahmini okuma s\u00fcresi\" \/>\n\t<meta name=\"twitter:data1\" content=\"2 dakika\" \/>\n<script type=\"application\/ld+json\" class=\"yoast-schema-graph\">{\"@context\":\"https:\\\/\\\/schema.org\",\"@graph\":[{\"@type\":[\"WebPage\",\"ItemPage\"],\"@id\":\"https:\\\/\\\/astrologelvan.com\\\/magaza\\\/urun\\\/hindistan-925-ayar-rose-sitrin-dogal-tas-kolye\\\/\",\"url\":\"https:\\\/\\\/astrologelvan.com\\\/magaza\\\/urun\\\/hindistan-925-ayar-rose-sitrin-dogal-tas-kolye\\\/\",\"name\":\"H\u0130ND\u0130STAN 925 AYAR ROSE S\u0130TR\u0130N DO\u011eAL TA\u015e KOLYE - Astrolog Elvan\",\"isPartOf\":{\"@id\":\"https:\\\/\\\/astrologelvan.com\\\/magaza\\\/#website\"},\"primaryImageOfPage\":{\"@id\":\"https:\\\/\\\/astrologelvan.com\\\/magaza\\\/urun\\\/hindistan-925-ayar-rose-sitrin-dogal-tas-kolye\\\/#primaryimage\"},\"image\":{\"@id\":\"https:\\\/\\\/astrologelvan.com\\\/magaza\\\/urun\\\/hindistan-925-ayar-rose-sitrin-dogal-tas-kolye\\\/#primaryimage\"},\"thumbnailUrl\":\"https:\\\/\\\/astrologelvan.com\\\/magaza\\\/wp-content\\\/uploads\\\/2024\\\/02\\\/1-74.jpg\",\"datePublished\":\"2024-02-28T00:06:14+00:00\",\"dateModified\":\"2026-03-27T09:14:35+00:00\",\"breadcrumb\":{\"@id\":\"https:\\\/\\\/astrologelvan.com\\\/magaza\\\/urun\\\/hindistan-925-ayar-rose-sitrin-dogal-tas-kolye\\\/#breadcrumb\"},\"inLanguage\":\"tr\",\"potentialAction\":[{\"@type\":\"ReadAction\",\"target\":[\"https:\\\/\\\/astrologelvan.com\\\/magaza\\\/urun\\\/hindistan-925-ayar-rose-sitrin-dogal-tas-kolye\\\/\"]}]},{\"@type\":\"ImageObject\",\"inLanguage\":\"tr\",\"@id\":\"https:\\\/\\\/astrologelvan.com\\\/magaza\\\/urun\\\/hindistan-925-ayar-rose-sitrin-dogal-tas-kolye\\\/#primaryimage\",\"url\":\"https:\\\/\\\/astrologelvan.com\\\/magaza\\\/wp-content\\\/uploads\\\/2024\\\/02\\\/1-74.jpg\",\"contentUrl\":\"https:\\\/\\\/astrologelvan.com\\\/magaza\\\/wp-content\\\/uploads\\\/2024\\\/02\\\/1-74.jpg\",\"width\":1600,\"height\":1600},{\"@type\":\"BreadcrumbList\",\"@id\":\"https:\\\/\\\/astrologelvan.com\\\/magaza\\\/urun\\\/hindistan-925-ayar-rose-sitrin-dogal-tas-kolye\\\/#breadcrumb\",\"itemListElement\":[{\"@type\":\"ListItem\",\"position\":1,\"name\":\"Anasayfa\",\"item\":\"https:\\\/\\\/astrologelvan.com\\\/magaza\\\/\"},{\"@type\":\"ListItem\",\"position\":2,\"name\":\"Ma\u011faza\",\"item\":\"https:\\\/\\\/astrologelvan.com\\\/magaza\\\/magaza\\\/\"},{\"@type\":\"ListItem\",\"position\":3,\"name\":\"H\u0130ND\u0130STAN 925 AYAR ROSE S\u0130TR\u0130N DO\u011eAL TA\u015e KOLYE\"}]},{\"@type\":\"WebSite\",\"@id\":\"https:\\\/\\\/astrologelvan.com\\\/magaza\\\/#website\",\"url\":\"https:\\\/\\\/astrologelvan.com\\\/magaza\\\/\",\"name\":\"Astrolog Elvan\",\"description\":\"\",\"potentialAction\":[{\"@type\":\"SearchAction\",\"target\":{\"@type\":\"EntryPoint\",\"urlTemplate\":\"https:\\\/\\\/astrologelvan.com\\\/magaza\\\/?s={search_term_string}\"},\"query-input\":{\"@type\":\"PropertyValueSpecification\",\"valueRequired\":true,\"valueName\":\"search_term_string\"}}],\"inLanguage\":\"tr\"}]}<\/script>\n<!-- \/ Yoast SEO plugin. -->","yoast_head_json":{"title":"H\u0130ND\u0130STAN 925 AYAR ROSE S\u0130TR\u0130N DO\u011eAL TA\u015e KOLYE - Astrolog Elvan","robots":{"index":"index","follow":"follow","max-snippet":"max-snippet:-1","max-image-preview":"max-image-preview:large","max-video-preview":"max-video-preview:-1"},"canonical":"https:\/\/astrologelvan.com\/magaza\/urun\/hindistan-925-ayar-rose-sitrin-dogal-tas-kolye\/","og_locale":"tr_TR","og_type":"article","og_title":"H\u0130ND\u0130STAN 925 AYAR ROSE S\u0130TR\u0130N DO\u011eAL TA\u015e KOLYE - Astrolog Elvan","og_description":"G\u00fcne\u015f I\u015f\u0131\u011f\u0131 Ta\u015f\u0131  Sitrin, \u015fifa enerjisinin nazik ak\u0131\u015f\u0131yla, g\u00fcvenli\u011finiz i\u00e7in sorumluluk alabilece\u011finizi ve ba\u015far\u0131s\u0131z olmayaca\u011f\u0131n\u0131z\u0131 bilerek var olan fobilerinizle sava\u015fman\u0131za yard\u0131mc\u0131 olur. Sitrin ta\u015f\u0131 boynunuzdayken her \u015feyin m\u00fcmk\u00fcn olabilece\u011fini hissedersiniz. Size bol miktarda enerji getiren Sitrin, kronik yorgunluktan, sa\u011fl\u0131kl\u0131 bir sindirim sisteminin uyar\u0131lmas\u0131na, kan dola\u015f\u0131m\u0131na yard\u0131mc\u0131 olur ve her t\u00fcrl\u00fc cilt tahri\u015fini d\u00fc\u015f\u00fck seviyede tutar. Sitrin ta\u015f\u0131 ayn\u0131 zamanda Sakral\u00a0\u00c7akra ile de ba\u011flant\u0131l\u0131d\u0131r.\u00a0Sakral \u00c7akra; Tutkumuzun, yarat\u0131c\u0131l\u0131\u011f\u0131m\u0131z\u0131n ve samimiyetimizin kas\u0131k kemi\u011fimize yak\u0131n oturdu\u011fu yerdir.\u00a0Sevincimizin kuyusu da buradad\u0131r.\u00a0Sakral \u00c7akran\u0131z bloke olursa, kontrol\u00fcn\u00fcz\u00fc kaybetmi\u015f gibi bunalm\u0131\u015f hissedebilirsiniz ve bu, kopukluk veya duygusal olarak kontrolden \u00e7\u0131kma duygular\u0131na yol a\u00e7abilir. Sitrin ta\u015f\u0131 bu \u00e7akray\u0131 harekete ge\u00e7irirken v\u00fccudunuza bir g\u00fcne\u015f \u0131\u015f\u0131\u011f\u0131 gibi do\u011facakt\u0131r.","og_url":"https:\/\/astrologelvan.com\/magaza\/urun\/hindistan-925-ayar-rose-sitrin-dogal-tas-kolye\/","og_site_name":"Astrolog Elvan","article_modified_time":"2026-03-27T09:14:35+00:00","og_image":[{"width":1600,"height":1600,"url":"https:\/\/astrologelvan.com\/magaza\/wp-content\/uploads\/2024\/02\/1-74.jpg","type":"image\/jpeg"}],"twitter_card":"summary_large_image","twitter_misc":{"Tahmini okuma s\u00fcresi":"2 dakika"},"schema":{"@context":"https:\/\/schema.org","@graph":[{"@type":["WebPage","ItemPage"],"@id":"https:\/\/astrologelvan.com\/magaza\/urun\/hindistan-925-ayar-rose-sitrin-dogal-tas-kolye\/","url":"https:\/\/astrologelvan.com\/magaza\/urun\/hindistan-925-ayar-rose-sitrin-dogal-tas-kolye\/","name":"H\u0130ND\u0130STAN 925 AYAR ROSE S\u0130TR\u0130N DO\u011eAL TA\u015e KOLYE - Astrolog Elvan","isPartOf":{"@id":"https:\/\/astrologelvan.com\/magaza\/#website"},"primaryImageOfPage":{"@id":"https:\/\/astrologelvan.com\/magaza\/urun\/hindistan-925-ayar-rose-sitrin-dogal-tas-kolye\/#primaryimage"},"image":{"@id":"https:\/\/astrologelvan.com\/magaza\/urun\/hindistan-925-ayar-rose-sitrin-dogal-tas-kolye\/#primaryimage"},"thumbnailUrl":"https:\/\/astrologelvan.com\/magaza\/wp-content\/uploads\/2024\/02\/1-74.jpg","datePublished":"2024-02-28T00:06:14+00:00","dateModified":"2026-03-27T09:14:35+00:00","breadcrumb":{"@id":"https:\/\/astrologelvan.com\/magaza\/urun\/hindistan-925-ayar-rose-sitrin-dogal-tas-kolye\/#breadcrumb"},"inLanguage":"tr","potentialAction":[{"@type":"ReadAction","target":["https:\/\/astrologelvan.com\/magaza\/urun\/hindistan-925-ayar-rose-sitrin-dogal-tas-kolye\/"]}]},{"@type":"ImageObject","inLanguage":"tr","@id":"https:\/\/astrologelvan.com\/magaza\/urun\/hindistan-925-ayar-rose-sitrin-dogal-tas-kolye\/#primaryimage","url":"https:\/\/astrologelvan.com\/magaza\/wp-content\/uploads\/2024\/02\/1-74.jpg","contentUrl":"https:\/\/astrologelvan.com\/magaza\/wp-content\/uploads\/2024\/02\/1-74.jpg","width":1600,"height":1600},{"@type":"BreadcrumbList","@id":"https:\/\/astrologelvan.com\/magaza\/urun\/hindistan-925-ayar-rose-sitrin-dogal-tas-kolye\/#breadcrumb","itemListElement":[{"@type":"ListItem","position":1,"name":"Anasayfa","item":"https:\/\/astrologelvan.com\/magaza\/"},{"@type":"ListItem","position":2,"name":"Ma\u011faza","item":"https:\/\/astrologelvan.com\/magaza\/magaza\/"},{"@type":"ListItem","position":3,"name":"H\u0130ND\u0130STAN 925 AYAR ROSE S\u0130TR\u0130N DO\u011eAL TA\u015e KOLYE"}]},{"@type":"WebSite","@id":"https:\/\/astrologelvan.com\/magaza\/#website","url":"https:\/\/astrologelvan.com\/magaza\/","name":"Astrolog Elvan","description":"","potentialAction":[{"@type":"SearchAction","target":{"@type":"EntryPoint","urlTemplate":"https:\/\/astrologelvan.com\/magaza\/?s={search_term_string}"},"query-input":{"@type":"PropertyValueSpecification","valueRequired":true,"valueName":"search_term_string"}}],"inLanguage":"tr"}]}},"_links":{"self":[{"href":"https:\/\/astrologelvan.com\/magaza\/wp-json\/wp\/v2\/product\/974","targetHints":{"allow":["GET"]}}],"collection":[{"href":"https:\/\/astrologelvan.com\/magaza\/wp-json\/wp\/v2\/product"}],"about":[{"href":"https:\/\/astrologelvan.com\/magaza\/wp-json\/wp\/v2\/types\/product"}],"replies":[{"embeddable":true,"href":"https:\/\/astrologelvan.com\/magaza\/wp-json\/wp\/v2\/comments?post=974"}],"wp:featuredmedia":[{"embeddable":true,"href":"https:\/\/astrologelvan.com\/magaza\/wp-json\/wp\/v2\/media\/5632"}],"wp:attachment":[{"href":"https:\/\/astrologelvan.com\/magaza\/wp-json\/wp\/v2\/media?parent=974"}],"wp:term":[{"taxonomy":"product_brand","embeddable":true,"href":"https:\/\/astrologelvan.com\/magaza\/wp-json\/wp\/v2\/product_brand?post=974"},{"taxonomy":"product_cat","embeddable":true,"href":"https:\/\/astrologelvan.com\/magaza\/wp-json\/wp\/v2\/product_cat?post=974"},{"taxonomy":"product_tag","embeddable":true,"href":"https:\/\/astrologelvan.com\/magaza\/wp-json\/wp\/v2\/product_tag?post=974"}],"curies":[{"name":"wp","href":"https:\/\/api.w.org\/{rel}","templated":true}]}}