{"id":958,"date":"2024-02-28T03:05:18","date_gmt":"2024-02-28T00:05:18","guid":{"rendered":"https:\/\/astrologelvan.shop\/?post_type=product&#038;p=958"},"modified":"2026-03-28T11:23:43","modified_gmt":"2026-03-28T08:23:43","slug":"hint-akigi-dogal-tas-kolye","status":"publish","type":"product","link":"https:\/\/astrologelvan.com\/magaza\/urun\/hint-akigi-dogal-tas-kolye\/","title":{"rendered":"H\u0130NT AK\u0130\u011e\u0130 DO\u011eAL TA\u015e KOLYE"},"content":{"rendered":"<p><b>\u00dcr\u00fcn \u00d6zellikleri<\/b><\/p>\n<p><span style=\"font-weight: 400;\">Ta\u015f\u0131n A\u011f\u0131rl\u0131\u011f\u0131:\u00a08 \u2013 9 gr<\/span><\/p>\n<p><span style=\"font-weight: 400;\">Ta\u015f\u0131n boyutu:\u00a040 cm<\/span><\/p>\n<p><span style=\"font-weight: 400;\">\u00a0Deri Zincir Boyutu:\u00a065 cm<\/span><\/p>\n<p><strong>Tak\u0131lar\u0131n\u0131z\u0131n uzun s\u00fcre kullanabilmesi i\u00e7in; Parf\u00fcm, su, s\u0131v\u0131, dezenfektan, krem v.b. gibi maddelerle temas etmemesi, du\u015f-banyo s\u0131ras\u0131nda \u00e7\u0131kart\u0131lmas\u0131 gerekmektedir. Ki\u015finin ter-ten yap\u0131s\u0131na g\u00f6re de etkilenmektedir. Tak\u0131lar\u0131n\u0131z\u0131 kullanmad\u0131\u011f\u0131n\u0131z zamanlarda kesesinde saklaman\u0131z\u0131 \u00f6neririz.<\/strong><\/p>\n<p><strong>Do\u011fal ta\u015flar\u0131n belirli titre\u015fimlere ve frekanslara sahip oldu\u011fu bilinmektedir. Bu nedenle v\u00fccudumuzda ve auram\u0131zda birtak\u0131m iyi etkileri oldu\u011fu s\u00f6ylenmektedir. Ta\u015flar\u0131n \u00f6zelliklerinin bilimsel kesinli\u011fi yoktur. Astrolog Elvan ma\u011fazas\u0131ndaki t\u00fcm ta\u015flar orijinal, ger\u00e7ek do\u011fal ta\u015flard\u0131r. T\u0131bbi konularda doktora dan\u0131\u015fman\u0131z\u0131 tavsiye ederiz. Ta\u015flar\u0131n tedavi edici \u00f6zelli\u011fi yoktur, sadece ki\u015fisel enerjimizi y\u00fckseltmekte ve astrolojik olarak da temsil etti\u011fi gezegenlerin etkilerini artt\u0131rmakta oldu\u011fu kabul edilir. \u00d6rne\u011fin; pembe kuvars ta\u015f\u0131 a\u015fk ve sevgi gezegeni Ven\u00fcs&#8217;\u00fcn ta\u015f\u0131d\u0131r ve bu sebeple \u00fczerinde ta\u015f\u0131yan ki\u015finin a\u015fk ve sevgi frekans\u0131n\u0131 y\u00fckseltti\u011fi bilinir.<\/strong><\/p>\n<p>&nbsp;<\/p>\n","protected":false},"excerpt":{"rendered":"<p>\u00dczerinde ta\u015f\u0131yan ki\u015fiyi tehlikeden korudu\u011funa ve uyumsuzluklar\u0131na son verdi\u011fine inan\u0131lan bir ta\u015ft\u0131r. Korkakl\u0131\u011fa, nazara, karabasana ve uykusuzlu\u011fa iyi geldi\u011fi s\u00f6ylenir metabolizman\u0131n da d\u00fczg\u00fcn \u00e7al\u0131\u015fmas\u0131na faydas\u0131 vard\u0131r. V\u00fccudunuza temas ederek s\u0131cakl\u0131k hissi verir ve rahatlamaya yard\u0131mc\u0131 oldu\u011fu s\u00f6ylenir. V\u00fccutta varsa fazla ve olumsuz enerjiyi bo\u015falt\u0131r b\u00f6ylelikle stresi gidermeye yard\u0131mc\u0131 olur. Kullanan ki\u015fiyi sosyalle\u015ftirdi\u011fi, \u00e7evre ve insanlarla uyum sa\u011flamas\u0131na yard\u0131mc\u0131 oldu\u011fu d\u00fc\u015f\u00fcn\u00fclmektedir. Akik ta\u015f\u0131, varsa korkular\u0131n yenilmesinde ve cesaretin art\u0131r\u0131lmas\u0131nda olumlu y\u00f6nde etkileri vard\u0131r. Kullanan ki\u015fide ak\u0131l ve mant\u0131k g\u00fcc\u00fcn\u00fc geli\u015ftirdi\u011fi s\u00f6ylenir. V\u00fccudu g\u00fc\u00e7lendirdi\u011fi ve lenflerin sirk\u00fclasyonunu rahatlatt\u0131\u011f\u0131 d\u00fc\u015f\u00fcn\u00fclmektedir.<\/p>\n","protected":false},"featured_media":10253,"comment_status":"open","ping_status":"closed","template":"","meta":[],"product_brand":[596],"product_cat":[333,465,26,48,7455],"product_tag":[39,183,63,184],"class_list":{"0":"post-958","1":"product","2":"type-product","3":"status-publish","4":"has-post-thumbnail","6":"product_brand-astrolog-elvan","7":"product_cat-akik-tasi","8":"product_cat-erkek-kolyeler","9":"product_cat-genel","10":"product_cat-kolyeler","11":"product_cat--kolyeler","12":"product_tag-astrolog-elvan","13":"product_tag-dogal-pembe-kuvars-tasi","14":"product_tag-dogal-tas-kolye","15":"product_tag-pembe-kuvars-kolye","17":"first","18":"instock","19":"taxable","20":"shipping-taxable","21":"purchasable","22":"product-type-simple"},"yoast_head":"<!-- This site is optimized with the Yoast SEO plugin v27.3 - https:\/\/yoast.com\/product\/yoast-seo-wordpress\/ -->\n<title>H\u0130NT AK\u0130\u011e\u0130 DO\u011eAL TA\u015e KOLYE - Astrolog Elvan<\/title>\n<meta name=\"robots\" content=\"index, follow, max-snippet:-1, max-image-preview:large, max-video-preview:-1\" \/>\n<link rel=\"canonical\" href=\"https:\/\/astrologelvan.com\/magaza\/urun\/hint-akigi-dogal-tas-kolye\/\" \/>\n<meta property=\"og:locale\" content=\"tr_TR\" \/>\n<meta property=\"og:type\" content=\"article\" \/>\n<meta property=\"og:title\" content=\"H\u0130NT AK\u0130\u011e\u0130 DO\u011eAL TA\u015e KOLYE - Astrolog Elvan\" \/>\n<meta property=\"og:description\" content=\"\u00dczerinde ta\u015f\u0131yan ki\u015fiyi tehlikeden korudu\u011funa ve uyumsuzluklar\u0131na son verdi\u011fine inan\u0131lan bir ta\u015ft\u0131r. Korkakl\u0131\u011fa, nazara, karabasana ve uykusuzlu\u011fa iyi geldi\u011fi s\u00f6ylenir metabolizman\u0131n da d\u00fczg\u00fcn \u00e7al\u0131\u015fmas\u0131na faydas\u0131 vard\u0131r. V\u00fccudunuza temas ederek s\u0131cakl\u0131k hissi verir ve rahatlamaya yard\u0131mc\u0131 oldu\u011fu s\u00f6ylenir. V\u00fccutta varsa fazla ve olumsuz enerjiyi bo\u015falt\u0131r b\u00f6ylelikle stresi gidermeye yard\u0131mc\u0131 olur. Kullanan ki\u015fiyi sosyalle\u015ftirdi\u011fi, \u00e7evre ve insanlarla uyum sa\u011flamas\u0131na yard\u0131mc\u0131 oldu\u011fu d\u00fc\u015f\u00fcn\u00fclmektedir. Akik ta\u015f\u0131, varsa korkular\u0131n yenilmesinde ve cesaretin art\u0131r\u0131lmas\u0131nda olumlu y\u00f6nde etkileri vard\u0131r. Kullanan ki\u015fide ak\u0131l ve mant\u0131k g\u00fcc\u00fcn\u00fc geli\u015ftirdi\u011fi s\u00f6ylenir. V\u00fccudu g\u00fc\u00e7lendirdi\u011fi ve lenflerin sirk\u00fclasyonunu rahatlatt\u0131\u011f\u0131 d\u00fc\u015f\u00fcn\u00fclmektedir.\" \/>\n<meta property=\"og:url\" content=\"https:\/\/astrologelvan.com\/magaza\/urun\/hint-akigi-dogal-tas-kolye\/\" \/>\n<meta property=\"og:site_name\" content=\"Astrolog Elvan\" \/>\n<meta property=\"article:modified_time\" content=\"2026-03-28T08:23:43+00:00\" \/>\n<meta property=\"og:image\" content=\"https:\/\/astrologelvan.com\/magaza\/wp-content\/uploads\/2024\/02\/1-150-scaled.jpg\" \/>\n\t<meta property=\"og:image:width\" content=\"2560\" \/>\n\t<meta property=\"og:image:height\" content=\"2560\" \/>\n\t<meta property=\"og:image:type\" content=\"image\/jpeg\" \/>\n<meta name=\"twitter:card\" content=\"summary_large_image\" \/>\n<meta name=\"twitter:label1\" content=\"Tahmini okuma s\u00fcresi\" \/>\n\t<meta name=\"twitter:data1\" content=\"1 dakika\" \/>\n<script type=\"application\/ld+json\" class=\"yoast-schema-graph\">{\"@context\":\"https:\\\/\\\/schema.org\",\"@graph\":[{\"@type\":[\"WebPage\",\"ItemPage\"],\"@id\":\"https:\\\/\\\/astrologelvan.com\\\/magaza\\\/urun\\\/hint-akigi-dogal-tas-kolye\\\/\",\"url\":\"https:\\\/\\\/astrologelvan.com\\\/magaza\\\/urun\\\/hint-akigi-dogal-tas-kolye\\\/\",\"name\":\"H\u0130NT AK\u0130\u011e\u0130 DO\u011eAL TA\u015e KOLYE - Astrolog Elvan\",\"isPartOf\":{\"@id\":\"https:\\\/\\\/astrologelvan.com\\\/magaza\\\/#website\"},\"primaryImageOfPage\":{\"@id\":\"https:\\\/\\\/astrologelvan.com\\\/magaza\\\/urun\\\/hint-akigi-dogal-tas-kolye\\\/#primaryimage\"},\"image\":{\"@id\":\"https:\\\/\\\/astrologelvan.com\\\/magaza\\\/urun\\\/hint-akigi-dogal-tas-kolye\\\/#primaryimage\"},\"thumbnailUrl\":\"https:\\\/\\\/astrologelvan.com\\\/magaza\\\/wp-content\\\/uploads\\\/2024\\\/02\\\/1-150-scaled.jpg\",\"datePublished\":\"2024-02-28T00:05:18+00:00\",\"dateModified\":\"2026-03-28T08:23:43+00:00\",\"breadcrumb\":{\"@id\":\"https:\\\/\\\/astrologelvan.com\\\/magaza\\\/urun\\\/hint-akigi-dogal-tas-kolye\\\/#breadcrumb\"},\"inLanguage\":\"tr\",\"potentialAction\":[{\"@type\":\"ReadAction\",\"target\":[\"https:\\\/\\\/astrologelvan.com\\\/magaza\\\/urun\\\/hint-akigi-dogal-tas-kolye\\\/\"]}]},{\"@type\":\"ImageObject\",\"inLanguage\":\"tr\",\"@id\":\"https:\\\/\\\/astrologelvan.com\\\/magaza\\\/urun\\\/hint-akigi-dogal-tas-kolye\\\/#primaryimage\",\"url\":\"https:\\\/\\\/astrologelvan.com\\\/magaza\\\/wp-content\\\/uploads\\\/2024\\\/02\\\/1-150-scaled.jpg\",\"contentUrl\":\"https:\\\/\\\/astrologelvan.com\\\/magaza\\\/wp-content\\\/uploads\\\/2024\\\/02\\\/1-150-scaled.jpg\",\"width\":2560,\"height\":2560},{\"@type\":\"BreadcrumbList\",\"@id\":\"https:\\\/\\\/astrologelvan.com\\\/magaza\\\/urun\\\/hint-akigi-dogal-tas-kolye\\\/#breadcrumb\",\"itemListElement\":[{\"@type\":\"ListItem\",\"position\":1,\"name\":\"Anasayfa\",\"item\":\"https:\\\/\\\/astrologelvan.com\\\/magaza\\\/\"},{\"@type\":\"ListItem\",\"position\":2,\"name\":\"Ma\u011faza\",\"item\":\"https:\\\/\\\/astrologelvan.com\\\/magaza\\\/magaza\\\/\"},{\"@type\":\"ListItem\",\"position\":3,\"name\":\"H\u0130NT AK\u0130\u011e\u0130 DO\u011eAL TA\u015e KOLYE\"}]},{\"@type\":\"WebSite\",\"@id\":\"https:\\\/\\\/astrologelvan.com\\\/magaza\\\/#website\",\"url\":\"https:\\\/\\\/astrologelvan.com\\\/magaza\\\/\",\"name\":\"Astrolog Elvan\",\"description\":\"\",\"potentialAction\":[{\"@type\":\"SearchAction\",\"target\":{\"@type\":\"EntryPoint\",\"urlTemplate\":\"https:\\\/\\\/astrologelvan.com\\\/magaza\\\/?s={search_term_string}\"},\"query-input\":{\"@type\":\"PropertyValueSpecification\",\"valueRequired\":true,\"valueName\":\"search_term_string\"}}],\"inLanguage\":\"tr\"}]}<\/script>\n<!-- \/ Yoast SEO plugin. -->","yoast_head_json":{"title":"H\u0130NT AK\u0130\u011e\u0130 DO\u011eAL TA\u015e KOLYE - Astrolog Elvan","robots":{"index":"index","follow":"follow","max-snippet":"max-snippet:-1","max-image-preview":"max-image-preview:large","max-video-preview":"max-video-preview:-1"},"canonical":"https:\/\/astrologelvan.com\/magaza\/urun\/hint-akigi-dogal-tas-kolye\/","og_locale":"tr_TR","og_type":"article","og_title":"H\u0130NT AK\u0130\u011e\u0130 DO\u011eAL TA\u015e KOLYE - Astrolog Elvan","og_description":"\u00dczerinde ta\u015f\u0131yan ki\u015fiyi tehlikeden korudu\u011funa ve uyumsuzluklar\u0131na son verdi\u011fine inan\u0131lan bir ta\u015ft\u0131r. Korkakl\u0131\u011fa, nazara, karabasana ve uykusuzlu\u011fa iyi geldi\u011fi s\u00f6ylenir metabolizman\u0131n da d\u00fczg\u00fcn \u00e7al\u0131\u015fmas\u0131na faydas\u0131 vard\u0131r. V\u00fccudunuza temas ederek s\u0131cakl\u0131k hissi verir ve rahatlamaya yard\u0131mc\u0131 oldu\u011fu s\u00f6ylenir. V\u00fccutta varsa fazla ve olumsuz enerjiyi bo\u015falt\u0131r b\u00f6ylelikle stresi gidermeye yard\u0131mc\u0131 olur. Kullanan ki\u015fiyi sosyalle\u015ftirdi\u011fi, \u00e7evre ve insanlarla uyum sa\u011flamas\u0131na yard\u0131mc\u0131 oldu\u011fu d\u00fc\u015f\u00fcn\u00fclmektedir. Akik ta\u015f\u0131, varsa korkular\u0131n yenilmesinde ve cesaretin art\u0131r\u0131lmas\u0131nda olumlu y\u00f6nde etkileri vard\u0131r. Kullanan ki\u015fide ak\u0131l ve mant\u0131k g\u00fcc\u00fcn\u00fc geli\u015ftirdi\u011fi s\u00f6ylenir. V\u00fccudu g\u00fc\u00e7lendirdi\u011fi ve lenflerin sirk\u00fclasyonunu rahatlatt\u0131\u011f\u0131 d\u00fc\u015f\u00fcn\u00fclmektedir.","og_url":"https:\/\/astrologelvan.com\/magaza\/urun\/hint-akigi-dogal-tas-kolye\/","og_site_name":"Astrolog Elvan","article_modified_time":"2026-03-28T08:23:43+00:00","og_image":[{"width":2560,"height":2560,"url":"https:\/\/astrologelvan.com\/magaza\/wp-content\/uploads\/2024\/02\/1-150-scaled.jpg","type":"image\/jpeg"}],"twitter_card":"summary_large_image","twitter_misc":{"Tahmini okuma s\u00fcresi":"1 dakika"},"schema":{"@context":"https:\/\/schema.org","@graph":[{"@type":["WebPage","ItemPage"],"@id":"https:\/\/astrologelvan.com\/magaza\/urun\/hint-akigi-dogal-tas-kolye\/","url":"https:\/\/astrologelvan.com\/magaza\/urun\/hint-akigi-dogal-tas-kolye\/","name":"H\u0130NT AK\u0130\u011e\u0130 DO\u011eAL TA\u015e KOLYE - Astrolog Elvan","isPartOf":{"@id":"https:\/\/astrologelvan.com\/magaza\/#website"},"primaryImageOfPage":{"@id":"https:\/\/astrologelvan.com\/magaza\/urun\/hint-akigi-dogal-tas-kolye\/#primaryimage"},"image":{"@id":"https:\/\/astrologelvan.com\/magaza\/urun\/hint-akigi-dogal-tas-kolye\/#primaryimage"},"thumbnailUrl":"https:\/\/astrologelvan.com\/magaza\/wp-content\/uploads\/2024\/02\/1-150-scaled.jpg","datePublished":"2024-02-28T00:05:18+00:00","dateModified":"2026-03-28T08:23:43+00:00","breadcrumb":{"@id":"https:\/\/astrologelvan.com\/magaza\/urun\/hint-akigi-dogal-tas-kolye\/#breadcrumb"},"inLanguage":"tr","potentialAction":[{"@type":"ReadAction","target":["https:\/\/astrologelvan.com\/magaza\/urun\/hint-akigi-dogal-tas-kolye\/"]}]},{"@type":"ImageObject","inLanguage":"tr","@id":"https:\/\/astrologelvan.com\/magaza\/urun\/hint-akigi-dogal-tas-kolye\/#primaryimage","url":"https:\/\/astrologelvan.com\/magaza\/wp-content\/uploads\/2024\/02\/1-150-scaled.jpg","contentUrl":"https:\/\/astrologelvan.com\/magaza\/wp-content\/uploads\/2024\/02\/1-150-scaled.jpg","width":2560,"height":2560},{"@type":"BreadcrumbList","@id":"https:\/\/astrologelvan.com\/magaza\/urun\/hint-akigi-dogal-tas-kolye\/#breadcrumb","itemListElement":[{"@type":"ListItem","position":1,"name":"Anasayfa","item":"https:\/\/astrologelvan.com\/magaza\/"},{"@type":"ListItem","position":2,"name":"Ma\u011faza","item":"https:\/\/astrologelvan.com\/magaza\/magaza\/"},{"@type":"ListItem","position":3,"name":"H\u0130NT AK\u0130\u011e\u0130 DO\u011eAL TA\u015e KOLYE"}]},{"@type":"WebSite","@id":"https:\/\/astrologelvan.com\/magaza\/#website","url":"https:\/\/astrologelvan.com\/magaza\/","name":"Astrolog Elvan","description":"","potentialAction":[{"@type":"SearchAction","target":{"@type":"EntryPoint","urlTemplate":"https:\/\/astrologelvan.com\/magaza\/?s={search_term_string}"},"query-input":{"@type":"PropertyValueSpecification","valueRequired":true,"valueName":"search_term_string"}}],"inLanguage":"tr"}]}},"_links":{"self":[{"href":"https:\/\/astrologelvan.com\/magaza\/wp-json\/wp\/v2\/product\/958","targetHints":{"allow":["GET"]}}],"collection":[{"href":"https:\/\/astrologelvan.com\/magaza\/wp-json\/wp\/v2\/product"}],"about":[{"href":"https:\/\/astrologelvan.com\/magaza\/wp-json\/wp\/v2\/types\/product"}],"replies":[{"embeddable":true,"href":"https:\/\/astrologelvan.com\/magaza\/wp-json\/wp\/v2\/comments?post=958"}],"wp:featuredmedia":[{"embeddable":true,"href":"https:\/\/astrologelvan.com\/magaza\/wp-json\/wp\/v2\/media\/10253"}],"wp:attachment":[{"href":"https:\/\/astrologelvan.com\/magaza\/wp-json\/wp\/v2\/media?parent=958"}],"wp:term":[{"taxonomy":"product_brand","embeddable":true,"href":"https:\/\/astrologelvan.com\/magaza\/wp-json\/wp\/v2\/product_brand?post=958"},{"taxonomy":"product_cat","embeddable":true,"href":"https:\/\/astrologelvan.com\/magaza\/wp-json\/wp\/v2\/product_cat?post=958"},{"taxonomy":"product_tag","embeddable":true,"href":"https:\/\/astrologelvan.com\/magaza\/wp-json\/wp\/v2\/product_tag?post=958"}],"curies":[{"name":"wp","href":"https:\/\/api.w.org\/{rel}","templated":true}]}}