{"id":89523,"date":"2025-07-22T14:03:12","date_gmt":"2025-07-22T11:03:12","guid":{"rendered":"https:\/\/astrologelvan.com\/magaza\/?post_type=product&#038;p=89523"},"modified":"2026-04-01T13:00:04","modified_gmt":"2026-04-01T10:00:04","slug":"kubera-paspas","status":"publish","type":"product","link":"https:\/\/astrologelvan.com\/magaza\/urun\/kubera-paspas\/","title":{"rendered":"\u2728 KUBERA PASPAS"},"content":{"rendered":"","protected":false},"excerpt":{"rendered":"<p><strong>\u2728 Kubera Paspas ile evine servet enerjisini \u00e7a\u011f\u0131r!<\/strong><\/p>\n<p>Kubera\u2019n\u0131n \u00fczerindeki mucize say\u0131lar, her a\u00e7\u0131dan 72\u2019ye tamamlan\u0131r \u00e7\u00fcnk\u00fc 72 karmada hakedi\u015f ve \u00f6d\u00fcl say\u0131s\u0131d\u0131r. Peki sen evrenden \u00f6d\u00fcllerini almaya haz\u0131r m\u0131s\u0131n?<br \/>\nSadece kap\u0131n\u0131n \u00f6n\u00fcne serilen bir paspas de\u011fil; bilin\u00e7alt\u0131na bolluk kodlayan bir sembol bu.<\/p>\n<p>\ud83e\ude99 Hint mitolojisinin zenginlik mantras\u0131 Kubera\u2019n\u0131n g\u00fcc\u00fc;<br \/>\n\ud83c\udf3f Coco hindistan cevizi lifi g\u00f6r\u00fcn\u00fcm\u00fcyle y\u00fcksek niyetle haz\u0131rland\u0131<br \/>\n\ud83d\udeaa Kap\u0131na ser, bollu\u011fu evine, ofisine davet et<\/p>\n<p>Kubera paspas, her ad\u0131mda sana hat\u0131rlat\u0131r:<br \/>\n<span style=\"color: #9134b0\">\u201cBolluk senin do\u011fanda var. Sen sadece kap\u0131y\u0131 a\u00e7\u201d<\/span><\/p>\n<p><span style=\"color: #ff0000\"><strong><span style=\"color: #282828\">\ud83e\uddff Her biri niyetle ve \u00f6zenle tasarland\u0131<\/span><\/strong><br \/>\n<strong>\ud83d\udce6 S\u0131n\u0131rl\u0131 Say\u0131da \u00dcretim<\/strong><\/span><\/p>\n","protected":false},"featured_media":89525,"comment_status":"open","ping_status":"closed","template":"","meta":[],"product_brand":[596],"product_cat":[503,663],"product_tag":[395,2111],"class_list":{"0":"post-89523","1":"product","2":"type-product","3":"status-publish","4":"has-post-thumbnail","6":"product_brand-astrolog-elvan","7":"product_cat-kubera","8":"product_cat-paspas","9":"product_tag-kubera","10":"product_tag-paspas","11":"product_shipping_class-paspas","13":"first","14":"instock","15":"taxable","16":"shipping-taxable","17":"purchasable","18":"product-type-simple"},"yoast_head":"<!-- This site is optimized with the Yoast SEO plugin v27.2 - https:\/\/yoast.com\/product\/yoast-seo-wordpress\/ -->\n<title>\u2728 KUBERA PASPAS - Astrolog Elvan<\/title>\n<meta name=\"robots\" content=\"index, follow, max-snippet:-1, max-image-preview:large, max-video-preview:-1\" \/>\n<link rel=\"canonical\" href=\"https:\/\/astrologelvan.com\/magaza\/urun\/kubera-paspas\/\" \/>\n<meta property=\"og:locale\" content=\"tr_TR\" \/>\n<meta property=\"og:type\" content=\"article\" \/>\n<meta property=\"og:title\" content=\"\u2728 KUBERA PASPAS - Astrolog Elvan\" \/>\n<meta property=\"og:description\" content=\"\u2728 Kubera Paspas ile evine servet enerjisini \u00e7a\u011f\u0131r!  Kubera\u2019n\u0131n \u00fczerindeki mucize say\u0131lar, her a\u00e7\u0131dan 72\u2019ye tamamlan\u0131r \u00e7\u00fcnk\u00fc 72 karmada hakedi\u015f ve \u00f6d\u00fcl say\u0131s\u0131d\u0131r. Peki sen evrenden \u00f6d\u00fcllerini almaya haz\u0131r m\u0131s\u0131n? Sadece kap\u0131n\u0131n \u00f6n\u00fcne serilen bir paspas de\u011fil; bilin\u00e7alt\u0131na bolluk kodlayan bir sembol bu.  \ud83e\ude99 Hint mitolojisinin zenginlik mantras\u0131 Kubera\u2019n\u0131n g\u00fcc\u00fc; \ud83c\udf3f Coco hindistan cevizi lifi g\u00f6r\u00fcn\u00fcm\u00fcyle y\u00fcksek niyetle haz\u0131rland\u0131 \ud83d\udeaa Kap\u0131na ser, bollu\u011fu evine, ofisine davet et  Kubera paspas, her ad\u0131mda sana hat\u0131rlat\u0131r: \u201cBolluk senin do\u011fanda var. Sen sadece kap\u0131y\u0131 a\u00e7\u201d  \ud83e\uddff Her biri niyetle ve \u00f6zenle tasarland\u0131 \ud83d\udce6 S\u0131n\u0131rl\u0131 Say\u0131da \u00dcretim\" \/>\n<meta property=\"og:url\" content=\"https:\/\/astrologelvan.com\/magaza\/urun\/kubera-paspas\/\" \/>\n<meta property=\"og:site_name\" content=\"Astrolog Elvan\" \/>\n<meta property=\"article:modified_time\" content=\"2026-04-01T10:00:04+00:00\" \/>\n<meta property=\"og:image\" content=\"https:\/\/astrologelvan.com\/magaza\/wp-content\/uploads\/2025\/07\/SNG00147-scaled.jpg\" \/>\n\t<meta property=\"og:image:width\" content=\"1778\" \/>\n\t<meta property=\"og:image:height\" content=\"2560\" \/>\n\t<meta property=\"og:image:type\" content=\"image\/jpeg\" \/>\n<meta name=\"twitter:card\" content=\"summary_large_image\" \/>\n<meta name=\"twitter:label1\" content=\"Tahmini okuma s\u00fcresi\" \/>\n\t<meta name=\"twitter:data1\" content=\"1 dakika\" \/>\n<script type=\"application\/ld+json\" class=\"yoast-schema-graph\">{\"@context\":\"https:\/\/schema.org\",\"@graph\":[{\"@type\":[\"WebPage\",\"ItemPage\"],\"@id\":\"https:\/\/astrologelvan.com\/magaza\/urun\/kubera-paspas\/\",\"url\":\"https:\/\/astrologelvan.com\/magaza\/urun\/kubera-paspas\/\",\"name\":\"\u2728 KUBERA PASPAS - Astrolog Elvan\",\"isPartOf\":{\"@id\":\"https:\/\/astrologelvan.com\/magaza\/#website\"},\"primaryImageOfPage\":{\"@id\":\"https:\/\/astrologelvan.com\/magaza\/urun\/kubera-paspas\/#primaryimage\"},\"image\":{\"@id\":\"https:\/\/astrologelvan.com\/magaza\/urun\/kubera-paspas\/#primaryimage\"},\"thumbnailUrl\":\"https:\/\/astrologelvan.com\/magaza\/wp-content\/uploads\/2025\/07\/SNG00147-scaled.jpg\",\"datePublished\":\"2025-07-22T11:03:12+00:00\",\"dateModified\":\"2026-04-01T10:00:04+00:00\",\"breadcrumb\":{\"@id\":\"https:\/\/astrologelvan.com\/magaza\/urun\/kubera-paspas\/#breadcrumb\"},\"inLanguage\":\"tr\",\"potentialAction\":[{\"@type\":\"ReadAction\",\"target\":[\"https:\/\/astrologelvan.com\/magaza\/urun\/kubera-paspas\/\"]}]},{\"@type\":\"ImageObject\",\"inLanguage\":\"tr\",\"@id\":\"https:\/\/astrologelvan.com\/magaza\/urun\/kubera-paspas\/#primaryimage\",\"url\":\"https:\/\/astrologelvan.com\/magaza\/wp-content\/uploads\/2025\/07\/SNG00147-scaled.jpg\",\"contentUrl\":\"https:\/\/astrologelvan.com\/magaza\/wp-content\/uploads\/2025\/07\/SNG00147-scaled.jpg\",\"width\":1778,\"height\":2560},{\"@type\":\"BreadcrumbList\",\"@id\":\"https:\/\/astrologelvan.com\/magaza\/urun\/kubera-paspas\/#breadcrumb\",\"itemListElement\":[{\"@type\":\"ListItem\",\"position\":1,\"name\":\"Anasayfa\",\"item\":\"https:\/\/astrologelvan.com\/magaza\/\"},{\"@type\":\"ListItem\",\"position\":2,\"name\":\"Ma\u011faza\",\"item\":\"https:\/\/astrologelvan.com\/magaza\/magaza\/\"},{\"@type\":\"ListItem\",\"position\":3,\"name\":\"\u2728 KUBERA PASPAS\"}]},{\"@type\":\"WebSite\",\"@id\":\"https:\/\/astrologelvan.com\/magaza\/#website\",\"url\":\"https:\/\/astrologelvan.com\/magaza\/\",\"name\":\"Astrolog Elvan\",\"description\":\"\",\"potentialAction\":[{\"@type\":\"SearchAction\",\"target\":{\"@type\":\"EntryPoint\",\"urlTemplate\":\"https:\/\/astrologelvan.com\/magaza\/?s={search_term_string}\"},\"query-input\":{\"@type\":\"PropertyValueSpecification\",\"valueRequired\":true,\"valueName\":\"search_term_string\"}}],\"inLanguage\":\"tr\"}]}<\/script>\n<!-- \/ Yoast SEO plugin. -->","yoast_head_json":{"title":"\u2728 KUBERA PASPAS - Astrolog Elvan","robots":{"index":"index","follow":"follow","max-snippet":"max-snippet:-1","max-image-preview":"max-image-preview:large","max-video-preview":"max-video-preview:-1"},"canonical":"https:\/\/astrologelvan.com\/magaza\/urun\/kubera-paspas\/","og_locale":"tr_TR","og_type":"article","og_title":"\u2728 KUBERA PASPAS - Astrolog Elvan","og_description":"\u2728 Kubera Paspas ile evine servet enerjisini \u00e7a\u011f\u0131r!  Kubera\u2019n\u0131n \u00fczerindeki mucize say\u0131lar, her a\u00e7\u0131dan 72\u2019ye tamamlan\u0131r \u00e7\u00fcnk\u00fc 72 karmada hakedi\u015f ve \u00f6d\u00fcl say\u0131s\u0131d\u0131r. Peki sen evrenden \u00f6d\u00fcllerini almaya haz\u0131r m\u0131s\u0131n? Sadece kap\u0131n\u0131n \u00f6n\u00fcne serilen bir paspas de\u011fil; bilin\u00e7alt\u0131na bolluk kodlayan bir sembol bu.  \ud83e\ude99 Hint mitolojisinin zenginlik mantras\u0131 Kubera\u2019n\u0131n g\u00fcc\u00fc; \ud83c\udf3f Coco hindistan cevizi lifi g\u00f6r\u00fcn\u00fcm\u00fcyle y\u00fcksek niyetle haz\u0131rland\u0131 \ud83d\udeaa Kap\u0131na ser, bollu\u011fu evine, ofisine davet et  Kubera paspas, her ad\u0131mda sana hat\u0131rlat\u0131r: \u201cBolluk senin do\u011fanda var. Sen sadece kap\u0131y\u0131 a\u00e7\u201d  \ud83e\uddff Her biri niyetle ve \u00f6zenle tasarland\u0131 \ud83d\udce6 S\u0131n\u0131rl\u0131 Say\u0131da \u00dcretim","og_url":"https:\/\/astrologelvan.com\/magaza\/urun\/kubera-paspas\/","og_site_name":"Astrolog Elvan","article_modified_time":"2026-04-01T10:00:04+00:00","og_image":[{"width":1778,"height":2560,"url":"https:\/\/astrologelvan.com\/magaza\/wp-content\/uploads\/2025\/07\/SNG00147-scaled.jpg","type":"image\/jpeg"}],"twitter_card":"summary_large_image","twitter_misc":{"Tahmini okuma s\u00fcresi":"1 dakika"},"schema":{"@context":"https:\/\/schema.org","@graph":[{"@type":["WebPage","ItemPage"],"@id":"https:\/\/astrologelvan.com\/magaza\/urun\/kubera-paspas\/","url":"https:\/\/astrologelvan.com\/magaza\/urun\/kubera-paspas\/","name":"\u2728 KUBERA PASPAS - Astrolog Elvan","isPartOf":{"@id":"https:\/\/astrologelvan.com\/magaza\/#website"},"primaryImageOfPage":{"@id":"https:\/\/astrologelvan.com\/magaza\/urun\/kubera-paspas\/#primaryimage"},"image":{"@id":"https:\/\/astrologelvan.com\/magaza\/urun\/kubera-paspas\/#primaryimage"},"thumbnailUrl":"https:\/\/astrologelvan.com\/magaza\/wp-content\/uploads\/2025\/07\/SNG00147-scaled.jpg","datePublished":"2025-07-22T11:03:12+00:00","dateModified":"2026-04-01T10:00:04+00:00","breadcrumb":{"@id":"https:\/\/astrologelvan.com\/magaza\/urun\/kubera-paspas\/#breadcrumb"},"inLanguage":"tr","potentialAction":[{"@type":"ReadAction","target":["https:\/\/astrologelvan.com\/magaza\/urun\/kubera-paspas\/"]}]},{"@type":"ImageObject","inLanguage":"tr","@id":"https:\/\/astrologelvan.com\/magaza\/urun\/kubera-paspas\/#primaryimage","url":"https:\/\/astrologelvan.com\/magaza\/wp-content\/uploads\/2025\/07\/SNG00147-scaled.jpg","contentUrl":"https:\/\/astrologelvan.com\/magaza\/wp-content\/uploads\/2025\/07\/SNG00147-scaled.jpg","width":1778,"height":2560},{"@type":"BreadcrumbList","@id":"https:\/\/astrologelvan.com\/magaza\/urun\/kubera-paspas\/#breadcrumb","itemListElement":[{"@type":"ListItem","position":1,"name":"Anasayfa","item":"https:\/\/astrologelvan.com\/magaza\/"},{"@type":"ListItem","position":2,"name":"Ma\u011faza","item":"https:\/\/astrologelvan.com\/magaza\/magaza\/"},{"@type":"ListItem","position":3,"name":"\u2728 KUBERA PASPAS"}]},{"@type":"WebSite","@id":"https:\/\/astrologelvan.com\/magaza\/#website","url":"https:\/\/astrologelvan.com\/magaza\/","name":"Astrolog Elvan","description":"","potentialAction":[{"@type":"SearchAction","target":{"@type":"EntryPoint","urlTemplate":"https:\/\/astrologelvan.com\/magaza\/?s={search_term_string}"},"query-input":{"@type":"PropertyValueSpecification","valueRequired":true,"valueName":"search_term_string"}}],"inLanguage":"tr"}]}},"_links":{"self":[{"href":"https:\/\/astrologelvan.com\/magaza\/wp-json\/wp\/v2\/product\/89523","targetHints":{"allow":["GET"]}}],"collection":[{"href":"https:\/\/astrologelvan.com\/magaza\/wp-json\/wp\/v2\/product"}],"about":[{"href":"https:\/\/astrologelvan.com\/magaza\/wp-json\/wp\/v2\/types\/product"}],"replies":[{"embeddable":true,"href":"https:\/\/astrologelvan.com\/magaza\/wp-json\/wp\/v2\/comments?post=89523"}],"wp:featuredmedia":[{"embeddable":true,"href":"https:\/\/astrologelvan.com\/magaza\/wp-json\/wp\/v2\/media\/89525"}],"wp:attachment":[{"href":"https:\/\/astrologelvan.com\/magaza\/wp-json\/wp\/v2\/media?parent=89523"}],"wp:term":[{"taxonomy":"product_brand","embeddable":true,"href":"https:\/\/astrologelvan.com\/magaza\/wp-json\/wp\/v2\/product_brand?post=89523"},{"taxonomy":"product_cat","embeddable":true,"href":"https:\/\/astrologelvan.com\/magaza\/wp-json\/wp\/v2\/product_cat?post=89523"},{"taxonomy":"product_tag","embeddable":true,"href":"https:\/\/astrologelvan.com\/magaza\/wp-json\/wp\/v2\/product_tag?post=89523"}],"curies":[{"name":"wp","href":"https:\/\/api.w.org\/{rel}","templated":true}]}}