{"id":8866,"date":"2024-05-06T15:31:21","date_gmt":"2024-05-06T12:31:21","guid":{"rendered":"https:\/\/astrologelvan.com\/magaza\/?post_type=product&#038;p=8866"},"modified":"2025-10-06T08:15:15","modified_gmt":"2025-10-06T05:15:15","slug":"yesim-tasi-yuz-masaj-rulosu","status":"publish","type":"product","link":"https:\/\/astrologelvan.com\/magaza\/urun\/yesim-tasi-yuz-masaj-rulosu\/","title":{"rendered":"YE\u015e\u0130M TA\u015eI Y\u00dcZ MASAJ RULOSU"},"content":{"rendered":"","protected":false},"excerpt":{"rendered":"<p><strong>YE\u015e\u0130M TA\u015eI Y\u00dcZ MASAJ ALET\u0130<\/strong><\/p>\n<p>Ye\u015fim ta\u015f\u0131n\u0131n bir\u00e7ok sa\u011fl\u0131k sorununa iyi geldi\u011fi d\u00fc\u015f\u00fcn\u00fclmektedir.<\/p>\n<p>Cildin p\u00fcr\u00fczs\u00fcz olmas\u0131n\u0131 ve parlak g\u00f6r\u00fcnmesini sa\u011fl\u0131yor. Ye\u015fim ta\u015f\u0131, so\u011fuk uyguland\u0131\u011f\u0131nda k\u0131lcal damarlar\u0131 k\u00fc\u00e7\u00fclterek, g\u00f6zalt\u0131 morluklar\u0131n\u0131 azalt\u0131r ve kan dola\u015f\u0131m\u0131n\u0131 h\u0131zland\u0131r\u0131r.<\/p>\n<p>Y\u00fcz\u00fcn\u00fcze uygulad\u0131\u011f\u0131n\u0131z kremlerden sonra ye\u015fim ta\u015f\u0131 ile masaj yapmak, kremlerin h\u0131zl\u0131 etki g\u00f6stermesini ve daha \u00e7abuk emilmesini sa\u011fl\u0131yor.<\/p>\n<p>Cilt \u00fczerinde k\u0131r\u0131\u015f\u0131kl\u0131k olan b\u00f6lgelere masaj yap\u0131ld\u0131\u011f\u0131nda ise gerginli\u011fi alarak \u00e7izgilerin zamanla kaybolmas\u0131na neden oluyor.<\/p>\n","protected":false},"featured_media":8867,"comment_status":"open","ping_status":"closed","template":"","meta":[],"product_brand":[],"product_cat":[518,26,384],"product_tag":[],"class_list":{"0":"post-8866","1":"product","2":"type-product","3":"status-publish","4":"has-post-thumbnail","6":"product_cat-bakim-urunleri","7":"product_cat-genel","8":"product_cat-yesim-tasi","10":"first","11":"outofstock","12":"taxable","13":"shipping-taxable","14":"purchasable","15":"product-type-simple"},"yoast_head":"<!-- This site is optimized with the Yoast SEO plugin v27.3 - https:\/\/yoast.com\/product\/yoast-seo-wordpress\/ -->\n<title>YE\u015e\u0130M TA\u015eI Y\u00dcZ MASAJ RULOSU - Astrolog Elvan<\/title>\n<meta name=\"robots\" content=\"index, follow, max-snippet:-1, max-image-preview:large, max-video-preview:-1\" \/>\n<link rel=\"canonical\" href=\"https:\/\/astrologelvan.com\/magaza\/urun\/yesim-tasi-yuz-masaj-rulosu\/\" \/>\n<meta property=\"og:locale\" content=\"tr_TR\" \/>\n<meta property=\"og:type\" content=\"article\" \/>\n<meta property=\"og:title\" content=\"YE\u015e\u0130M TA\u015eI Y\u00dcZ MASAJ RULOSU - Astrolog Elvan\" \/>\n<meta property=\"og:description\" content=\"YE\u015e\u0130M TA\u015eI Y\u00dcZ MASAJ ALET\u0130  Ye\u015fim ta\u015f\u0131n\u0131n bir\u00e7ok sa\u011fl\u0131k sorununa iyi geldi\u011fi d\u00fc\u015f\u00fcn\u00fclmektedir.  Cildin p\u00fcr\u00fczs\u00fcz olmas\u0131n\u0131 ve parlak g\u00f6r\u00fcnmesini sa\u011fl\u0131yor. Ye\u015fim ta\u015f\u0131, so\u011fuk uyguland\u0131\u011f\u0131nda k\u0131lcal damarlar\u0131 k\u00fc\u00e7\u00fclterek, g\u00f6zalt\u0131 morluklar\u0131n\u0131 azalt\u0131r ve kan dola\u015f\u0131m\u0131n\u0131 h\u0131zland\u0131r\u0131r.  Y\u00fcz\u00fcn\u00fcze uygulad\u0131\u011f\u0131n\u0131z kremlerden sonra ye\u015fim ta\u015f\u0131 ile masaj yapmak, kremlerin h\u0131zl\u0131 etki g\u00f6stermesini ve daha \u00e7abuk emilmesini sa\u011fl\u0131yor.  Cilt \u00fczerinde k\u0131r\u0131\u015f\u0131kl\u0131k olan b\u00f6lgelere masaj yap\u0131ld\u0131\u011f\u0131nda ise gerginli\u011fi alarak \u00e7izgilerin zamanla kaybolmas\u0131na neden oluyor.\" \/>\n<meta property=\"og:url\" content=\"https:\/\/astrologelvan.com\/magaza\/urun\/yesim-tasi-yuz-masaj-rulosu\/\" \/>\n<meta property=\"og:site_name\" content=\"Astrolog Elvan\" \/>\n<meta property=\"article:modified_time\" content=\"2025-10-06T05:15:15+00:00\" \/>\n<meta property=\"og:image\" content=\"https:\/\/astrologelvan.com\/magaza\/wp-content\/uploads\/2024\/05\/1-8-scaled.jpg\" \/>\n\t<meta property=\"og:image:width\" content=\"2560\" \/>\n\t<meta property=\"og:image:height\" content=\"2560\" \/>\n\t<meta property=\"og:image:type\" content=\"image\/jpeg\" \/>\n<meta name=\"twitter:card\" content=\"summary_large_image\" \/>\n<meta name=\"twitter:label1\" content=\"Tahmini okuma s\u00fcresi\" \/>\n\t<meta name=\"twitter:data1\" content=\"1 dakika\" \/>\n<script type=\"application\/ld+json\" class=\"yoast-schema-graph\">{\"@context\":\"https:\\\/\\\/schema.org\",\"@graph\":[{\"@type\":[\"WebPage\",\"ItemPage\"],\"@id\":\"https:\\\/\\\/astrologelvan.com\\\/magaza\\\/urun\\\/yesim-tasi-yuz-masaj-rulosu\\\/\",\"url\":\"https:\\\/\\\/astrologelvan.com\\\/magaza\\\/urun\\\/yesim-tasi-yuz-masaj-rulosu\\\/\",\"name\":\"YE\u015e\u0130M TA\u015eI Y\u00dcZ MASAJ RULOSU - Astrolog Elvan\",\"isPartOf\":{\"@id\":\"https:\\\/\\\/astrologelvan.com\\\/magaza\\\/#website\"},\"primaryImageOfPage\":{\"@id\":\"https:\\\/\\\/astrologelvan.com\\\/magaza\\\/urun\\\/yesim-tasi-yuz-masaj-rulosu\\\/#primaryimage\"},\"image\":{\"@id\":\"https:\\\/\\\/astrologelvan.com\\\/magaza\\\/urun\\\/yesim-tasi-yuz-masaj-rulosu\\\/#primaryimage\"},\"thumbnailUrl\":\"https:\\\/\\\/astrologelvan.com\\\/magaza\\\/wp-content\\\/uploads\\\/2024\\\/05\\\/1-8-scaled.jpg\",\"datePublished\":\"2024-05-06T12:31:21+00:00\",\"dateModified\":\"2025-10-06T05:15:15+00:00\",\"breadcrumb\":{\"@id\":\"https:\\\/\\\/astrologelvan.com\\\/magaza\\\/urun\\\/yesim-tasi-yuz-masaj-rulosu\\\/#breadcrumb\"},\"inLanguage\":\"tr\",\"potentialAction\":[{\"@type\":\"ReadAction\",\"target\":[\"https:\\\/\\\/astrologelvan.com\\\/magaza\\\/urun\\\/yesim-tasi-yuz-masaj-rulosu\\\/\"]}]},{\"@type\":\"ImageObject\",\"inLanguage\":\"tr\",\"@id\":\"https:\\\/\\\/astrologelvan.com\\\/magaza\\\/urun\\\/yesim-tasi-yuz-masaj-rulosu\\\/#primaryimage\",\"url\":\"https:\\\/\\\/astrologelvan.com\\\/magaza\\\/wp-content\\\/uploads\\\/2024\\\/05\\\/1-8-scaled.jpg\",\"contentUrl\":\"https:\\\/\\\/astrologelvan.com\\\/magaza\\\/wp-content\\\/uploads\\\/2024\\\/05\\\/1-8-scaled.jpg\",\"width\":2560,\"height\":2560},{\"@type\":\"BreadcrumbList\",\"@id\":\"https:\\\/\\\/astrologelvan.com\\\/magaza\\\/urun\\\/yesim-tasi-yuz-masaj-rulosu\\\/#breadcrumb\",\"itemListElement\":[{\"@type\":\"ListItem\",\"position\":1,\"name\":\"Anasayfa\",\"item\":\"https:\\\/\\\/astrologelvan.com\\\/magaza\\\/\"},{\"@type\":\"ListItem\",\"position\":2,\"name\":\"Ma\u011faza\",\"item\":\"https:\\\/\\\/astrologelvan.com\\\/magaza\\\/magaza\\\/\"},{\"@type\":\"ListItem\",\"position\":3,\"name\":\"YE\u015e\u0130M TA\u015eI Y\u00dcZ MASAJ RULOSU\"}]},{\"@type\":\"WebSite\",\"@id\":\"https:\\\/\\\/astrologelvan.com\\\/magaza\\\/#website\",\"url\":\"https:\\\/\\\/astrologelvan.com\\\/magaza\\\/\",\"name\":\"Astrolog Elvan\",\"description\":\"\",\"potentialAction\":[{\"@type\":\"SearchAction\",\"target\":{\"@type\":\"EntryPoint\",\"urlTemplate\":\"https:\\\/\\\/astrologelvan.com\\\/magaza\\\/?s={search_term_string}\"},\"query-input\":{\"@type\":\"PropertyValueSpecification\",\"valueRequired\":true,\"valueName\":\"search_term_string\"}}],\"inLanguage\":\"tr\"}]}<\/script>\n<!-- \/ Yoast SEO plugin. -->","yoast_head_json":{"title":"YE\u015e\u0130M TA\u015eI Y\u00dcZ MASAJ RULOSU - Astrolog Elvan","robots":{"index":"index","follow":"follow","max-snippet":"max-snippet:-1","max-image-preview":"max-image-preview:large","max-video-preview":"max-video-preview:-1"},"canonical":"https:\/\/astrologelvan.com\/magaza\/urun\/yesim-tasi-yuz-masaj-rulosu\/","og_locale":"tr_TR","og_type":"article","og_title":"YE\u015e\u0130M TA\u015eI Y\u00dcZ MASAJ RULOSU - Astrolog Elvan","og_description":"YE\u015e\u0130M TA\u015eI Y\u00dcZ MASAJ ALET\u0130  Ye\u015fim ta\u015f\u0131n\u0131n bir\u00e7ok sa\u011fl\u0131k sorununa iyi geldi\u011fi d\u00fc\u015f\u00fcn\u00fclmektedir.  Cildin p\u00fcr\u00fczs\u00fcz olmas\u0131n\u0131 ve parlak g\u00f6r\u00fcnmesini sa\u011fl\u0131yor. Ye\u015fim ta\u015f\u0131, so\u011fuk uyguland\u0131\u011f\u0131nda k\u0131lcal damarlar\u0131 k\u00fc\u00e7\u00fclterek, g\u00f6zalt\u0131 morluklar\u0131n\u0131 azalt\u0131r ve kan dola\u015f\u0131m\u0131n\u0131 h\u0131zland\u0131r\u0131r.  Y\u00fcz\u00fcn\u00fcze uygulad\u0131\u011f\u0131n\u0131z kremlerden sonra ye\u015fim ta\u015f\u0131 ile masaj yapmak, kremlerin h\u0131zl\u0131 etki g\u00f6stermesini ve daha \u00e7abuk emilmesini sa\u011fl\u0131yor.  Cilt \u00fczerinde k\u0131r\u0131\u015f\u0131kl\u0131k olan b\u00f6lgelere masaj yap\u0131ld\u0131\u011f\u0131nda ise gerginli\u011fi alarak \u00e7izgilerin zamanla kaybolmas\u0131na neden oluyor.","og_url":"https:\/\/astrologelvan.com\/magaza\/urun\/yesim-tasi-yuz-masaj-rulosu\/","og_site_name":"Astrolog Elvan","article_modified_time":"2025-10-06T05:15:15+00:00","og_image":[{"width":2560,"height":2560,"url":"https:\/\/astrologelvan.com\/magaza\/wp-content\/uploads\/2024\/05\/1-8-scaled.jpg","type":"image\/jpeg"}],"twitter_card":"summary_large_image","twitter_misc":{"Tahmini okuma s\u00fcresi":"1 dakika"},"schema":{"@context":"https:\/\/schema.org","@graph":[{"@type":["WebPage","ItemPage"],"@id":"https:\/\/astrologelvan.com\/magaza\/urun\/yesim-tasi-yuz-masaj-rulosu\/","url":"https:\/\/astrologelvan.com\/magaza\/urun\/yesim-tasi-yuz-masaj-rulosu\/","name":"YE\u015e\u0130M TA\u015eI Y\u00dcZ MASAJ RULOSU - Astrolog Elvan","isPartOf":{"@id":"https:\/\/astrologelvan.com\/magaza\/#website"},"primaryImageOfPage":{"@id":"https:\/\/astrologelvan.com\/magaza\/urun\/yesim-tasi-yuz-masaj-rulosu\/#primaryimage"},"image":{"@id":"https:\/\/astrologelvan.com\/magaza\/urun\/yesim-tasi-yuz-masaj-rulosu\/#primaryimage"},"thumbnailUrl":"https:\/\/astrologelvan.com\/magaza\/wp-content\/uploads\/2024\/05\/1-8-scaled.jpg","datePublished":"2024-05-06T12:31:21+00:00","dateModified":"2025-10-06T05:15:15+00:00","breadcrumb":{"@id":"https:\/\/astrologelvan.com\/magaza\/urun\/yesim-tasi-yuz-masaj-rulosu\/#breadcrumb"},"inLanguage":"tr","potentialAction":[{"@type":"ReadAction","target":["https:\/\/astrologelvan.com\/magaza\/urun\/yesim-tasi-yuz-masaj-rulosu\/"]}]},{"@type":"ImageObject","inLanguage":"tr","@id":"https:\/\/astrologelvan.com\/magaza\/urun\/yesim-tasi-yuz-masaj-rulosu\/#primaryimage","url":"https:\/\/astrologelvan.com\/magaza\/wp-content\/uploads\/2024\/05\/1-8-scaled.jpg","contentUrl":"https:\/\/astrologelvan.com\/magaza\/wp-content\/uploads\/2024\/05\/1-8-scaled.jpg","width":2560,"height":2560},{"@type":"BreadcrumbList","@id":"https:\/\/astrologelvan.com\/magaza\/urun\/yesim-tasi-yuz-masaj-rulosu\/#breadcrumb","itemListElement":[{"@type":"ListItem","position":1,"name":"Anasayfa","item":"https:\/\/astrologelvan.com\/magaza\/"},{"@type":"ListItem","position":2,"name":"Ma\u011faza","item":"https:\/\/astrologelvan.com\/magaza\/magaza\/"},{"@type":"ListItem","position":3,"name":"YE\u015e\u0130M TA\u015eI Y\u00dcZ MASAJ RULOSU"}]},{"@type":"WebSite","@id":"https:\/\/astrologelvan.com\/magaza\/#website","url":"https:\/\/astrologelvan.com\/magaza\/","name":"Astrolog Elvan","description":"","potentialAction":[{"@type":"SearchAction","target":{"@type":"EntryPoint","urlTemplate":"https:\/\/astrologelvan.com\/magaza\/?s={search_term_string}"},"query-input":{"@type":"PropertyValueSpecification","valueRequired":true,"valueName":"search_term_string"}}],"inLanguage":"tr"}]}},"_links":{"self":[{"href":"https:\/\/astrologelvan.com\/magaza\/wp-json\/wp\/v2\/product\/8866","targetHints":{"allow":["GET"]}}],"collection":[{"href":"https:\/\/astrologelvan.com\/magaza\/wp-json\/wp\/v2\/product"}],"about":[{"href":"https:\/\/astrologelvan.com\/magaza\/wp-json\/wp\/v2\/types\/product"}],"replies":[{"embeddable":true,"href":"https:\/\/astrologelvan.com\/magaza\/wp-json\/wp\/v2\/comments?post=8866"}],"wp:featuredmedia":[{"embeddable":true,"href":"https:\/\/astrologelvan.com\/magaza\/wp-json\/wp\/v2\/media\/8867"}],"wp:attachment":[{"href":"https:\/\/astrologelvan.com\/magaza\/wp-json\/wp\/v2\/media?parent=8866"}],"wp:term":[{"taxonomy":"product_brand","embeddable":true,"href":"https:\/\/astrologelvan.com\/magaza\/wp-json\/wp\/v2\/product_brand?post=8866"},{"taxonomy":"product_cat","embeddable":true,"href":"https:\/\/astrologelvan.com\/magaza\/wp-json\/wp\/v2\/product_cat?post=8866"},{"taxonomy":"product_tag","embeddable":true,"href":"https:\/\/astrologelvan.com\/magaza\/wp-json\/wp\/v2\/product_tag?post=8866"}],"curies":[{"name":"wp","href":"https:\/\/api.w.org\/{rel}","templated":true}]}}