{"id":88556,"date":"2025-07-19T16:20:20","date_gmt":"2025-07-19T13:20:20","guid":{"rendered":"https:\/\/astrologelvan.com\/magaza\/urun\/apatit-bileklik\/"},"modified":"2025-10-06T08:15:46","modified_gmt":"2025-10-06T05:15:46","slug":"apatit-bileklik","status":"publish","type":"product","link":"https:\/\/astrologelvan.com\/magaza\/urun\/apatit-bileklik\/","title":{"rendered":"Apatit Bileklik \ud83d\udd39"},"content":{"rendered":"","protected":false},"excerpt":{"rendered":"<p>Apatit ta\u015f\u0131; hayat\u0131nda ad\u0131m atmak i\u00e7in cesaret edemeyenlere muhte\u015fem bir motivasyon ta\u015f\u0131d\u0131r. Apatit ta\u015f\u0131n\u0131 takt\u0131k\u00e7a i\u00e7indeki \u201cyapabilirim!\u201d hissi g\u00fc\u00e7lenir. \u00d6zellikle bo\u011faz \u00e7akras\u0131n\u0131 aktive ederek kendini ifade etmekte zorlananlara adeta sihirli bir destek! Topluluk \u00f6n\u00fcnde konu\u015fma yapacaklar i\u00e7in harika bir ta\u015ft\u0131r. Bedende, \u00f6zellikle eklem ve di\u015f a\u011fr\u0131lar\u0131 i\u00e7in dinlendirici oldu\u011fu bilinir.<\/p>\n<p><strong>Hadi, apatitini tak ve i\u00e7indeki g\u00fcc\u00fc ortaya \u00e7\u0131kar!<\/strong><\/p>\n","protected":false},"featured_media":88554,"comment_status":"open","ping_status":"closed","template":"","meta":[],"product_brand":[],"product_cat":[427,258],"product_tag":[],"class_list":{"0":"post-88556","1":"product","2":"type-product","3":"status-publish","4":"has-post-thumbnail","6":"product_cat-apatit-tasi","7":"product_cat-bileklik","9":"first","10":"outofstock","11":"taxable","12":"shipping-taxable","13":"purchasable","14":"product-type-simple"},"yoast_head":"<!-- This site is optimized with the Yoast SEO plugin v27.3 - https:\/\/yoast.com\/product\/yoast-seo-wordpress\/ -->\n<title>Apatit Bileklik \ud83d\udd39 - Astrolog Elvan<\/title>\n<meta name=\"robots\" content=\"index, follow, max-snippet:-1, max-image-preview:large, max-video-preview:-1\" \/>\n<link rel=\"canonical\" href=\"https:\/\/astrologelvan.com\/magaza\/urun\/apatit-bileklik\/\" \/>\n<meta property=\"og:locale\" content=\"tr_TR\" \/>\n<meta property=\"og:type\" content=\"article\" \/>\n<meta property=\"og:title\" content=\"Apatit Bileklik \ud83d\udd39 - Astrolog Elvan\" \/>\n<meta property=\"og:description\" content=\"Apatit ta\u015f\u0131; hayat\u0131nda ad\u0131m atmak i\u00e7in cesaret edemeyenlere muhte\u015fem bir motivasyon ta\u015f\u0131d\u0131r. Apatit ta\u015f\u0131n\u0131 takt\u0131k\u00e7a i\u00e7indeki \u201cyapabilirim!\u201d hissi g\u00fc\u00e7lenir. \u00d6zellikle bo\u011faz \u00e7akras\u0131n\u0131 aktive ederek kendini ifade etmekte zorlananlara adeta sihirli bir destek! Topluluk \u00f6n\u00fcnde konu\u015fma yapacaklar i\u00e7in harika bir ta\u015ft\u0131r. Bedende, \u00f6zellikle eklem ve di\u015f a\u011fr\u0131lar\u0131 i\u00e7in dinlendirici oldu\u011fu bilinir.  Hadi, apatitini tak ve i\u00e7indeki g\u00fcc\u00fc ortaya \u00e7\u0131kar!\" \/>\n<meta property=\"og:url\" content=\"https:\/\/astrologelvan.com\/magaza\/urun\/apatit-bileklik\/\" \/>\n<meta property=\"og:site_name\" content=\"Astrolog Elvan\" \/>\n<meta property=\"article:modified_time\" content=\"2025-10-06T05:15:46+00:00\" \/>\n<meta property=\"og:image\" content=\"https:\/\/astrologelvan.com\/magaza\/wp-content\/uploads\/2025\/07\/img_3907.jpeg\" \/>\n\t<meta property=\"og:image:width\" content=\"1845\" \/>\n\t<meta property=\"og:image:height\" content=\"2460\" \/>\n\t<meta property=\"og:image:type\" content=\"image\/jpeg\" \/>\n<meta name=\"twitter:card\" content=\"summary_large_image\" \/>\n<meta name=\"twitter:label1\" content=\"Tahmini okuma s\u00fcresi\" \/>\n\t<meta name=\"twitter:data1\" content=\"1 dakika\" \/>\n<script type=\"application\/ld+json\" class=\"yoast-schema-graph\">{\"@context\":\"https:\\\/\\\/schema.org\",\"@graph\":[{\"@type\":[\"WebPage\",\"ItemPage\"],\"@id\":\"https:\\\/\\\/astrologelvan.com\\\/magaza\\\/urun\\\/apatit-bileklik\\\/\",\"url\":\"https:\\\/\\\/astrologelvan.com\\\/magaza\\\/urun\\\/apatit-bileklik\\\/\",\"name\":\"Apatit Bileklik \ud83d\udd39 - Astrolog Elvan\",\"isPartOf\":{\"@id\":\"https:\\\/\\\/astrologelvan.com\\\/magaza\\\/#website\"},\"primaryImageOfPage\":{\"@id\":\"https:\\\/\\\/astrologelvan.com\\\/magaza\\\/urun\\\/apatit-bileklik\\\/#primaryimage\"},\"image\":{\"@id\":\"https:\\\/\\\/astrologelvan.com\\\/magaza\\\/urun\\\/apatit-bileklik\\\/#primaryimage\"},\"thumbnailUrl\":\"https:\\\/\\\/astrologelvan.com\\\/magaza\\\/wp-content\\\/uploads\\\/2025\\\/07\\\/img_3907.jpeg\",\"datePublished\":\"2025-07-19T13:20:20+00:00\",\"dateModified\":\"2025-10-06T05:15:46+00:00\",\"breadcrumb\":{\"@id\":\"https:\\\/\\\/astrologelvan.com\\\/magaza\\\/urun\\\/apatit-bileklik\\\/#breadcrumb\"},\"inLanguage\":\"tr\",\"potentialAction\":[{\"@type\":\"ReadAction\",\"target\":[\"https:\\\/\\\/astrologelvan.com\\\/magaza\\\/urun\\\/apatit-bileklik\\\/\"]}]},{\"@type\":\"ImageObject\",\"inLanguage\":\"tr\",\"@id\":\"https:\\\/\\\/astrologelvan.com\\\/magaza\\\/urun\\\/apatit-bileklik\\\/#primaryimage\",\"url\":\"https:\\\/\\\/astrologelvan.com\\\/magaza\\\/wp-content\\\/uploads\\\/2025\\\/07\\\/img_3907.jpeg\",\"contentUrl\":\"https:\\\/\\\/astrologelvan.com\\\/magaza\\\/wp-content\\\/uploads\\\/2025\\\/07\\\/img_3907.jpeg\",\"width\":1845,\"height\":2460},{\"@type\":\"BreadcrumbList\",\"@id\":\"https:\\\/\\\/astrologelvan.com\\\/magaza\\\/urun\\\/apatit-bileklik\\\/#breadcrumb\",\"itemListElement\":[{\"@type\":\"ListItem\",\"position\":1,\"name\":\"Anasayfa\",\"item\":\"https:\\\/\\\/astrologelvan.com\\\/magaza\\\/\"},{\"@type\":\"ListItem\",\"position\":2,\"name\":\"Ma\u011faza\",\"item\":\"https:\\\/\\\/astrologelvan.com\\\/magaza\\\/magaza\\\/\"},{\"@type\":\"ListItem\",\"position\":3,\"name\":\"Apatit Bileklik \ud83d\udd39\"}]},{\"@type\":\"WebSite\",\"@id\":\"https:\\\/\\\/astrologelvan.com\\\/magaza\\\/#website\",\"url\":\"https:\\\/\\\/astrologelvan.com\\\/magaza\\\/\",\"name\":\"Astrolog Elvan\",\"description\":\"\",\"potentialAction\":[{\"@type\":\"SearchAction\",\"target\":{\"@type\":\"EntryPoint\",\"urlTemplate\":\"https:\\\/\\\/astrologelvan.com\\\/magaza\\\/?s={search_term_string}\"},\"query-input\":{\"@type\":\"PropertyValueSpecification\",\"valueRequired\":true,\"valueName\":\"search_term_string\"}}],\"inLanguage\":\"tr\"}]}<\/script>\n<!-- \/ Yoast SEO plugin. -->","yoast_head_json":{"title":"Apatit Bileklik \ud83d\udd39 - Astrolog Elvan","robots":{"index":"index","follow":"follow","max-snippet":"max-snippet:-1","max-image-preview":"max-image-preview:large","max-video-preview":"max-video-preview:-1"},"canonical":"https:\/\/astrologelvan.com\/magaza\/urun\/apatit-bileklik\/","og_locale":"tr_TR","og_type":"article","og_title":"Apatit Bileklik \ud83d\udd39 - Astrolog Elvan","og_description":"Apatit ta\u015f\u0131; hayat\u0131nda ad\u0131m atmak i\u00e7in cesaret edemeyenlere muhte\u015fem bir motivasyon ta\u015f\u0131d\u0131r. Apatit ta\u015f\u0131n\u0131 takt\u0131k\u00e7a i\u00e7indeki \u201cyapabilirim!\u201d hissi g\u00fc\u00e7lenir. \u00d6zellikle bo\u011faz \u00e7akras\u0131n\u0131 aktive ederek kendini ifade etmekte zorlananlara adeta sihirli bir destek! Topluluk \u00f6n\u00fcnde konu\u015fma yapacaklar i\u00e7in harika bir ta\u015ft\u0131r. Bedende, \u00f6zellikle eklem ve di\u015f a\u011fr\u0131lar\u0131 i\u00e7in dinlendirici oldu\u011fu bilinir.  Hadi, apatitini tak ve i\u00e7indeki g\u00fcc\u00fc ortaya \u00e7\u0131kar!","og_url":"https:\/\/astrologelvan.com\/magaza\/urun\/apatit-bileklik\/","og_site_name":"Astrolog Elvan","article_modified_time":"2025-10-06T05:15:46+00:00","og_image":[{"width":1845,"height":2460,"url":"https:\/\/astrologelvan.com\/magaza\/wp-content\/uploads\/2025\/07\/img_3907.jpeg","type":"image\/jpeg"}],"twitter_card":"summary_large_image","twitter_misc":{"Tahmini okuma s\u00fcresi":"1 dakika"},"schema":{"@context":"https:\/\/schema.org","@graph":[{"@type":["WebPage","ItemPage"],"@id":"https:\/\/astrologelvan.com\/magaza\/urun\/apatit-bileklik\/","url":"https:\/\/astrologelvan.com\/magaza\/urun\/apatit-bileklik\/","name":"Apatit Bileklik \ud83d\udd39 - Astrolog Elvan","isPartOf":{"@id":"https:\/\/astrologelvan.com\/magaza\/#website"},"primaryImageOfPage":{"@id":"https:\/\/astrologelvan.com\/magaza\/urun\/apatit-bileklik\/#primaryimage"},"image":{"@id":"https:\/\/astrologelvan.com\/magaza\/urun\/apatit-bileklik\/#primaryimage"},"thumbnailUrl":"https:\/\/astrologelvan.com\/magaza\/wp-content\/uploads\/2025\/07\/img_3907.jpeg","datePublished":"2025-07-19T13:20:20+00:00","dateModified":"2025-10-06T05:15:46+00:00","breadcrumb":{"@id":"https:\/\/astrologelvan.com\/magaza\/urun\/apatit-bileklik\/#breadcrumb"},"inLanguage":"tr","potentialAction":[{"@type":"ReadAction","target":["https:\/\/astrologelvan.com\/magaza\/urun\/apatit-bileklik\/"]}]},{"@type":"ImageObject","inLanguage":"tr","@id":"https:\/\/astrologelvan.com\/magaza\/urun\/apatit-bileklik\/#primaryimage","url":"https:\/\/astrologelvan.com\/magaza\/wp-content\/uploads\/2025\/07\/img_3907.jpeg","contentUrl":"https:\/\/astrologelvan.com\/magaza\/wp-content\/uploads\/2025\/07\/img_3907.jpeg","width":1845,"height":2460},{"@type":"BreadcrumbList","@id":"https:\/\/astrologelvan.com\/magaza\/urun\/apatit-bileklik\/#breadcrumb","itemListElement":[{"@type":"ListItem","position":1,"name":"Anasayfa","item":"https:\/\/astrologelvan.com\/magaza\/"},{"@type":"ListItem","position":2,"name":"Ma\u011faza","item":"https:\/\/astrologelvan.com\/magaza\/magaza\/"},{"@type":"ListItem","position":3,"name":"Apatit Bileklik \ud83d\udd39"}]},{"@type":"WebSite","@id":"https:\/\/astrologelvan.com\/magaza\/#website","url":"https:\/\/astrologelvan.com\/magaza\/","name":"Astrolog Elvan","description":"","potentialAction":[{"@type":"SearchAction","target":{"@type":"EntryPoint","urlTemplate":"https:\/\/astrologelvan.com\/magaza\/?s={search_term_string}"},"query-input":{"@type":"PropertyValueSpecification","valueRequired":true,"valueName":"search_term_string"}}],"inLanguage":"tr"}]}},"_links":{"self":[{"href":"https:\/\/astrologelvan.com\/magaza\/wp-json\/wp\/v2\/product\/88556","targetHints":{"allow":["GET"]}}],"collection":[{"href":"https:\/\/astrologelvan.com\/magaza\/wp-json\/wp\/v2\/product"}],"about":[{"href":"https:\/\/astrologelvan.com\/magaza\/wp-json\/wp\/v2\/types\/product"}],"replies":[{"embeddable":true,"href":"https:\/\/astrologelvan.com\/magaza\/wp-json\/wp\/v2\/comments?post=88556"}],"wp:featuredmedia":[{"embeddable":true,"href":"https:\/\/astrologelvan.com\/magaza\/wp-json\/wp\/v2\/media\/88554"}],"wp:attachment":[{"href":"https:\/\/astrologelvan.com\/magaza\/wp-json\/wp\/v2\/media?parent=88556"}],"wp:term":[{"taxonomy":"product_brand","embeddable":true,"href":"https:\/\/astrologelvan.com\/magaza\/wp-json\/wp\/v2\/product_brand?post=88556"},{"taxonomy":"product_cat","embeddable":true,"href":"https:\/\/astrologelvan.com\/magaza\/wp-json\/wp\/v2\/product_cat?post=88556"},{"taxonomy":"product_tag","embeddable":true,"href":"https:\/\/astrologelvan.com\/magaza\/wp-json\/wp\/v2\/product_tag?post=88556"}],"curies":[{"name":"wp","href":"https:\/\/api.w.org\/{rel}","templated":true}]}}