{"id":81969,"date":"2025-06-19T19:34:18","date_gmt":"2025-06-19T16:34:18","guid":{"rendered":"https:\/\/astrologelvan.com\/magaza\/?post_type=product&#038;p=81969"},"modified":"2025-10-06T08:15:45","modified_gmt":"2025-10-06T05:15:45","slug":"yaratim-hayallerin-gercege-donsun-atolyesi","status":"publish","type":"product","link":"https:\/\/astrologelvan.com\/magaza\/urun\/yaratim-hayallerin-gercege-donsun-atolyesi\/","title":{"rendered":"Yarat\u0131m &#038;amp"},"content":{"rendered":"<p>\u2728 Yarat\u0131m ve Hayaller At\u00f6lyesi \u2728<br \/>\nHayalini kurdu\u011fun hayat\u0131 yaratmaya haz\u0131r m\u0131s\u0131n?<\/p>\n<p>Bu at\u00f6lyede sadece dilek tutmakla kalmayaca\u011f\u0131z\u2026<br \/>\nDerinlere inece\u011fiz.<br \/>\nK\u00f6k inan\u00e7lar\u0131 d\u00f6n\u00fc\u015ft\u00fcrece\u011fiz.<br \/>\nRuhunun kodlar\u0131na yaz\u0131lm\u0131\u015f eski s\u0131n\u0131rlamalar\u0131 temizleyecek, yerine yepyeni yarat\u0131m tohumlar\u0131 ekece\u011fiz.<\/p>\n<p>\ud83c\udf00 Theta Healing ile zihinsel blokajlar\u0131 \u00e7\u00f6zecek,<br \/>\n\ud83e\uddec JAAS (Jean Adrianne Ar\u0131nd\u0131rma Sistemi) ile h\u00fccresel d\u00fczeyde d\u00f6n\u00fc\u015f\u00fcm ba\u015flataca\u011f\u0131z.<\/p>\n<p>Ruh, zihin ve beden bir araya geldi\u011finde\u2026<br \/>\nHayal ger\u00e7e\u011fe d\u00f6n\u00fc\u015f\u00fcr.<\/p>\n<p>Bu bir at\u00f6lye de\u011fil, bir yeniden do\u011fu\u015f alan\u0131.<br \/>\nKalbinle kat\u0131l. Ve yaratmaya ba\u015fla.<\/p>\n<p>\ud83c\udf19 Tarih: 25 Haziran 2025 21:00<\/p>\n","protected":false},"excerpt":{"rendered":"<p>\u2728 Yarat\u0131m ve Hayaller At\u00f6lyesi \u2728<br \/>\nHayalini kurdu\u011fun hayat\u0131 yaratmaya haz\u0131r m\u0131s\u0131n?<\/p>\n<p>Bu at\u00f6lyede sadece dilek tutmakla kalmayaca\u011f\u0131z\u2026<br \/>\nDerinlere inece\u011fiz.<br \/>\nK\u00f6k inan\u00e7lar\u0131 d\u00f6n\u00fc\u015ft\u00fcrece\u011fiz.<br \/>\nRuhunun kodlar\u0131na yaz\u0131lm\u0131\u015f eski s\u0131n\u0131rlamalar\u0131 temizleyecek, yerine yepyeni yarat\u0131m tohumlar\u0131 ekece\u011fiz.<\/p>\n<p>\ud83c\udf00 Theta Healing ile zihinsel blokajlar\u0131 \u00e7\u00f6zecek,<br \/>\n\ud83e\uddec JAS (Jean Adrianne Ar\u0131nd\u0131rma Sistemi) ile h\u00fccresel d\u00fczeyde d\u00f6n\u00fc\u015f\u00fcm ba\u015flataca\u011f\u0131z.<\/p>\n<p>Ruh, zihin ve beden bir araya geldi\u011finde\u2026<br \/>\nHayal ger\u00e7e\u011fe d\u00f6n\u00fc\u015f\u00fcr.<\/p>\n<p>Bu bir at\u00f6lye de\u011fil, bir yeniden do\u011fu\u015f alan\u0131.<br \/>\nKalbinle kat\u0131l. Ve yaratmaya ba\u015fla.<\/p>\n<p>\ud83c\udf19 Tarih: 25 Haziran 2025 21:00 <\/p>\n<p><\/strong><strong>Her at\u00f6lye kayd\u0131 bir ki\u015fi i\u00e7in ge\u00e7erlidir, yasal olarak bir ba\u015fkas\u0131 ile payla\u015f\u0131lamaz.\u00a0<\/strong><\/p>\n<div class=\"sales-counter\" style=\" margin: 1em 0; padding: 10px; background-color: #fff; border: 1px solid #ddd;\">Bu at\u00f6lyeye 401 ki\u015fi kay\u0131t yapt\u0131rd\u0131.<\/div>\n","protected":false},"featured_media":81977,"comment_status":"open","ping_status":"closed","template":"","meta":[],"product_brand":[],"product_cat":[494],"product_tag":[],"class_list":{"0":"post-81969","1":"product","2":"type-product","3":"status-publish","4":"has-post-thumbnail","6":"product_cat-atolyeler","8":"first","9":"outofstock","10":"virtual","11":"taxable","12":"purchasable","13":"product-type-simple"},"yoast_head":"<!-- This site is optimized with the Yoast SEO plugin v27.3 - https:\/\/yoast.com\/product\/yoast-seo-wordpress\/ -->\n<title>Yarat\u0131m &amp;amp - Astrolog Elvan<\/title>\n<meta name=\"description\" content=\"Bu at\u00f6lyede sadece dilek tutmakla kalmayaca\u011f\u0131z\u2026Derinlere inece\u011fiz.K\u00f6k inan\u00e7lar\u0131 d\u00f6n\u00fc\u015ft\u00fcrece\u011fiz.\" \/>\n<meta name=\"robots\" content=\"index, follow, max-snippet:-1, max-image-preview:large, max-video-preview:-1\" \/>\n<link rel=\"canonical\" href=\"https:\/\/astrologelvan.com\/magaza\/urun\/yaratim-hayallerin-gercege-donsun-atolyesi\/\" \/>\n<meta property=\"og:locale\" content=\"tr_TR\" \/>\n<meta property=\"og:type\" content=\"article\" \/>\n<meta property=\"og:title\" content=\"Yarat\u0131m &amp;amp - Astrolog Elvan\" \/>\n<meta property=\"og:description\" content=\"Bu at\u00f6lyede sadece dilek tutmakla kalmayaca\u011f\u0131z\u2026Derinlere inece\u011fiz.K\u00f6k inan\u00e7lar\u0131 d\u00f6n\u00fc\u015ft\u00fcrece\u011fiz.\" \/>\n<meta property=\"og:url\" content=\"https:\/\/astrologelvan.com\/magaza\/urun\/yaratim-hayallerin-gercege-donsun-atolyesi\/\" \/>\n<meta property=\"og:site_name\" content=\"Astrolog Elvan\" \/>\n<meta property=\"article:modified_time\" content=\"2025-10-06T05:15:45+00:00\" \/>\n<meta property=\"og:image\" content=\"https:\/\/astrologelvan.com\/magaza\/wp-content\/uploads\/2025\/06\/Mobil_Banner-copy.webp\" \/>\n\t<meta property=\"og:image:width\" content=\"1000\" \/>\n\t<meta property=\"og:image:height\" content=\"1300\" \/>\n\t<meta property=\"og:image:type\" content=\"image\/webp\" \/>\n<meta name=\"twitter:card\" content=\"summary_large_image\" \/>\n<meta name=\"twitter:label1\" content=\"Tahmini okuma s\u00fcresi\" \/>\n\t<meta name=\"twitter:data1\" content=\"1 dakika\" \/>\n<script type=\"application\/ld+json\" class=\"yoast-schema-graph\">{\"@context\":\"https:\\\/\\\/schema.org\",\"@graph\":[{\"@type\":[\"WebPage\",\"ItemPage\"],\"@id\":\"https:\\\/\\\/astrologelvan.com\\\/magaza\\\/urun\\\/yaratim-hayallerin-gercege-donsun-atolyesi\\\/\",\"url\":\"https:\\\/\\\/astrologelvan.com\\\/magaza\\\/urun\\\/yaratim-hayallerin-gercege-donsun-atolyesi\\\/\",\"name\":\"Yarat\u0131m &amp - Astrolog Elvan\",\"isPartOf\":{\"@id\":\"https:\\\/\\\/astrologelvan.com\\\/magaza\\\/#website\"},\"primaryImageOfPage\":{\"@id\":\"https:\\\/\\\/astrologelvan.com\\\/magaza\\\/urun\\\/yaratim-hayallerin-gercege-donsun-atolyesi\\\/#primaryimage\"},\"image\":{\"@id\":\"https:\\\/\\\/astrologelvan.com\\\/magaza\\\/urun\\\/yaratim-hayallerin-gercege-donsun-atolyesi\\\/#primaryimage\"},\"thumbnailUrl\":\"https:\\\/\\\/astrologelvan.com\\\/magaza\\\/wp-content\\\/uploads\\\/2025\\\/06\\\/Mobil_Banner-copy.webp\",\"datePublished\":\"2025-06-19T16:34:18+00:00\",\"dateModified\":\"2025-10-06T05:15:45+00:00\",\"description\":\"Bu at\u00f6lyede sadece dilek tutmakla kalmayaca\u011f\u0131z\u2026Derinlere inece\u011fiz.K\u00f6k inan\u00e7lar\u0131 d\u00f6n\u00fc\u015ft\u00fcrece\u011fiz.\",\"breadcrumb\":{\"@id\":\"https:\\\/\\\/astrologelvan.com\\\/magaza\\\/urun\\\/yaratim-hayallerin-gercege-donsun-atolyesi\\\/#breadcrumb\"},\"inLanguage\":\"tr\",\"potentialAction\":[{\"@type\":\"ReadAction\",\"target\":[\"https:\\\/\\\/astrologelvan.com\\\/magaza\\\/urun\\\/yaratim-hayallerin-gercege-donsun-atolyesi\\\/\"]}]},{\"@type\":\"ImageObject\",\"inLanguage\":\"tr\",\"@id\":\"https:\\\/\\\/astrologelvan.com\\\/magaza\\\/urun\\\/yaratim-hayallerin-gercege-donsun-atolyesi\\\/#primaryimage\",\"url\":\"https:\\\/\\\/astrologelvan.com\\\/magaza\\\/wp-content\\\/uploads\\\/2025\\\/06\\\/Mobil_Banner-copy.webp\",\"contentUrl\":\"https:\\\/\\\/astrologelvan.com\\\/magaza\\\/wp-content\\\/uploads\\\/2025\\\/06\\\/Mobil_Banner-copy.webp\",\"width\":1000,\"height\":1300},{\"@type\":\"BreadcrumbList\",\"@id\":\"https:\\\/\\\/astrologelvan.com\\\/magaza\\\/urun\\\/yaratim-hayallerin-gercege-donsun-atolyesi\\\/#breadcrumb\",\"itemListElement\":[{\"@type\":\"ListItem\",\"position\":1,\"name\":\"Anasayfa\",\"item\":\"https:\\\/\\\/astrologelvan.com\\\/magaza\\\/\"},{\"@type\":\"ListItem\",\"position\":2,\"name\":\"Ma\u011faza\",\"item\":\"https:\\\/\\\/astrologelvan.com\\\/magaza\\\/magaza\\\/\"},{\"@type\":\"ListItem\",\"position\":3,\"name\":\"Yarat\u0131m &#038;amp\"}]},{\"@type\":\"WebSite\",\"@id\":\"https:\\\/\\\/astrologelvan.com\\\/magaza\\\/#website\",\"url\":\"https:\\\/\\\/astrologelvan.com\\\/magaza\\\/\",\"name\":\"Astrolog Elvan\",\"description\":\"\",\"potentialAction\":[{\"@type\":\"SearchAction\",\"target\":{\"@type\":\"EntryPoint\",\"urlTemplate\":\"https:\\\/\\\/astrologelvan.com\\\/magaza\\\/?s={search_term_string}\"},\"query-input\":{\"@type\":\"PropertyValueSpecification\",\"valueRequired\":true,\"valueName\":\"search_term_string\"}}],\"inLanguage\":\"tr\"}]}<\/script>\n<!-- \/ Yoast SEO plugin. -->","yoast_head_json":{"title":"Yarat\u0131m &amp - Astrolog Elvan","description":"Bu at\u00f6lyede sadece dilek tutmakla kalmayaca\u011f\u0131z\u2026Derinlere inece\u011fiz.K\u00f6k inan\u00e7lar\u0131 d\u00f6n\u00fc\u015ft\u00fcrece\u011fiz.","robots":{"index":"index","follow":"follow","max-snippet":"max-snippet:-1","max-image-preview":"max-image-preview:large","max-video-preview":"max-video-preview:-1"},"canonical":"https:\/\/astrologelvan.com\/magaza\/urun\/yaratim-hayallerin-gercege-donsun-atolyesi\/","og_locale":"tr_TR","og_type":"article","og_title":"Yarat\u0131m &amp - Astrolog Elvan","og_description":"Bu at\u00f6lyede sadece dilek tutmakla kalmayaca\u011f\u0131z\u2026Derinlere inece\u011fiz.K\u00f6k inan\u00e7lar\u0131 d\u00f6n\u00fc\u015ft\u00fcrece\u011fiz.","og_url":"https:\/\/astrologelvan.com\/magaza\/urun\/yaratim-hayallerin-gercege-donsun-atolyesi\/","og_site_name":"Astrolog Elvan","article_modified_time":"2025-10-06T05:15:45+00:00","og_image":[{"width":1000,"height":1300,"url":"https:\/\/astrologelvan.com\/magaza\/wp-content\/uploads\/2025\/06\/Mobil_Banner-copy.webp","type":"image\/webp"}],"twitter_card":"summary_large_image","twitter_misc":{"Tahmini okuma s\u00fcresi":"1 dakika"},"schema":{"@context":"https:\/\/schema.org","@graph":[{"@type":["WebPage","ItemPage"],"@id":"https:\/\/astrologelvan.com\/magaza\/urun\/yaratim-hayallerin-gercege-donsun-atolyesi\/","url":"https:\/\/astrologelvan.com\/magaza\/urun\/yaratim-hayallerin-gercege-donsun-atolyesi\/","name":"Yarat\u0131m &amp - Astrolog Elvan","isPartOf":{"@id":"https:\/\/astrologelvan.com\/magaza\/#website"},"primaryImageOfPage":{"@id":"https:\/\/astrologelvan.com\/magaza\/urun\/yaratim-hayallerin-gercege-donsun-atolyesi\/#primaryimage"},"image":{"@id":"https:\/\/astrologelvan.com\/magaza\/urun\/yaratim-hayallerin-gercege-donsun-atolyesi\/#primaryimage"},"thumbnailUrl":"https:\/\/astrologelvan.com\/magaza\/wp-content\/uploads\/2025\/06\/Mobil_Banner-copy.webp","datePublished":"2025-06-19T16:34:18+00:00","dateModified":"2025-10-06T05:15:45+00:00","description":"Bu at\u00f6lyede sadece dilek tutmakla kalmayaca\u011f\u0131z\u2026Derinlere inece\u011fiz.K\u00f6k inan\u00e7lar\u0131 d\u00f6n\u00fc\u015ft\u00fcrece\u011fiz.","breadcrumb":{"@id":"https:\/\/astrologelvan.com\/magaza\/urun\/yaratim-hayallerin-gercege-donsun-atolyesi\/#breadcrumb"},"inLanguage":"tr","potentialAction":[{"@type":"ReadAction","target":["https:\/\/astrologelvan.com\/magaza\/urun\/yaratim-hayallerin-gercege-donsun-atolyesi\/"]}]},{"@type":"ImageObject","inLanguage":"tr","@id":"https:\/\/astrologelvan.com\/magaza\/urun\/yaratim-hayallerin-gercege-donsun-atolyesi\/#primaryimage","url":"https:\/\/astrologelvan.com\/magaza\/wp-content\/uploads\/2025\/06\/Mobil_Banner-copy.webp","contentUrl":"https:\/\/astrologelvan.com\/magaza\/wp-content\/uploads\/2025\/06\/Mobil_Banner-copy.webp","width":1000,"height":1300},{"@type":"BreadcrumbList","@id":"https:\/\/astrologelvan.com\/magaza\/urun\/yaratim-hayallerin-gercege-donsun-atolyesi\/#breadcrumb","itemListElement":[{"@type":"ListItem","position":1,"name":"Anasayfa","item":"https:\/\/astrologelvan.com\/magaza\/"},{"@type":"ListItem","position":2,"name":"Ma\u011faza","item":"https:\/\/astrologelvan.com\/magaza\/magaza\/"},{"@type":"ListItem","position":3,"name":"Yarat\u0131m &#038;amp"}]},{"@type":"WebSite","@id":"https:\/\/astrologelvan.com\/magaza\/#website","url":"https:\/\/astrologelvan.com\/magaza\/","name":"Astrolog Elvan","description":"","potentialAction":[{"@type":"SearchAction","target":{"@type":"EntryPoint","urlTemplate":"https:\/\/astrologelvan.com\/magaza\/?s={search_term_string}"},"query-input":{"@type":"PropertyValueSpecification","valueRequired":true,"valueName":"search_term_string"}}],"inLanguage":"tr"}]}},"_links":{"self":[{"href":"https:\/\/astrologelvan.com\/magaza\/wp-json\/wp\/v2\/product\/81969","targetHints":{"allow":["GET"]}}],"collection":[{"href":"https:\/\/astrologelvan.com\/magaza\/wp-json\/wp\/v2\/product"}],"about":[{"href":"https:\/\/astrologelvan.com\/magaza\/wp-json\/wp\/v2\/types\/product"}],"replies":[{"embeddable":true,"href":"https:\/\/astrologelvan.com\/magaza\/wp-json\/wp\/v2\/comments?post=81969"}],"wp:featuredmedia":[{"embeddable":true,"href":"https:\/\/astrologelvan.com\/magaza\/wp-json\/wp\/v2\/media\/81977"}],"wp:attachment":[{"href":"https:\/\/astrologelvan.com\/magaza\/wp-json\/wp\/v2\/media?parent=81969"}],"wp:term":[{"taxonomy":"product_brand","embeddable":true,"href":"https:\/\/astrologelvan.com\/magaza\/wp-json\/wp\/v2\/product_brand?post=81969"},{"taxonomy":"product_cat","embeddable":true,"href":"https:\/\/astrologelvan.com\/magaza\/wp-json\/wp\/v2\/product_cat?post=81969"},{"taxonomy":"product_tag","embeddable":true,"href":"https:\/\/astrologelvan.com\/magaza\/wp-json\/wp\/v2\/product_tag?post=81969"}],"curies":[{"name":"wp","href":"https:\/\/api.w.org\/{rel}","templated":true}]}}