{"id":815,"date":"2024-02-28T02:52:52","date_gmt":"2024-02-27T23:52:52","guid":{"rendered":"https:\/\/astrologelvan.shop\/?post_type=product&#038;p=815"},"modified":"2025-10-06T08:15:01","modified_gmt":"2025-10-06T05:15:01","slug":"hindistan-ice-quartz-buz-kristali-bileklik","status":"publish","type":"product","link":"https:\/\/astrologelvan.com\/magaza\/urun\/hindistan-ice-quartz-buz-kristali-bileklik\/","title":{"rendered":"H\u0130ND\u0130STAN ICE QUARTZ (BUZ KR\u0130STAL\u0130) B\u0130LEKL\u0130K"},"content":{"rendered":"<p>Do\u011fal ta\u015f tasar\u0131mlar\u0131m\u0131z\u0131n do\u011frudan cilde temas etmesini sa\u011fl\u0131yoruz. B\u00f6ylece do\u011fal ta\u015f kolyenizi takt\u0131k\u00e7a v\u00fccudunuzun titre\u015fimlerine ba\u011flan\u0131r ve size denge ve uyum getirir.<\/p>\n<p><strong>Tak\u0131lar\u0131n\u0131z\u0131n uzun s\u00fcre kullanabilmesi i\u00e7in; Parf\u00fcm, su, s\u0131v\u0131, dezenfektan, krem v.b. gibi maddelerle temas etmemesi, du\u015f-banyo s\u0131ras\u0131nda \u00e7\u0131kart\u0131lmas\u0131 gerekmektedir. Ki\u015finin ter-ten yap\u0131s\u0131na g\u00f6re de etkilenmektedir. Tak\u0131lar\u0131n\u0131z\u0131 kullanmad\u0131\u011f\u0131n\u0131z zamanlarda kesesinde saklaman\u0131z\u0131 \u00f6neririz.<\/strong><\/p>\n<p><strong>Do\u011fal ta\u015flar\u0131n belirli titre\u015fimlere ve frekanslara sahip oldu\u011fu bilinmektedir. Bu nedenle v\u00fccudumuzda ve auram\u0131zda birtak\u0131m iyi etkileri oldu\u011fu s\u00f6ylenmektedir. Ta\u015flar\u0131n \u00f6zelliklerinin bilimsel kesinli\u011fi yoktur. Astrolog Elvan ma\u011fazas\u0131ndaki t\u00fcm ta\u015flar orijinal, ger\u00e7ek do\u011fal ta\u015flard\u0131r. T\u0131bbi konularda doktora dan\u0131\u015fman\u0131z\u0131 tavsiye ederiz. Ta\u015flar\u0131n tedavi edici \u00f6zelli\u011fi yoktur, sadece ki\u015fisel enerjimizi y\u00fckseltmekte ve astrolojik olarak da temsil etti\u011fi gezegenlerin etkilerini artt\u0131rmakta oldu\u011fu kabul edilir. \u00d6rne\u011fin; pembe kuvars ta\u015f\u0131 a\u015fk ve sevgi gezegeni Ven\u00fcs&#8217;\u00fcn ta\u015f\u0131d\u0131r ve bu sebeple \u00fczerinde ta\u015f\u0131yan ki\u015finin a\u015fk ve sevgi frekans\u0131n\u0131 y\u00fckseltti\u011fi bilinir.<\/strong><\/p>\n<p>&nbsp;<\/p>\n","protected":false},"excerpt":{"rendered":"<p><span style=\"font-weight: 400\">Ate\u015f &amp; Buz Kristali olarak da bilinir. Titre\u015fim olarak en y\u00fcksek titre\u015fime sahip do\u011fal ta\u015flardan biridir. Buz kristali, olu\u015fumu s\u0131ras\u0131nda y\u00fcksek \u0131s\u0131ya maruz kal\u0131r. Ve arkas\u0131ndan ta\u015f, dondurucu so\u011fu\u011fa maruz kald\u0131\u011f\u0131nda i\u00e7indeki su k\u00fctlesi ta\u015f\u0131n i\u00e7erisine hapsolur. Bu kalitedeki bir ta\u015fa \u00e7ok nadir rastlars\u0131n\u0131z. Hem fiziksel he de ruhsal iyile\u015fme s\u00fcrecine destek oldu\u011fu s\u00f6ylenir. Ta\u015flar, olu\u015ftu\u011fu an\u0131n enerjisini i\u00e7erisinde saklar ve buz kristali hem ate\u015f hem de su elementini b\u00fcnyesinde bar\u0131nd\u0131r\u0131r.<\/span><\/p>\n<p><span style=\"font-weight: 400\">Ate\u015f ve su elementi ise, d\u00fcnyan\u0131n olu\u015fumunda yer alan en temel 2 elementtir. Elinizdeki bileklik ge\u00e7mi\u015fin s\u0131rlar\u0131n\u0131, gezegenin \u015fifas\u0131n\u0131 ve kozmik alanla ba\u011flant\u0131n\u0131z\u0131 sa\u011flar. Ki\u015finin i\u00e7indeki ayd\u0131nl\u0131\u011f\u0131 ve karanl\u0131\u011f\u0131 simgeler. Kendi i\u00e7inizdeki yeteneklerinizi ke\u015ffetmeniz i\u00e7in size yard\u0131mc\u0131 olur.\u00a0<\/span><\/p>\n<p><b>Bilekli\u011finizi ada\u00e7ay\u0131 ile t\u00fcts\u00fcleyip takmaya ba\u015flayabilirsiniz. \u0130lk seferde 21 g\u00fcn boyunca bilekli\u011finizi tak\u0131n\u0131z ( Banyo yaparken ve uyurken \u00e7\u0131karabilirsiniz )<\/b><\/p>\n","protected":false},"featured_media":871,"comment_status":"open","ping_status":"closed","template":"","meta":[],"product_brand":[],"product_cat":[259,460],"product_tag":[39,183,63,184],"class_list":{"0":"post-815","1":"product","2":"type-product","3":"status-publish","4":"has-post-thumbnail","6":"product_cat-bileklikler","7":"product_cat-buyulu-hindistan","8":"product_tag-astrolog-elvan","9":"product_tag-dogal-pembe-kuvars-tasi","10":"product_tag-dogal-tas-kolye","11":"product_tag-pembe-kuvars-kolye","13":"first","14":"outofstock","15":"taxable","16":"shipping-taxable","17":"purchasable","18":"product-type-simple"},"yoast_head":"<!-- This site is optimized with the Yoast SEO plugin v27.3 - https:\/\/yoast.com\/product\/yoast-seo-wordpress\/ -->\n<title>H\u0130ND\u0130STAN ICE QUARTZ (BUZ KR\u0130STAL\u0130) B\u0130LEKL\u0130K - Astrolog Elvan<\/title>\n<meta name=\"robots\" content=\"index, follow, max-snippet:-1, max-image-preview:large, max-video-preview:-1\" \/>\n<link rel=\"canonical\" href=\"https:\/\/astrologelvan.com\/magaza\/urun\/hindistan-ice-quartz-buz-kristali-bileklik\/\" \/>\n<meta property=\"og:locale\" content=\"tr_TR\" \/>\n<meta property=\"og:type\" content=\"article\" \/>\n<meta property=\"og:title\" content=\"H\u0130ND\u0130STAN ICE QUARTZ (BUZ KR\u0130STAL\u0130) B\u0130LEKL\u0130K - Astrolog Elvan\" \/>\n<meta property=\"og:description\" content=\"Ate\u015f &amp; Buz Kristali olarak da bilinir. Titre\u015fim olarak en y\u00fcksek titre\u015fime sahip do\u011fal ta\u015flardan biridir. Buz kristali, olu\u015fumu s\u0131ras\u0131nda y\u00fcksek \u0131s\u0131ya maruz kal\u0131r. Ve arkas\u0131ndan ta\u015f, dondurucu so\u011fu\u011fa maruz kald\u0131\u011f\u0131nda i\u00e7indeki su k\u00fctlesi ta\u015f\u0131n i\u00e7erisine hapsolur. Bu kalitedeki bir ta\u015fa \u00e7ok nadir rastlars\u0131n\u0131z. Hem fiziksel he de ruhsal iyile\u015fme s\u00fcrecine destek oldu\u011fu s\u00f6ylenir. Ta\u015flar, olu\u015ftu\u011fu an\u0131n enerjisini i\u00e7erisinde saklar ve buz kristali hem ate\u015f hem de su elementini b\u00fcnyesinde bar\u0131nd\u0131r\u0131r.  Ate\u015f ve su elementi ise, d\u00fcnyan\u0131n olu\u015fumunda yer alan en temel 2 elementtir. Elinizdeki bileklik ge\u00e7mi\u015fin s\u0131rlar\u0131n\u0131, gezegenin \u015fifas\u0131n\u0131 ve kozmik alanla ba\u011flant\u0131n\u0131z\u0131 sa\u011flar. Ki\u015finin i\u00e7indeki ayd\u0131nl\u0131\u011f\u0131 ve karanl\u0131\u011f\u0131 simgeler. Kendi i\u00e7inizdeki yeteneklerinizi ke\u015ffetmeniz i\u00e7in size yard\u0131mc\u0131 olur.\u00a0  Bilekli\u011finizi ada\u00e7ay\u0131 ile t\u00fcts\u00fcleyip takmaya ba\u015flayabilirsiniz. \u0130lk seferde 21 g\u00fcn boyunca bilekli\u011finizi tak\u0131n\u0131z ( Banyo yaparken ve uyurken \u00e7\u0131karabilirsiniz )\" \/>\n<meta property=\"og:url\" content=\"https:\/\/astrologelvan.com\/magaza\/urun\/hindistan-ice-quartz-buz-kristali-bileklik\/\" \/>\n<meta property=\"og:site_name\" content=\"Astrolog Elvan\" \/>\n<meta property=\"article:modified_time\" content=\"2025-10-06T05:15:01+00:00\" \/>\n<meta property=\"og:image\" content=\"https:\/\/astrologelvan.com\/magaza\/wp-content\/uploads\/2024\/02\/Hindistan-Ice-Quartz-Buz-Kristali-Bileklik.jpg\" \/>\n\t<meta property=\"og:image:width\" content=\"1080\" \/>\n\t<meta property=\"og:image:height\" content=\"1080\" \/>\n\t<meta property=\"og:image:type\" content=\"image\/jpeg\" \/>\n<meta name=\"twitter:card\" content=\"summary_large_image\" \/>\n<meta name=\"twitter:label1\" content=\"Tahmini okuma s\u00fcresi\" \/>\n\t<meta name=\"twitter:data1\" content=\"1 dakika\" \/>\n<script type=\"application\/ld+json\" class=\"yoast-schema-graph\">{\"@context\":\"https:\\\/\\\/schema.org\",\"@graph\":[{\"@type\":[\"WebPage\",\"ItemPage\"],\"@id\":\"https:\\\/\\\/astrologelvan.com\\\/magaza\\\/urun\\\/hindistan-ice-quartz-buz-kristali-bileklik\\\/\",\"url\":\"https:\\\/\\\/astrologelvan.com\\\/magaza\\\/urun\\\/hindistan-ice-quartz-buz-kristali-bileklik\\\/\",\"name\":\"H\u0130ND\u0130STAN ICE QUARTZ (BUZ KR\u0130STAL\u0130) B\u0130LEKL\u0130K - Astrolog Elvan\",\"isPartOf\":{\"@id\":\"https:\\\/\\\/astrologelvan.com\\\/magaza\\\/#website\"},\"primaryImageOfPage\":{\"@id\":\"https:\\\/\\\/astrologelvan.com\\\/magaza\\\/urun\\\/hindistan-ice-quartz-buz-kristali-bileklik\\\/#primaryimage\"},\"image\":{\"@id\":\"https:\\\/\\\/astrologelvan.com\\\/magaza\\\/urun\\\/hindistan-ice-quartz-buz-kristali-bileklik\\\/#primaryimage\"},\"thumbnailUrl\":\"https:\\\/\\\/astrologelvan.com\\\/magaza\\\/wp-content\\\/uploads\\\/2024\\\/02\\\/Hindistan-Ice-Quartz-Buz-Kristali-Bileklik.jpg\",\"datePublished\":\"2024-02-27T23:52:52+00:00\",\"dateModified\":\"2025-10-06T05:15:01+00:00\",\"breadcrumb\":{\"@id\":\"https:\\\/\\\/astrologelvan.com\\\/magaza\\\/urun\\\/hindistan-ice-quartz-buz-kristali-bileklik\\\/#breadcrumb\"},\"inLanguage\":\"tr\",\"potentialAction\":[{\"@type\":\"ReadAction\",\"target\":[\"https:\\\/\\\/astrologelvan.com\\\/magaza\\\/urun\\\/hindistan-ice-quartz-buz-kristali-bileklik\\\/\"]}]},{\"@type\":\"ImageObject\",\"inLanguage\":\"tr\",\"@id\":\"https:\\\/\\\/astrologelvan.com\\\/magaza\\\/urun\\\/hindistan-ice-quartz-buz-kristali-bileklik\\\/#primaryimage\",\"url\":\"https:\\\/\\\/astrologelvan.com\\\/magaza\\\/wp-content\\\/uploads\\\/2024\\\/02\\\/Hindistan-Ice-Quartz-Buz-Kristali-Bileklik.jpg\",\"contentUrl\":\"https:\\\/\\\/astrologelvan.com\\\/magaza\\\/wp-content\\\/uploads\\\/2024\\\/02\\\/Hindistan-Ice-Quartz-Buz-Kristali-Bileklik.jpg\",\"width\":1080,\"height\":1080},{\"@type\":\"BreadcrumbList\",\"@id\":\"https:\\\/\\\/astrologelvan.com\\\/magaza\\\/urun\\\/hindistan-ice-quartz-buz-kristali-bileklik\\\/#breadcrumb\",\"itemListElement\":[{\"@type\":\"ListItem\",\"position\":1,\"name\":\"Anasayfa\",\"item\":\"https:\\\/\\\/astrologelvan.com\\\/magaza\\\/\"},{\"@type\":\"ListItem\",\"position\":2,\"name\":\"Ma\u011faza\",\"item\":\"https:\\\/\\\/astrologelvan.com\\\/magaza\\\/magaza\\\/\"},{\"@type\":\"ListItem\",\"position\":3,\"name\":\"H\u0130ND\u0130STAN ICE QUARTZ (BUZ KR\u0130STAL\u0130) B\u0130LEKL\u0130K\"}]},{\"@type\":\"WebSite\",\"@id\":\"https:\\\/\\\/astrologelvan.com\\\/magaza\\\/#website\",\"url\":\"https:\\\/\\\/astrologelvan.com\\\/magaza\\\/\",\"name\":\"Astrolog Elvan\",\"description\":\"\",\"potentialAction\":[{\"@type\":\"SearchAction\",\"target\":{\"@type\":\"EntryPoint\",\"urlTemplate\":\"https:\\\/\\\/astrologelvan.com\\\/magaza\\\/?s={search_term_string}\"},\"query-input\":{\"@type\":\"PropertyValueSpecification\",\"valueRequired\":true,\"valueName\":\"search_term_string\"}}],\"inLanguage\":\"tr\"}]}<\/script>\n<!-- \/ Yoast SEO plugin. -->","yoast_head_json":{"title":"H\u0130ND\u0130STAN ICE QUARTZ (BUZ KR\u0130STAL\u0130) B\u0130LEKL\u0130K - Astrolog Elvan","robots":{"index":"index","follow":"follow","max-snippet":"max-snippet:-1","max-image-preview":"max-image-preview:large","max-video-preview":"max-video-preview:-1"},"canonical":"https:\/\/astrologelvan.com\/magaza\/urun\/hindistan-ice-quartz-buz-kristali-bileklik\/","og_locale":"tr_TR","og_type":"article","og_title":"H\u0130ND\u0130STAN ICE QUARTZ (BUZ KR\u0130STAL\u0130) B\u0130LEKL\u0130K - Astrolog Elvan","og_description":"Ate\u015f &amp; Buz Kristali olarak da bilinir. Titre\u015fim olarak en y\u00fcksek titre\u015fime sahip do\u011fal ta\u015flardan biridir. Buz kristali, olu\u015fumu s\u0131ras\u0131nda y\u00fcksek \u0131s\u0131ya maruz kal\u0131r. Ve arkas\u0131ndan ta\u015f, dondurucu so\u011fu\u011fa maruz kald\u0131\u011f\u0131nda i\u00e7indeki su k\u00fctlesi ta\u015f\u0131n i\u00e7erisine hapsolur. Bu kalitedeki bir ta\u015fa \u00e7ok nadir rastlars\u0131n\u0131z. Hem fiziksel he de ruhsal iyile\u015fme s\u00fcrecine destek oldu\u011fu s\u00f6ylenir. Ta\u015flar, olu\u015ftu\u011fu an\u0131n enerjisini i\u00e7erisinde saklar ve buz kristali hem ate\u015f hem de su elementini b\u00fcnyesinde bar\u0131nd\u0131r\u0131r.  Ate\u015f ve su elementi ise, d\u00fcnyan\u0131n olu\u015fumunda yer alan en temel 2 elementtir. Elinizdeki bileklik ge\u00e7mi\u015fin s\u0131rlar\u0131n\u0131, gezegenin \u015fifas\u0131n\u0131 ve kozmik alanla ba\u011flant\u0131n\u0131z\u0131 sa\u011flar. Ki\u015finin i\u00e7indeki ayd\u0131nl\u0131\u011f\u0131 ve karanl\u0131\u011f\u0131 simgeler. Kendi i\u00e7inizdeki yeteneklerinizi ke\u015ffetmeniz i\u00e7in size yard\u0131mc\u0131 olur.\u00a0  Bilekli\u011finizi ada\u00e7ay\u0131 ile t\u00fcts\u00fcleyip takmaya ba\u015flayabilirsiniz. \u0130lk seferde 21 g\u00fcn boyunca bilekli\u011finizi tak\u0131n\u0131z ( Banyo yaparken ve uyurken \u00e7\u0131karabilirsiniz )","og_url":"https:\/\/astrologelvan.com\/magaza\/urun\/hindistan-ice-quartz-buz-kristali-bileklik\/","og_site_name":"Astrolog Elvan","article_modified_time":"2025-10-06T05:15:01+00:00","og_image":[{"width":1080,"height":1080,"url":"https:\/\/astrologelvan.com\/magaza\/wp-content\/uploads\/2024\/02\/Hindistan-Ice-Quartz-Buz-Kristali-Bileklik.jpg","type":"image\/jpeg"}],"twitter_card":"summary_large_image","twitter_misc":{"Tahmini okuma s\u00fcresi":"1 dakika"},"schema":{"@context":"https:\/\/schema.org","@graph":[{"@type":["WebPage","ItemPage"],"@id":"https:\/\/astrologelvan.com\/magaza\/urun\/hindistan-ice-quartz-buz-kristali-bileklik\/","url":"https:\/\/astrologelvan.com\/magaza\/urun\/hindistan-ice-quartz-buz-kristali-bileklik\/","name":"H\u0130ND\u0130STAN ICE QUARTZ (BUZ KR\u0130STAL\u0130) B\u0130LEKL\u0130K - Astrolog Elvan","isPartOf":{"@id":"https:\/\/astrologelvan.com\/magaza\/#website"},"primaryImageOfPage":{"@id":"https:\/\/astrologelvan.com\/magaza\/urun\/hindistan-ice-quartz-buz-kristali-bileklik\/#primaryimage"},"image":{"@id":"https:\/\/astrologelvan.com\/magaza\/urun\/hindistan-ice-quartz-buz-kristali-bileklik\/#primaryimage"},"thumbnailUrl":"https:\/\/astrologelvan.com\/magaza\/wp-content\/uploads\/2024\/02\/Hindistan-Ice-Quartz-Buz-Kristali-Bileklik.jpg","datePublished":"2024-02-27T23:52:52+00:00","dateModified":"2025-10-06T05:15:01+00:00","breadcrumb":{"@id":"https:\/\/astrologelvan.com\/magaza\/urun\/hindistan-ice-quartz-buz-kristali-bileklik\/#breadcrumb"},"inLanguage":"tr","potentialAction":[{"@type":"ReadAction","target":["https:\/\/astrologelvan.com\/magaza\/urun\/hindistan-ice-quartz-buz-kristali-bileklik\/"]}]},{"@type":"ImageObject","inLanguage":"tr","@id":"https:\/\/astrologelvan.com\/magaza\/urun\/hindistan-ice-quartz-buz-kristali-bileklik\/#primaryimage","url":"https:\/\/astrologelvan.com\/magaza\/wp-content\/uploads\/2024\/02\/Hindistan-Ice-Quartz-Buz-Kristali-Bileklik.jpg","contentUrl":"https:\/\/astrologelvan.com\/magaza\/wp-content\/uploads\/2024\/02\/Hindistan-Ice-Quartz-Buz-Kristali-Bileklik.jpg","width":1080,"height":1080},{"@type":"BreadcrumbList","@id":"https:\/\/astrologelvan.com\/magaza\/urun\/hindistan-ice-quartz-buz-kristali-bileklik\/#breadcrumb","itemListElement":[{"@type":"ListItem","position":1,"name":"Anasayfa","item":"https:\/\/astrologelvan.com\/magaza\/"},{"@type":"ListItem","position":2,"name":"Ma\u011faza","item":"https:\/\/astrologelvan.com\/magaza\/magaza\/"},{"@type":"ListItem","position":3,"name":"H\u0130ND\u0130STAN ICE QUARTZ (BUZ KR\u0130STAL\u0130) B\u0130LEKL\u0130K"}]},{"@type":"WebSite","@id":"https:\/\/astrologelvan.com\/magaza\/#website","url":"https:\/\/astrologelvan.com\/magaza\/","name":"Astrolog Elvan","description":"","potentialAction":[{"@type":"SearchAction","target":{"@type":"EntryPoint","urlTemplate":"https:\/\/astrologelvan.com\/magaza\/?s={search_term_string}"},"query-input":{"@type":"PropertyValueSpecification","valueRequired":true,"valueName":"search_term_string"}}],"inLanguage":"tr"}]}},"_links":{"self":[{"href":"https:\/\/astrologelvan.com\/magaza\/wp-json\/wp\/v2\/product\/815","targetHints":{"allow":["GET"]}}],"collection":[{"href":"https:\/\/astrologelvan.com\/magaza\/wp-json\/wp\/v2\/product"}],"about":[{"href":"https:\/\/astrologelvan.com\/magaza\/wp-json\/wp\/v2\/types\/product"}],"replies":[{"embeddable":true,"href":"https:\/\/astrologelvan.com\/magaza\/wp-json\/wp\/v2\/comments?post=815"}],"wp:featuredmedia":[{"embeddable":true,"href":"https:\/\/astrologelvan.com\/magaza\/wp-json\/wp\/v2\/media\/871"}],"wp:attachment":[{"href":"https:\/\/astrologelvan.com\/magaza\/wp-json\/wp\/v2\/media?parent=815"}],"wp:term":[{"taxonomy":"product_brand","embeddable":true,"href":"https:\/\/astrologelvan.com\/magaza\/wp-json\/wp\/v2\/product_brand?post=815"},{"taxonomy":"product_cat","embeddable":true,"href":"https:\/\/astrologelvan.com\/magaza\/wp-json\/wp\/v2\/product_cat?post=815"},{"taxonomy":"product_tag","embeddable":true,"href":"https:\/\/astrologelvan.com\/magaza\/wp-json\/wp\/v2\/product_tag?post=815"}],"curies":[{"name":"wp","href":"https:\/\/api.w.org\/{rel}","templated":true}]}}