{"id":766,"date":"2024-02-28T02:49:10","date_gmt":"2024-02-27T23:49:10","guid":{"rendered":"https:\/\/astrologelvan.shop\/?post_type=product&#038;p=766"},"modified":"2025-10-06T08:14:59","modified_gmt":"2025-10-06T05:14:59","slug":"dogal-form-morganit-gul-beril-vorobevitetasi-kolye","status":"publish","type":"product","link":"https:\/\/astrologelvan.com\/magaza\/urun\/dogal-form-morganit-gul-beril-vorobevitetasi-kolye\/","title":{"rendered":"DO\u011eAL FORM MORGAN\u0130T (G\u00dcL BER\u0130L-VOROBEV\u0130TE)TA\u015eI  KOLYE"},"content":{"rendered":"<p style=\"font-weight: 400;\">Cinsiyet : Kad\u0131n<\/p>\n<p style=\"font-weight: 400;\">Kategori : Kolye<\/p>\n<p style=\"font-weight: 400;\">Marka : D\u00fcnya Do\u011fal Ta\u015f<\/p>\n<p style=\"font-weight: 400;\">\u00d6l\u00fc\u00e7\u00fc : 45 Cm<\/p>\n<p style=\"font-weight: 400;\">T\u00fcr\u00fc : Zincir Kolye<\/p>\n<p style=\"font-weight: 400;\">Renk : Ye\u015fil,sar\u0131,pembe<\/p>\n<p style=\"font-weight: 400;\">Ta\u015f Cinsi : Morganit<\/p>\n<p>Do\u011fal ta\u015f kolyelerimizin tasar\u0131mlar\u0131nda do\u011frudan cilde temas etmesini sa\u011fl\u0131yoruz. B\u00f6ylece do\u011fal ta\u015f kolyenizi takt\u0131k\u00e7a v\u00fccudunuzun titre\u015fimlerine ba\u011flan\u0131r ve size denge ve uyum getirir.<\/p>\n<p><strong>Tak\u0131lar\u0131n\u0131z\u0131n uzun s\u00fcre kullanabilmesi i\u00e7in; Parf\u00fcm, su, s\u0131v\u0131, dezenfektan, krem v.b. gibi maddelerle temas etmemesi, du\u015f-banyo s\u0131ras\u0131nda \u00e7\u0131kart\u0131lmas\u0131 gerekmektedir. Ki\u015finin ter-ten yap\u0131s\u0131na g\u00f6re de etkilenmektedir. Tak\u0131lar\u0131n\u0131z\u0131 kullanmad\u0131\u011f\u0131n\u0131z zamanlarda kesesinde saklaman\u0131z\u0131 \u00f6neririz.<\/strong><\/p>\n<p><strong>Do\u011fal ta\u015flar\u0131n belirli titre\u015fimlere ve frekanslara sahip oldu\u011fu bilinmektedir. Bu nedenle v\u00fccudumuzda ve auram\u0131zda birtak\u0131m iyi etkileri oldu\u011fu s\u00f6ylenmektedir. Ta\u015flar\u0131n \u00f6zelliklerinin bilimsel kesinli\u011fi yoktur. Astrologelvan ma\u011fazas\u0131ndaki t\u00fcm ta\u015flar orijinal, ger\u00e7ek do\u011fal ta\u015flard\u0131r. T\u0131bbi konularda doktora dan\u0131\u015fman\u0131z\u0131 tavsiye ederiz. Ta\u015flar\u0131n tedavi edici \u00f6zelli\u011fi yoktur, sadece ki\u015fisel enerjimizi y\u00fckseltmekte ve astrolojik olarak da temsil etti\u011fi gezegenlerin etkilerini artt\u0131rmakta oldu\u011fu kabul edilir. \u00d6rne\u011fin; pembe kuvars ta\u015f\u0131 a\u015fk ve sevgi gezegeni Ven\u00fcs&#8217;\u00fcn ta\u015f\u0131d\u0131r ve bu sebeple \u00fczerinde ta\u015f\u0131yan ki\u015finin a\u015fk ve sevgi frekans\u0131n\u0131 y\u00fckseltti\u011fi bilinir.<\/strong><\/p>\n<p>&nbsp;<\/p>\n","protected":false},"excerpt":{"rendered":"<p style=\"font-weight: 400;\">Morganit ta\u015f\u0131; Akuamarin ve z\u00fcmr\u00fct ta\u015flar\u0131n\u0131n yak\u0131n kuzeni olan\u00a0 de\u011ferli bir ta\u015ft\u0131r.<\/p>\n<p style=\"font-weight: 400;\">Nadir bulunan bu de\u011ferli ta\u015f; soluk pembeden g\u00fcl rengine, \u015feftali renginden somon rengine kadar \u00e7e\u015fitlilik g\u00f6sterir. ilk olarak 20.y\u00fczy\u0131l\u0131n ba\u015flar\u0131nda, Madagaskar\u2019da ke\u015ffedilmi\u015ftir.<\/p>\n<ul>\n<li style=\"font-weight: 400;\">\u0130\u00e7 huzur, g\u00fc\u00e7 ve ne\u015fe duygusuyla ili\u015fkilendirilen de\u011ferli bir ta\u015ft\u0131r.<\/li>\n<li style=\"font-weight: 400;\">Uzun s\u00fcre tak\u0131ld\u0131\u011f\u0131nda; ki\u015fiye \u00f6zg\u00fcven, fark\u0131ndal\u0131k getirir.<\/li>\n<li style=\"font-weight: 400;\">Pembe, \u015feftali pembesi, somon rengi, soluk pembe, menek\u015fe pembesi tonlar\u0131 vard\u0131r.<\/li>\n<li style=\"font-weight: 400;\">Di\u015fil enerjiyi dengeler.<\/li>\n<li style=\"font-weight: 400;\">\u0130lahi sevgi ile ba\u011flant\u0131l\u0131d\u0131r.<\/li>\n<li style=\"font-weight: 400;\">Ki\u015finin duygu durumunu dengeler.<\/li>\n<li style=\"font-weight: 400;\">Morganit ta\u015f\u0131 ; Pembe,Sar\u0131 ve Ye\u015fil olarak bulunur.<\/li>\n<\/ul>\n","protected":false},"featured_media":827,"comment_status":"open","ping_status":"closed","template":"","meta":[],"product_brand":[],"product_cat":[48,439],"product_tag":[39],"class_list":{"0":"post-766","1":"product","2":"type-product","3":"status-publish","4":"has-post-thumbnail","6":"product_cat-kolyeler","7":"product_cat-morganit-tasi","8":"product_tag-astrolog-elvan","10":"first","11":"outofstock","12":"taxable","13":"shipping-taxable","14":"purchasable","15":"product-type-simple"},"yoast_head":"<!-- This site is optimized with the Yoast SEO plugin v27.3 - https:\/\/yoast.com\/product\/yoast-seo-wordpress\/ -->\n<title>DO\u011eAL FORM MORGAN\u0130T (G\u00dcL BER\u0130L-VOROBEV\u0130TE)TA\u015eI KOLYE - Astrolog Elvan<\/title>\n<meta name=\"robots\" content=\"index, follow, max-snippet:-1, max-image-preview:large, max-video-preview:-1\" \/>\n<link rel=\"canonical\" href=\"https:\/\/astrologelvan.com\/magaza\/urun\/dogal-form-morganit-gul-beril-vorobevitetasi-kolye\/\" \/>\n<meta property=\"og:locale\" content=\"tr_TR\" \/>\n<meta property=\"og:type\" content=\"article\" \/>\n<meta property=\"og:title\" content=\"DO\u011eAL FORM MORGAN\u0130T (G\u00dcL BER\u0130L-VOROBEV\u0130TE)TA\u015eI KOLYE - Astrolog Elvan\" \/>\n<meta property=\"og:description\" content=\"Morganit ta\u015f\u0131; Akuamarin ve z\u00fcmr\u00fct ta\u015flar\u0131n\u0131n yak\u0131n kuzeni olan\u00a0 de\u011ferli bir ta\u015ft\u0131r. Nadir bulunan bu de\u011ferli ta\u015f; soluk pembeden g\u00fcl rengine, \u015feftali renginden somon rengine kadar \u00e7e\u015fitlilik g\u00f6sterir. ilk olarak 20.y\u00fczy\u0131l\u0131n ba\u015flar\u0131nda, Madagaskar\u2019da ke\u015ffedilmi\u015ftir.    \u0130\u00e7 huzur, g\u00fc\u00e7 ve ne\u015fe duygusuyla ili\u015fkilendirilen de\u011ferli bir ta\u015ft\u0131r.  Uzun s\u00fcre tak\u0131ld\u0131\u011f\u0131nda; ki\u015fiye \u00f6zg\u00fcven, fark\u0131ndal\u0131k getirir.  Pembe, \u015feftali pembesi, somon rengi, soluk pembe, menek\u015fe pembesi tonlar\u0131 vard\u0131r.  Di\u015fil enerjiyi dengeler.  \u0130lahi sevgi ile ba\u011flant\u0131l\u0131d\u0131r.  Ki\u015finin duygu durumunu dengeler.  Morganit ta\u015f\u0131 ; Pembe,Sar\u0131 ve Ye\u015fil olarak bulunur.\" \/>\n<meta property=\"og:url\" content=\"https:\/\/astrologelvan.com\/magaza\/urun\/dogal-form-morganit-gul-beril-vorobevitetasi-kolye\/\" \/>\n<meta property=\"og:site_name\" content=\"Astrolog Elvan\" \/>\n<meta property=\"article:modified_time\" content=\"2025-10-06T05:14:59+00:00\" \/>\n<meta property=\"og:image\" content=\"https:\/\/astrologelvan.com\/magaza\/wp-content\/uploads\/2024\/02\/Dogal-Form-Morganit-Gul-Beril-Vorobevite-Tasi-Kolye-2.jpg\" \/>\n\t<meta property=\"og:image:width\" content=\"1080\" \/>\n\t<meta property=\"og:image:height\" content=\"1080\" \/>\n\t<meta property=\"og:image:type\" content=\"image\/jpeg\" \/>\n<meta name=\"twitter:card\" content=\"summary_large_image\" \/>\n<meta name=\"twitter:label1\" content=\"Tahmini okuma s\u00fcresi\" \/>\n\t<meta name=\"twitter:data1\" content=\"1 dakika\" \/>\n<script type=\"application\/ld+json\" class=\"yoast-schema-graph\">{\"@context\":\"https:\\\/\\\/schema.org\",\"@graph\":[{\"@type\":[\"WebPage\",\"ItemPage\"],\"@id\":\"https:\\\/\\\/astrologelvan.com\\\/magaza\\\/urun\\\/dogal-form-morganit-gul-beril-vorobevitetasi-kolye\\\/\",\"url\":\"https:\\\/\\\/astrologelvan.com\\\/magaza\\\/urun\\\/dogal-form-morganit-gul-beril-vorobevitetasi-kolye\\\/\",\"name\":\"DO\u011eAL FORM MORGAN\u0130T (G\u00dcL BER\u0130L-VOROBEV\u0130TE)TA\u015eI KOLYE - Astrolog Elvan\",\"isPartOf\":{\"@id\":\"https:\\\/\\\/astrologelvan.com\\\/magaza\\\/#website\"},\"primaryImageOfPage\":{\"@id\":\"https:\\\/\\\/astrologelvan.com\\\/magaza\\\/urun\\\/dogal-form-morganit-gul-beril-vorobevitetasi-kolye\\\/#primaryimage\"},\"image\":{\"@id\":\"https:\\\/\\\/astrologelvan.com\\\/magaza\\\/urun\\\/dogal-form-morganit-gul-beril-vorobevitetasi-kolye\\\/#primaryimage\"},\"thumbnailUrl\":\"https:\\\/\\\/astrologelvan.com\\\/magaza\\\/wp-content\\\/uploads\\\/2024\\\/02\\\/Dogal-Form-Morganit-Gul-Beril-Vorobevite-Tasi-Kolye-2.jpg\",\"datePublished\":\"2024-02-27T23:49:10+00:00\",\"dateModified\":\"2025-10-06T05:14:59+00:00\",\"breadcrumb\":{\"@id\":\"https:\\\/\\\/astrologelvan.com\\\/magaza\\\/urun\\\/dogal-form-morganit-gul-beril-vorobevitetasi-kolye\\\/#breadcrumb\"},\"inLanguage\":\"tr\",\"potentialAction\":[{\"@type\":\"ReadAction\",\"target\":[\"https:\\\/\\\/astrologelvan.com\\\/magaza\\\/urun\\\/dogal-form-morganit-gul-beril-vorobevitetasi-kolye\\\/\"]}]},{\"@type\":\"ImageObject\",\"inLanguage\":\"tr\",\"@id\":\"https:\\\/\\\/astrologelvan.com\\\/magaza\\\/urun\\\/dogal-form-morganit-gul-beril-vorobevitetasi-kolye\\\/#primaryimage\",\"url\":\"https:\\\/\\\/astrologelvan.com\\\/magaza\\\/wp-content\\\/uploads\\\/2024\\\/02\\\/Dogal-Form-Morganit-Gul-Beril-Vorobevite-Tasi-Kolye-2.jpg\",\"contentUrl\":\"https:\\\/\\\/astrologelvan.com\\\/magaza\\\/wp-content\\\/uploads\\\/2024\\\/02\\\/Dogal-Form-Morganit-Gul-Beril-Vorobevite-Tasi-Kolye-2.jpg\",\"width\":1080,\"height\":1080},{\"@type\":\"BreadcrumbList\",\"@id\":\"https:\\\/\\\/astrologelvan.com\\\/magaza\\\/urun\\\/dogal-form-morganit-gul-beril-vorobevitetasi-kolye\\\/#breadcrumb\",\"itemListElement\":[{\"@type\":\"ListItem\",\"position\":1,\"name\":\"Anasayfa\",\"item\":\"https:\\\/\\\/astrologelvan.com\\\/magaza\\\/\"},{\"@type\":\"ListItem\",\"position\":2,\"name\":\"Ma\u011faza\",\"item\":\"https:\\\/\\\/astrologelvan.com\\\/magaza\\\/magaza\\\/\"},{\"@type\":\"ListItem\",\"position\":3,\"name\":\"DO\u011eAL FORM MORGAN\u0130T (G\u00dcL BER\u0130L-VOROBEV\u0130TE)TA\u015eI KOLYE\"}]},{\"@type\":\"WebSite\",\"@id\":\"https:\\\/\\\/astrologelvan.com\\\/magaza\\\/#website\",\"url\":\"https:\\\/\\\/astrologelvan.com\\\/magaza\\\/\",\"name\":\"Astrolog Elvan\",\"description\":\"\",\"potentialAction\":[{\"@type\":\"SearchAction\",\"target\":{\"@type\":\"EntryPoint\",\"urlTemplate\":\"https:\\\/\\\/astrologelvan.com\\\/magaza\\\/?s={search_term_string}\"},\"query-input\":{\"@type\":\"PropertyValueSpecification\",\"valueRequired\":true,\"valueName\":\"search_term_string\"}}],\"inLanguage\":\"tr\"}]}<\/script>\n<!-- \/ Yoast SEO plugin. -->","yoast_head_json":{"title":"DO\u011eAL FORM MORGAN\u0130T (G\u00dcL BER\u0130L-VOROBEV\u0130TE)TA\u015eI KOLYE - Astrolog Elvan","robots":{"index":"index","follow":"follow","max-snippet":"max-snippet:-1","max-image-preview":"max-image-preview:large","max-video-preview":"max-video-preview:-1"},"canonical":"https:\/\/astrologelvan.com\/magaza\/urun\/dogal-form-morganit-gul-beril-vorobevitetasi-kolye\/","og_locale":"tr_TR","og_type":"article","og_title":"DO\u011eAL FORM MORGAN\u0130T (G\u00dcL BER\u0130L-VOROBEV\u0130TE)TA\u015eI KOLYE - Astrolog Elvan","og_description":"Morganit ta\u015f\u0131; Akuamarin ve z\u00fcmr\u00fct ta\u015flar\u0131n\u0131n yak\u0131n kuzeni olan\u00a0 de\u011ferli bir ta\u015ft\u0131r. Nadir bulunan bu de\u011ferli ta\u015f; soluk pembeden g\u00fcl rengine, \u015feftali renginden somon rengine kadar \u00e7e\u015fitlilik g\u00f6sterir. ilk olarak 20.y\u00fczy\u0131l\u0131n ba\u015flar\u0131nda, Madagaskar\u2019da ke\u015ffedilmi\u015ftir.    \u0130\u00e7 huzur, g\u00fc\u00e7 ve ne\u015fe duygusuyla ili\u015fkilendirilen de\u011ferli bir ta\u015ft\u0131r.  Uzun s\u00fcre tak\u0131ld\u0131\u011f\u0131nda; ki\u015fiye \u00f6zg\u00fcven, fark\u0131ndal\u0131k getirir.  Pembe, \u015feftali pembesi, somon rengi, soluk pembe, menek\u015fe pembesi tonlar\u0131 vard\u0131r.  Di\u015fil enerjiyi dengeler.  \u0130lahi sevgi ile ba\u011flant\u0131l\u0131d\u0131r.  Ki\u015finin duygu durumunu dengeler.  Morganit ta\u015f\u0131 ; Pembe,Sar\u0131 ve Ye\u015fil olarak bulunur.","og_url":"https:\/\/astrologelvan.com\/magaza\/urun\/dogal-form-morganit-gul-beril-vorobevitetasi-kolye\/","og_site_name":"Astrolog Elvan","article_modified_time":"2025-10-06T05:14:59+00:00","og_image":[{"width":1080,"height":1080,"url":"https:\/\/astrologelvan.com\/magaza\/wp-content\/uploads\/2024\/02\/Dogal-Form-Morganit-Gul-Beril-Vorobevite-Tasi-Kolye-2.jpg","type":"image\/jpeg"}],"twitter_card":"summary_large_image","twitter_misc":{"Tahmini okuma s\u00fcresi":"1 dakika"},"schema":{"@context":"https:\/\/schema.org","@graph":[{"@type":["WebPage","ItemPage"],"@id":"https:\/\/astrologelvan.com\/magaza\/urun\/dogal-form-morganit-gul-beril-vorobevitetasi-kolye\/","url":"https:\/\/astrologelvan.com\/magaza\/urun\/dogal-form-morganit-gul-beril-vorobevitetasi-kolye\/","name":"DO\u011eAL FORM MORGAN\u0130T (G\u00dcL BER\u0130L-VOROBEV\u0130TE)TA\u015eI KOLYE - Astrolog Elvan","isPartOf":{"@id":"https:\/\/astrologelvan.com\/magaza\/#website"},"primaryImageOfPage":{"@id":"https:\/\/astrologelvan.com\/magaza\/urun\/dogal-form-morganit-gul-beril-vorobevitetasi-kolye\/#primaryimage"},"image":{"@id":"https:\/\/astrologelvan.com\/magaza\/urun\/dogal-form-morganit-gul-beril-vorobevitetasi-kolye\/#primaryimage"},"thumbnailUrl":"https:\/\/astrologelvan.com\/magaza\/wp-content\/uploads\/2024\/02\/Dogal-Form-Morganit-Gul-Beril-Vorobevite-Tasi-Kolye-2.jpg","datePublished":"2024-02-27T23:49:10+00:00","dateModified":"2025-10-06T05:14:59+00:00","breadcrumb":{"@id":"https:\/\/astrologelvan.com\/magaza\/urun\/dogal-form-morganit-gul-beril-vorobevitetasi-kolye\/#breadcrumb"},"inLanguage":"tr","potentialAction":[{"@type":"ReadAction","target":["https:\/\/astrologelvan.com\/magaza\/urun\/dogal-form-morganit-gul-beril-vorobevitetasi-kolye\/"]}]},{"@type":"ImageObject","inLanguage":"tr","@id":"https:\/\/astrologelvan.com\/magaza\/urun\/dogal-form-morganit-gul-beril-vorobevitetasi-kolye\/#primaryimage","url":"https:\/\/astrologelvan.com\/magaza\/wp-content\/uploads\/2024\/02\/Dogal-Form-Morganit-Gul-Beril-Vorobevite-Tasi-Kolye-2.jpg","contentUrl":"https:\/\/astrologelvan.com\/magaza\/wp-content\/uploads\/2024\/02\/Dogal-Form-Morganit-Gul-Beril-Vorobevite-Tasi-Kolye-2.jpg","width":1080,"height":1080},{"@type":"BreadcrumbList","@id":"https:\/\/astrologelvan.com\/magaza\/urun\/dogal-form-morganit-gul-beril-vorobevitetasi-kolye\/#breadcrumb","itemListElement":[{"@type":"ListItem","position":1,"name":"Anasayfa","item":"https:\/\/astrologelvan.com\/magaza\/"},{"@type":"ListItem","position":2,"name":"Ma\u011faza","item":"https:\/\/astrologelvan.com\/magaza\/magaza\/"},{"@type":"ListItem","position":3,"name":"DO\u011eAL FORM MORGAN\u0130T (G\u00dcL BER\u0130L-VOROBEV\u0130TE)TA\u015eI KOLYE"}]},{"@type":"WebSite","@id":"https:\/\/astrologelvan.com\/magaza\/#website","url":"https:\/\/astrologelvan.com\/magaza\/","name":"Astrolog Elvan","description":"","potentialAction":[{"@type":"SearchAction","target":{"@type":"EntryPoint","urlTemplate":"https:\/\/astrologelvan.com\/magaza\/?s={search_term_string}"},"query-input":{"@type":"PropertyValueSpecification","valueRequired":true,"valueName":"search_term_string"}}],"inLanguage":"tr"}]}},"_links":{"self":[{"href":"https:\/\/astrologelvan.com\/magaza\/wp-json\/wp\/v2\/product\/766","targetHints":{"allow":["GET"]}}],"collection":[{"href":"https:\/\/astrologelvan.com\/magaza\/wp-json\/wp\/v2\/product"}],"about":[{"href":"https:\/\/astrologelvan.com\/magaza\/wp-json\/wp\/v2\/types\/product"}],"replies":[{"embeddable":true,"href":"https:\/\/astrologelvan.com\/magaza\/wp-json\/wp\/v2\/comments?post=766"}],"wp:featuredmedia":[{"embeddable":true,"href":"https:\/\/astrologelvan.com\/magaza\/wp-json\/wp\/v2\/media\/827"}],"wp:attachment":[{"href":"https:\/\/astrologelvan.com\/magaza\/wp-json\/wp\/v2\/media?parent=766"}],"wp:term":[{"taxonomy":"product_brand","embeddable":true,"href":"https:\/\/astrologelvan.com\/magaza\/wp-json\/wp\/v2\/product_brand?post=766"},{"taxonomy":"product_cat","embeddable":true,"href":"https:\/\/astrologelvan.com\/magaza\/wp-json\/wp\/v2\/product_cat?post=766"},{"taxonomy":"product_tag","embeddable":true,"href":"https:\/\/astrologelvan.com\/magaza\/wp-json\/wp\/v2\/product_tag?post=766"}],"curies":[{"name":"wp","href":"https:\/\/api.w.org\/{rel}","templated":true}]}}