{"id":708,"date":"2024-02-28T02:41:47","date_gmt":"2024-02-27T23:41:47","guid":{"rendered":"https:\/\/astrologelvan.shop\/?post_type=product&#038;p=708"},"modified":"2026-02-25T23:23:57","modified_gmt":"2026-02-25T20:23:57","slug":"519-7148-925-ayar-gumus-charm-her-sey-mumkun-sayi-sekansi","status":"publish","type":"product","link":"https:\/\/astrologelvan.com\/magaza\/urun\/519-7148-925-ayar-gumus-charm-her-sey-mumkun-sayi-sekansi\/","title":{"rendered":"519  7148 \u2013 925 AYAR G\u00dcM\u00dc\u015e CHARM (HER \u015eEY M\u00dcMK\u00dcN SAYI SEKANSI)"},"content":{"rendered":"","protected":false},"excerpt":{"rendered":"<div>\n<p style=\"font-weight: 400\">Be\u015fbirdokuz yedibird\u00f6rtsekiz diye okunur. \u00a0Bo\u015fluk var ise ara verilir. Kolye ya da bilekliklerinize takabilirsiniz.<\/p>\n<p style=\"font-weight: 400\">Evrende her s\u0327eyin bir titres\u0327imi vard\u0131r ve say\u0131lar\u0131 kullanarak hayat\u0131n her alan\u0131nda do\u0308nu\u0308s\u0327u\u0308m yas\u0327ayabilir. Yani baz\u0131 say\u0131 dizilimlerini beraber okudug\u0306umuzda; dog\u0306ru frekansa gec\u0327iyor ve hayat\u0131m\u0131za pozitifi c\u0327ekiyor, kendimizi \u00a0d\u00f6n\u00fc\u015ft\u00fcrebiliyoruz.<\/p>\n<p style=\"font-weight: 400\">Diledi\u011finiz\u00a0\u015feyin kolayca ger\u00e7ekle\u015fti\u011finin ve bunun m\u00fcmk\u00fcn oldu\u011funu zihninizde imgeleyin, niyetinizi kurun ve sekanslar\u0131 tekrarlay\u0131n.<\/p>\n<p style=\"font-weight: 400\">Say\u0131 sekans\u0131n\u0131z\u0131 yan\u0131n\u0131zda ta\u015f\u0131d\u0131\u011f\u0131n\u0131z s\u00fcrece aktif olacakt\u0131r.<\/p>\n<\/div>\n","protected":false},"featured_media":770,"comment_status":"open","ping_status":"closed","template":"","meta":[],"product_brand":[],"product_cat":[370,261],"product_tag":[371,39,372],"class_list":{"0":"post-708","1":"product","2":"type-product","3":"status-publish","4":"has-post-thumbnail","6":"product_cat-charmlar","7":"product_cat-sayi-sekansli-dogal-taslar","8":"product_tag-925-ayar","9":"product_tag-astrolog-elvan","10":"product_tag-charm","12":"first","13":"outofstock","14":"purchasable","15":"product-type-simple"},"yoast_head":"<!-- This site is optimized with the Yoast SEO plugin v27.3 - https:\/\/yoast.com\/product\/yoast-seo-wordpress\/ -->\n<title>519 7148 \u2013 925 AYAR G\u00dcM\u00dc\u015e CHARM (HER \u015eEY M\u00dcMK\u00dcN SAYI SEKANSI) - Astrolog Elvan<\/title>\n<meta name=\"description\" content=\"Be\u015fikis\u0131f\u0131r diye okunur. Kolye ya da bilekliklerinize takabilirsiniz. G\u00fcn i\u00e7erisinde s\u0131k\u00e7a tekrar etmeniz para ak\u0131\u015f\u0131n\u0131z\u0131 h\u0131zland\u0131racakt\u0131r.\" \/>\n<meta name=\"robots\" content=\"index, follow, max-snippet:-1, max-image-preview:large, max-video-preview:-1\" \/>\n<link rel=\"canonical\" href=\"https:\/\/astrologelvan.com\/magaza\/urun\/519-7148-925-ayar-gumus-charm-her-sey-mumkun-sayi-sekansi\/\" \/>\n<meta property=\"og:locale\" content=\"tr_TR\" \/>\n<meta property=\"og:type\" content=\"article\" \/>\n<meta property=\"og:title\" content=\"519 7148 \u2013 925 AYAR G\u00dcM\u00dc\u015e CHARM (HER \u015eEY M\u00dcMK\u00dcN SAYI SEKANSI) - Astrolog Elvan\" \/>\n<meta property=\"og:description\" content=\"Be\u015fikis\u0131f\u0131r diye okunur. Kolye ya da bilekliklerinize takabilirsiniz. G\u00fcn i\u00e7erisinde s\u0131k\u00e7a tekrar etmeniz para ak\u0131\u015f\u0131n\u0131z\u0131 h\u0131zland\u0131racakt\u0131r.\" \/>\n<meta property=\"og:url\" content=\"https:\/\/astrologelvan.com\/magaza\/urun\/519-7148-925-ayar-gumus-charm-her-sey-mumkun-sayi-sekansi\/\" \/>\n<meta property=\"og:site_name\" content=\"Astrolog Elvan\" \/>\n<meta property=\"article:modified_time\" content=\"2026-02-25T20:23:57+00:00\" \/>\n<meta property=\"og:image\" content=\"https:\/\/astrologelvan.com\/magaza\/wp-content\/uploads\/2024\/02\/Her-sey-Mumkun-\u2013-Bas-Melek-Cebrail-Prehnit-Dogal-Tas-Bileklik-2.jpeg\" \/>\n\t<meta property=\"og:image:width\" content=\"768\" \/>\n\t<meta property=\"og:image:height\" content=\"1024\" \/>\n\t<meta property=\"og:image:type\" content=\"image\/jpeg\" \/>\n<meta name=\"twitter:card\" content=\"summary_large_image\" \/>\n<meta name=\"twitter:label1\" content=\"Tahmini okuma s\u00fcresi\" \/>\n\t<meta name=\"twitter:data1\" content=\"1 dakika\" \/>\n<script type=\"application\/ld+json\" class=\"yoast-schema-graph\">{\"@context\":\"https:\\\/\\\/schema.org\",\"@graph\":[{\"@type\":[\"WebPage\",\"ItemPage\"],\"@id\":\"https:\\\/\\\/astrologelvan.com\\\/magaza\\\/urun\\\/519-7148-925-ayar-gumus-charm-her-sey-mumkun-sayi-sekansi\\\/\",\"url\":\"https:\\\/\\\/astrologelvan.com\\\/magaza\\\/urun\\\/519-7148-925-ayar-gumus-charm-her-sey-mumkun-sayi-sekansi\\\/\",\"name\":\"519 7148 \u2013 925 AYAR G\u00dcM\u00dc\u015e CHARM (HER \u015eEY M\u00dcMK\u00dcN SAYI SEKANSI) - Astrolog Elvan\",\"isPartOf\":{\"@id\":\"https:\\\/\\\/astrologelvan.com\\\/magaza\\\/#website\"},\"primaryImageOfPage\":{\"@id\":\"https:\\\/\\\/astrologelvan.com\\\/magaza\\\/urun\\\/519-7148-925-ayar-gumus-charm-her-sey-mumkun-sayi-sekansi\\\/#primaryimage\"},\"image\":{\"@id\":\"https:\\\/\\\/astrologelvan.com\\\/magaza\\\/urun\\\/519-7148-925-ayar-gumus-charm-her-sey-mumkun-sayi-sekansi\\\/#primaryimage\"},\"thumbnailUrl\":\"https:\\\/\\\/astrologelvan.com\\\/magaza\\\/wp-content\\\/uploads\\\/2024\\\/02\\\/Her-sey-Mumkun-\u2013-Bas-Melek-Cebrail-Prehnit-Dogal-Tas-Bileklik-2.jpeg\",\"datePublished\":\"2024-02-27T23:41:47+00:00\",\"dateModified\":\"2026-02-25T20:23:57+00:00\",\"description\":\"Be\u015fikis\u0131f\u0131r diye okunur. Kolye ya da bilekliklerinize takabilirsiniz. G\u00fcn i\u00e7erisinde s\u0131k\u00e7a tekrar etmeniz para ak\u0131\u015f\u0131n\u0131z\u0131 h\u0131zland\u0131racakt\u0131r.\",\"breadcrumb\":{\"@id\":\"https:\\\/\\\/astrologelvan.com\\\/magaza\\\/urun\\\/519-7148-925-ayar-gumus-charm-her-sey-mumkun-sayi-sekansi\\\/#breadcrumb\"},\"inLanguage\":\"tr\",\"potentialAction\":[{\"@type\":\"ReadAction\",\"target\":[\"https:\\\/\\\/astrologelvan.com\\\/magaza\\\/urun\\\/519-7148-925-ayar-gumus-charm-her-sey-mumkun-sayi-sekansi\\\/\"]}]},{\"@type\":\"ImageObject\",\"inLanguage\":\"tr\",\"@id\":\"https:\\\/\\\/astrologelvan.com\\\/magaza\\\/urun\\\/519-7148-925-ayar-gumus-charm-her-sey-mumkun-sayi-sekansi\\\/#primaryimage\",\"url\":\"https:\\\/\\\/astrologelvan.com\\\/magaza\\\/wp-content\\\/uploads\\\/2024\\\/02\\\/Her-sey-Mumkun-\u2013-Bas-Melek-Cebrail-Prehnit-Dogal-Tas-Bileklik-2.jpeg\",\"contentUrl\":\"https:\\\/\\\/astrologelvan.com\\\/magaza\\\/wp-content\\\/uploads\\\/2024\\\/02\\\/Her-sey-Mumkun-\u2013-Bas-Melek-Cebrail-Prehnit-Dogal-Tas-Bileklik-2.jpeg\",\"width\":768,\"height\":1024},{\"@type\":\"BreadcrumbList\",\"@id\":\"https:\\\/\\\/astrologelvan.com\\\/magaza\\\/urun\\\/519-7148-925-ayar-gumus-charm-her-sey-mumkun-sayi-sekansi\\\/#breadcrumb\",\"itemListElement\":[{\"@type\":\"ListItem\",\"position\":1,\"name\":\"Anasayfa\",\"item\":\"https:\\\/\\\/astrologelvan.com\\\/magaza\\\/\"},{\"@type\":\"ListItem\",\"position\":2,\"name\":\"Ma\u011faza\",\"item\":\"https:\\\/\\\/astrologelvan.com\\\/magaza\\\/magaza\\\/\"},{\"@type\":\"ListItem\",\"position\":3,\"name\":\"519 7148 \u2013 925 AYAR G\u00dcM\u00dc\u015e CHARM (HER \u015eEY M\u00dcMK\u00dcN SAYI SEKANSI)\"}]},{\"@type\":\"WebSite\",\"@id\":\"https:\\\/\\\/astrologelvan.com\\\/magaza\\\/#website\",\"url\":\"https:\\\/\\\/astrologelvan.com\\\/magaza\\\/\",\"name\":\"Astrolog Elvan\",\"description\":\"\",\"potentialAction\":[{\"@type\":\"SearchAction\",\"target\":{\"@type\":\"EntryPoint\",\"urlTemplate\":\"https:\\\/\\\/astrologelvan.com\\\/magaza\\\/?s={search_term_string}\"},\"query-input\":{\"@type\":\"PropertyValueSpecification\",\"valueRequired\":true,\"valueName\":\"search_term_string\"}}],\"inLanguage\":\"tr\"}]}<\/script>\n<!-- \/ Yoast SEO plugin. -->","yoast_head_json":{"title":"519 7148 \u2013 925 AYAR G\u00dcM\u00dc\u015e CHARM (HER \u015eEY M\u00dcMK\u00dcN SAYI SEKANSI) - Astrolog Elvan","description":"Be\u015fikis\u0131f\u0131r diye okunur. Kolye ya da bilekliklerinize takabilirsiniz. G\u00fcn i\u00e7erisinde s\u0131k\u00e7a tekrar etmeniz para ak\u0131\u015f\u0131n\u0131z\u0131 h\u0131zland\u0131racakt\u0131r.","robots":{"index":"index","follow":"follow","max-snippet":"max-snippet:-1","max-image-preview":"max-image-preview:large","max-video-preview":"max-video-preview:-1"},"canonical":"https:\/\/astrologelvan.com\/magaza\/urun\/519-7148-925-ayar-gumus-charm-her-sey-mumkun-sayi-sekansi\/","og_locale":"tr_TR","og_type":"article","og_title":"519 7148 \u2013 925 AYAR G\u00dcM\u00dc\u015e CHARM (HER \u015eEY M\u00dcMK\u00dcN SAYI SEKANSI) - Astrolog Elvan","og_description":"Be\u015fikis\u0131f\u0131r diye okunur. Kolye ya da bilekliklerinize takabilirsiniz. G\u00fcn i\u00e7erisinde s\u0131k\u00e7a tekrar etmeniz para ak\u0131\u015f\u0131n\u0131z\u0131 h\u0131zland\u0131racakt\u0131r.","og_url":"https:\/\/astrologelvan.com\/magaza\/urun\/519-7148-925-ayar-gumus-charm-her-sey-mumkun-sayi-sekansi\/","og_site_name":"Astrolog Elvan","article_modified_time":"2026-02-25T20:23:57+00:00","og_image":[{"width":768,"height":1024,"url":"https:\/\/astrologelvan.com\/magaza\/wp-content\/uploads\/2024\/02\/Her-sey-Mumkun-\u2013-Bas-Melek-Cebrail-Prehnit-Dogal-Tas-Bileklik-2.jpeg","type":"image\/jpeg"}],"twitter_card":"summary_large_image","twitter_misc":{"Tahmini okuma s\u00fcresi":"1 dakika"},"schema":{"@context":"https:\/\/schema.org","@graph":[{"@type":["WebPage","ItemPage"],"@id":"https:\/\/astrologelvan.com\/magaza\/urun\/519-7148-925-ayar-gumus-charm-her-sey-mumkun-sayi-sekansi\/","url":"https:\/\/astrologelvan.com\/magaza\/urun\/519-7148-925-ayar-gumus-charm-her-sey-mumkun-sayi-sekansi\/","name":"519 7148 \u2013 925 AYAR G\u00dcM\u00dc\u015e CHARM (HER \u015eEY M\u00dcMK\u00dcN SAYI SEKANSI) - Astrolog Elvan","isPartOf":{"@id":"https:\/\/astrologelvan.com\/magaza\/#website"},"primaryImageOfPage":{"@id":"https:\/\/astrologelvan.com\/magaza\/urun\/519-7148-925-ayar-gumus-charm-her-sey-mumkun-sayi-sekansi\/#primaryimage"},"image":{"@id":"https:\/\/astrologelvan.com\/magaza\/urun\/519-7148-925-ayar-gumus-charm-her-sey-mumkun-sayi-sekansi\/#primaryimage"},"thumbnailUrl":"https:\/\/astrologelvan.com\/magaza\/wp-content\/uploads\/2024\/02\/Her-sey-Mumkun-\u2013-Bas-Melek-Cebrail-Prehnit-Dogal-Tas-Bileklik-2.jpeg","datePublished":"2024-02-27T23:41:47+00:00","dateModified":"2026-02-25T20:23:57+00:00","description":"Be\u015fikis\u0131f\u0131r diye okunur. Kolye ya da bilekliklerinize takabilirsiniz. G\u00fcn i\u00e7erisinde s\u0131k\u00e7a tekrar etmeniz para ak\u0131\u015f\u0131n\u0131z\u0131 h\u0131zland\u0131racakt\u0131r.","breadcrumb":{"@id":"https:\/\/astrologelvan.com\/magaza\/urun\/519-7148-925-ayar-gumus-charm-her-sey-mumkun-sayi-sekansi\/#breadcrumb"},"inLanguage":"tr","potentialAction":[{"@type":"ReadAction","target":["https:\/\/astrologelvan.com\/magaza\/urun\/519-7148-925-ayar-gumus-charm-her-sey-mumkun-sayi-sekansi\/"]}]},{"@type":"ImageObject","inLanguage":"tr","@id":"https:\/\/astrologelvan.com\/magaza\/urun\/519-7148-925-ayar-gumus-charm-her-sey-mumkun-sayi-sekansi\/#primaryimage","url":"https:\/\/astrologelvan.com\/magaza\/wp-content\/uploads\/2024\/02\/Her-sey-Mumkun-\u2013-Bas-Melek-Cebrail-Prehnit-Dogal-Tas-Bileklik-2.jpeg","contentUrl":"https:\/\/astrologelvan.com\/magaza\/wp-content\/uploads\/2024\/02\/Her-sey-Mumkun-\u2013-Bas-Melek-Cebrail-Prehnit-Dogal-Tas-Bileklik-2.jpeg","width":768,"height":1024},{"@type":"BreadcrumbList","@id":"https:\/\/astrologelvan.com\/magaza\/urun\/519-7148-925-ayar-gumus-charm-her-sey-mumkun-sayi-sekansi\/#breadcrumb","itemListElement":[{"@type":"ListItem","position":1,"name":"Anasayfa","item":"https:\/\/astrologelvan.com\/magaza\/"},{"@type":"ListItem","position":2,"name":"Ma\u011faza","item":"https:\/\/astrologelvan.com\/magaza\/magaza\/"},{"@type":"ListItem","position":3,"name":"519 7148 \u2013 925 AYAR G\u00dcM\u00dc\u015e CHARM (HER \u015eEY M\u00dcMK\u00dcN SAYI SEKANSI)"}]},{"@type":"WebSite","@id":"https:\/\/astrologelvan.com\/magaza\/#website","url":"https:\/\/astrologelvan.com\/magaza\/","name":"Astrolog Elvan","description":"","potentialAction":[{"@type":"SearchAction","target":{"@type":"EntryPoint","urlTemplate":"https:\/\/astrologelvan.com\/magaza\/?s={search_term_string}"},"query-input":{"@type":"PropertyValueSpecification","valueRequired":true,"valueName":"search_term_string"}}],"inLanguage":"tr"}]}},"_links":{"self":[{"href":"https:\/\/astrologelvan.com\/magaza\/wp-json\/wp\/v2\/product\/708","targetHints":{"allow":["GET"]}}],"collection":[{"href":"https:\/\/astrologelvan.com\/magaza\/wp-json\/wp\/v2\/product"}],"about":[{"href":"https:\/\/astrologelvan.com\/magaza\/wp-json\/wp\/v2\/types\/product"}],"replies":[{"embeddable":true,"href":"https:\/\/astrologelvan.com\/magaza\/wp-json\/wp\/v2\/comments?post=708"}],"wp:featuredmedia":[{"embeddable":true,"href":"https:\/\/astrologelvan.com\/magaza\/wp-json\/wp\/v2\/media\/770"}],"wp:attachment":[{"href":"https:\/\/astrologelvan.com\/magaza\/wp-json\/wp\/v2\/media?parent=708"}],"wp:term":[{"taxonomy":"product_brand","embeddable":true,"href":"https:\/\/astrologelvan.com\/magaza\/wp-json\/wp\/v2\/product_brand?post=708"},{"taxonomy":"product_cat","embeddable":true,"href":"https:\/\/astrologelvan.com\/magaza\/wp-json\/wp\/v2\/product_cat?post=708"},{"taxonomy":"product_tag","embeddable":true,"href":"https:\/\/astrologelvan.com\/magaza\/wp-json\/wp\/v2\/product_tag?post=708"}],"curies":[{"name":"wp","href":"https:\/\/api.w.org\/{rel}","templated":true}]}}