{"id":64029,"date":"2025-04-11T20:20:12","date_gmt":"2025-04-11T17:20:12","guid":{"rendered":"https:\/\/astrologelvan.com\/magaza\/?post_type=product&#038;p=64029"},"modified":"2025-12-30T14:58:48","modified_gmt":"2025-12-30T11:58:48","slug":"yasamak-istedigin-dunyayi-yarat-yaratim-atolyesi-elvan-lapis","status":"publish","type":"product","link":"https:\/\/astrologelvan.com\/magaza\/urun\/yasamak-istedigin-dunyayi-yarat-yaratim-atolyesi-elvan-lapis\/","title":{"rendered":"Ya\u015famak istedi\u011fin d\u00fcnyay\u0131 yarat! YARATIM AT\u00d6LYES\u0130 |\u00a0Elvan Lapis"},"content":{"rendered":"","protected":false},"excerpt":{"rendered":"<p><em>Bu at\u00f6lyede, Astrolog Elvan Lapis \u00e7e\u015fitli \u015fifa teknikleriyle nas\u0131l yarat\u0131m yapaca\u011f\u0131n\u0131z\u0131 \u00f6\u011fretecek. Birlikte \u00f6zel bir meditasyon ile hayallerimizi yarataca\u011f\u0131z ve sonras\u0131nda o hayalleri ya\u015famaya tan\u0131kl\u0131k edece\u011fiz.<\/em><\/p>\n<p><span style=\"color: #9134b0;\"><strong>E\u011fer i\u015finden memnun de\u011filsen,<\/strong><\/span><br \/>\n<span style=\"color: #9134b0;\"><strong>ya\u015fad\u0131\u011f\u0131n \u015fartlardan memnun de\u011filsen,<\/strong><\/span><br \/>\n<span style=\"color: #9134b0;\"><strong>\u0130li\u015fkinden memnun de\u011filsen,<\/strong><\/span><br \/>\n<span style=\"color: #9134b0;\"><strong>Maddi para ak\u0131\u015f\u0131ndan memnun de\u011filsen<\/strong><\/span><\/p>\n<p>Bu at\u00f6lye ile kendi ger\u00e7ekli\u011fini de\u011fi\u015ftirebilirsin.<br \/>\n<u>Hemen \u015fimdi kat\u0131l!<\/u><\/p>\n<p>Tarih: 17 Nisan Saat: 21:00<\/p>\n<p>At\u00f6lye 17 Nisan gecesi T\u00fcrkiye saati ile 21:00\u2019da zoom \u00fczerinden Elvan Lapis e\u015fli\u011finde canl\u0131 olarak yap\u0131lacak.<\/p>\n<p>Sipari\u015flerinizi olu\u015ftururken aktif kulland\u0131\u011f\u0131n\u0131z telefon numaran\u0131z\u0131 ve e-mail adresinizi girmelisiniz.<br \/>\n<strong>At\u00f6lye kat\u0131l\u0131m linkleri<\/strong>\u00a0<u>belirtti\u011finiz numaraya SMS olarak, belirtti\u011finiz e-mail adresine e-mail olarak g\u00f6nderilecektir.<\/u><br \/>\nSMS ve E-mail adresinizi do\u011fru yazd\u0131\u011f\u0131n\u0131za ve SMS ve E-mail kutunuzun dolu olmamas\u0131na dikkat ediniz.<\/p>\n<p>At\u00f6lye kay\u0131tlar\u0131 sat\u0131n alan ki\u015filere canl\u0131 yay\u0131n sonras\u0131ndaki g\u00fcnlerde yine ayn\u0131 kanallardan iletilecektir.<br \/>\n<strong>Her at\u00f6lye kayd\u0131 bir ki\u015fi i\u00e7in ge\u00e7erlidir, yasal olarak bir ba\u015fkas\u0131 ile payla\u015f\u0131lamaz.<\/strong><\/p>\n<div class=\"sales-counter\" style=\" margin: 1em 0; padding: 10px; background-color: #fff; border: 1px solid #ddd;\">\u2728407 Ki\u015fi Yerini Ay\u0131rd\u0131!<\/div>\n","protected":false},"featured_media":64034,"comment_status":"open","ping_status":"closed","template":"","meta":[],"product_brand":[],"product_cat":[494],"product_tag":[],"class_list":{"0":"post-64029","1":"product","2":"type-product","3":"status-publish","4":"has-post-thumbnail","6":"product_cat-atolyeler","8":"first","9":"outofstock","10":"virtual","11":"taxable","12":"purchasable","13":"product-type-simple"},"yoast_head":"<!-- This site is optimized with the Yoast SEO plugin v27.3 - https:\/\/yoast.com\/product\/yoast-seo-wordpress\/ -->\n<title>Ya\u015famak istedi\u011fin d\u00fcnyay\u0131 yarat! YARATIM AT\u00d6LYES\u0130 |\u00a0Elvan Lapis - Astrolog Elvan<\/title>\n<meta name=\"robots\" content=\"index, follow, max-snippet:-1, max-image-preview:large, max-video-preview:-1\" \/>\n<link rel=\"canonical\" href=\"https:\/\/astrologelvan.com\/magaza\/urun\/yasamak-istedigin-dunyayi-yarat-yaratim-atolyesi-elvan-lapis\/\" \/>\n<meta property=\"og:locale\" content=\"tr_TR\" \/>\n<meta property=\"og:type\" content=\"article\" \/>\n<meta property=\"og:title\" content=\"Ya\u015famak istedi\u011fin d\u00fcnyay\u0131 yarat! YARATIM AT\u00d6LYES\u0130 |\u00a0Elvan Lapis - Astrolog Elvan\" \/>\n<meta property=\"og:description\" content=\"Bu at\u00f6lyede, Astrolog Elvan Lapis \u00e7e\u015fitli \u015fifa teknikleriyle nas\u0131l yarat\u0131m yapaca\u011f\u0131n\u0131z\u0131 \u00f6\u011fretecek. Birlikte \u00f6zel bir meditasyon ile hayallerimizi yarataca\u011f\u0131z ve sonras\u0131nda o hayalleri ya\u015famaya tan\u0131kl\u0131k edece\u011fiz.  E\u011fer i\u015finden memnun de\u011filsen, ya\u015fad\u0131\u011f\u0131n \u015fartlardan memnun de\u011filsen, \u0130li\u015fkinden memnun de\u011filsen, Maddi para ak\u0131\u015f\u0131ndan memnun de\u011filsen  Bu at\u00f6lye ile kendi ger\u00e7ekli\u011fini de\u011fi\u015ftirebilirsin. Hemen \u015fimdi kat\u0131l!  Tarih: 17 Nisan Saat: 21:00  At\u00f6lye 17 Nisan gecesi T\u00fcrkiye saati ile 21:00\u2019da zoom \u00fczerinden Elvan Lapis e\u015fli\u011finde canl\u0131 olarak yap\u0131lacak.  Sipari\u015flerinizi olu\u015ftururken aktif kulland\u0131\u011f\u0131n\u0131z telefon numaran\u0131z\u0131 ve e-mail adresinizi girmelisiniz. At\u00f6lye kat\u0131l\u0131m linkleri\u00a0belirtti\u011finiz numaraya SMS olarak, belirtti\u011finiz e-mail adresine e-mail olarak g\u00f6nderilecektir. SMS ve E-mail adresinizi do\u011fru yazd\u0131\u011f\u0131n\u0131za ve SMS ve E-mail kutunuzun dolu olmamas\u0131na dikkat ediniz.  At\u00f6lye kay\u0131tlar\u0131 sat\u0131n alan ki\u015filere canl\u0131 yay\u0131n sonras\u0131ndaki g\u00fcnlerde yine ayn\u0131 kanallardan iletilecektir. Her at\u00f6lye kayd\u0131 bir ki\u015fi i\u00e7in ge\u00e7erlidir, yasal olarak bir ba\u015fkas\u0131 ile payla\u015f\u0131lamaz.\" \/>\n<meta property=\"og:url\" content=\"https:\/\/astrologelvan.com\/magaza\/urun\/yasamak-istedigin-dunyayi-yarat-yaratim-atolyesi-elvan-lapis\/\" \/>\n<meta property=\"og:site_name\" content=\"Astrolog Elvan\" \/>\n<meta property=\"article:modified_time\" content=\"2025-12-30T11:58:48+00:00\" \/>\n<meta property=\"og:image\" content=\"https:\/\/astrologelvan.com\/magaza\/wp-content\/uploads\/2025\/04\/Mobil-2.webp\" \/>\n\t<meta property=\"og:image:width\" content=\"1000\" \/>\n\t<meta property=\"og:image:height\" content=\"1300\" \/>\n\t<meta property=\"og:image:type\" content=\"image\/webp\" \/>\n<meta name=\"twitter:card\" content=\"summary_large_image\" \/>\n<meta name=\"twitter:label1\" content=\"Tahmini okuma s\u00fcresi\" \/>\n\t<meta name=\"twitter:data1\" content=\"1 dakika\" \/>\n<script type=\"application\/ld+json\" class=\"yoast-schema-graph\">{\"@context\":\"https:\\\/\\\/schema.org\",\"@graph\":[{\"@type\":[\"WebPage\",\"ItemPage\"],\"@id\":\"https:\\\/\\\/astrologelvan.com\\\/magaza\\\/urun\\\/yasamak-istedigin-dunyayi-yarat-yaratim-atolyesi-elvan-lapis\\\/\",\"url\":\"https:\\\/\\\/astrologelvan.com\\\/magaza\\\/urun\\\/yasamak-istedigin-dunyayi-yarat-yaratim-atolyesi-elvan-lapis\\\/\",\"name\":\"Ya\u015famak istedi\u011fin d\u00fcnyay\u0131 yarat! YARATIM AT\u00d6LYES\u0130 |\u00a0Elvan Lapis - Astrolog Elvan\",\"isPartOf\":{\"@id\":\"https:\\\/\\\/astrologelvan.com\\\/magaza\\\/#website\"},\"primaryImageOfPage\":{\"@id\":\"https:\\\/\\\/astrologelvan.com\\\/magaza\\\/urun\\\/yasamak-istedigin-dunyayi-yarat-yaratim-atolyesi-elvan-lapis\\\/#primaryimage\"},\"image\":{\"@id\":\"https:\\\/\\\/astrologelvan.com\\\/magaza\\\/urun\\\/yasamak-istedigin-dunyayi-yarat-yaratim-atolyesi-elvan-lapis\\\/#primaryimage\"},\"thumbnailUrl\":\"https:\\\/\\\/astrologelvan.com\\\/magaza\\\/wp-content\\\/uploads\\\/2025\\\/04\\\/Mobil-2.webp\",\"datePublished\":\"2025-04-11T17:20:12+00:00\",\"dateModified\":\"2025-12-30T11:58:48+00:00\",\"breadcrumb\":{\"@id\":\"https:\\\/\\\/astrologelvan.com\\\/magaza\\\/urun\\\/yasamak-istedigin-dunyayi-yarat-yaratim-atolyesi-elvan-lapis\\\/#breadcrumb\"},\"inLanguage\":\"tr\",\"potentialAction\":[{\"@type\":\"ReadAction\",\"target\":[\"https:\\\/\\\/astrologelvan.com\\\/magaza\\\/urun\\\/yasamak-istedigin-dunyayi-yarat-yaratim-atolyesi-elvan-lapis\\\/\"]}]},{\"@type\":\"ImageObject\",\"inLanguage\":\"tr\",\"@id\":\"https:\\\/\\\/astrologelvan.com\\\/magaza\\\/urun\\\/yasamak-istedigin-dunyayi-yarat-yaratim-atolyesi-elvan-lapis\\\/#primaryimage\",\"url\":\"https:\\\/\\\/astrologelvan.com\\\/magaza\\\/wp-content\\\/uploads\\\/2025\\\/04\\\/Mobil-2.webp\",\"contentUrl\":\"https:\\\/\\\/astrologelvan.com\\\/magaza\\\/wp-content\\\/uploads\\\/2025\\\/04\\\/Mobil-2.webp\",\"width\":1000,\"height\":1300},{\"@type\":\"BreadcrumbList\",\"@id\":\"https:\\\/\\\/astrologelvan.com\\\/magaza\\\/urun\\\/yasamak-istedigin-dunyayi-yarat-yaratim-atolyesi-elvan-lapis\\\/#breadcrumb\",\"itemListElement\":[{\"@type\":\"ListItem\",\"position\":1,\"name\":\"Anasayfa\",\"item\":\"https:\\\/\\\/astrologelvan.com\\\/magaza\\\/\"},{\"@type\":\"ListItem\",\"position\":2,\"name\":\"Ma\u011faza\",\"item\":\"https:\\\/\\\/astrologelvan.com\\\/magaza\\\/magaza\\\/\"},{\"@type\":\"ListItem\",\"position\":3,\"name\":\"Ya\u015famak istedi\u011fin d\u00fcnyay\u0131 yarat! YARATIM AT\u00d6LYES\u0130 |\u00a0Elvan Lapis\"}]},{\"@type\":\"WebSite\",\"@id\":\"https:\\\/\\\/astrologelvan.com\\\/magaza\\\/#website\",\"url\":\"https:\\\/\\\/astrologelvan.com\\\/magaza\\\/\",\"name\":\"Astrolog Elvan\",\"description\":\"\",\"potentialAction\":[{\"@type\":\"SearchAction\",\"target\":{\"@type\":\"EntryPoint\",\"urlTemplate\":\"https:\\\/\\\/astrologelvan.com\\\/magaza\\\/?s={search_term_string}\"},\"query-input\":{\"@type\":\"PropertyValueSpecification\",\"valueRequired\":true,\"valueName\":\"search_term_string\"}}],\"inLanguage\":\"tr\"}]}<\/script>\n<!-- \/ Yoast SEO plugin. -->","yoast_head_json":{"title":"Ya\u015famak istedi\u011fin d\u00fcnyay\u0131 yarat! YARATIM AT\u00d6LYES\u0130 |\u00a0Elvan Lapis - Astrolog Elvan","robots":{"index":"index","follow":"follow","max-snippet":"max-snippet:-1","max-image-preview":"max-image-preview:large","max-video-preview":"max-video-preview:-1"},"canonical":"https:\/\/astrologelvan.com\/magaza\/urun\/yasamak-istedigin-dunyayi-yarat-yaratim-atolyesi-elvan-lapis\/","og_locale":"tr_TR","og_type":"article","og_title":"Ya\u015famak istedi\u011fin d\u00fcnyay\u0131 yarat! YARATIM AT\u00d6LYES\u0130 |\u00a0Elvan Lapis - Astrolog Elvan","og_description":"Bu at\u00f6lyede, Astrolog Elvan Lapis \u00e7e\u015fitli \u015fifa teknikleriyle nas\u0131l yarat\u0131m yapaca\u011f\u0131n\u0131z\u0131 \u00f6\u011fretecek. Birlikte \u00f6zel bir meditasyon ile hayallerimizi yarataca\u011f\u0131z ve sonras\u0131nda o hayalleri ya\u015famaya tan\u0131kl\u0131k edece\u011fiz.  E\u011fer i\u015finden memnun de\u011filsen, ya\u015fad\u0131\u011f\u0131n \u015fartlardan memnun de\u011filsen, \u0130li\u015fkinden memnun de\u011filsen, Maddi para ak\u0131\u015f\u0131ndan memnun de\u011filsen  Bu at\u00f6lye ile kendi ger\u00e7ekli\u011fini de\u011fi\u015ftirebilirsin. Hemen \u015fimdi kat\u0131l!  Tarih: 17 Nisan Saat: 21:00  At\u00f6lye 17 Nisan gecesi T\u00fcrkiye saati ile 21:00\u2019da zoom \u00fczerinden Elvan Lapis e\u015fli\u011finde canl\u0131 olarak yap\u0131lacak.  Sipari\u015flerinizi olu\u015ftururken aktif kulland\u0131\u011f\u0131n\u0131z telefon numaran\u0131z\u0131 ve e-mail adresinizi girmelisiniz. At\u00f6lye kat\u0131l\u0131m linkleri\u00a0belirtti\u011finiz numaraya SMS olarak, belirtti\u011finiz e-mail adresine e-mail olarak g\u00f6nderilecektir. SMS ve E-mail adresinizi do\u011fru yazd\u0131\u011f\u0131n\u0131za ve SMS ve E-mail kutunuzun dolu olmamas\u0131na dikkat ediniz.  At\u00f6lye kay\u0131tlar\u0131 sat\u0131n alan ki\u015filere canl\u0131 yay\u0131n sonras\u0131ndaki g\u00fcnlerde yine ayn\u0131 kanallardan iletilecektir. Her at\u00f6lye kayd\u0131 bir ki\u015fi i\u00e7in ge\u00e7erlidir, yasal olarak bir ba\u015fkas\u0131 ile payla\u015f\u0131lamaz.","og_url":"https:\/\/astrologelvan.com\/magaza\/urun\/yasamak-istedigin-dunyayi-yarat-yaratim-atolyesi-elvan-lapis\/","og_site_name":"Astrolog Elvan","article_modified_time":"2025-12-30T11:58:48+00:00","og_image":[{"width":1000,"height":1300,"url":"https:\/\/astrologelvan.com\/magaza\/wp-content\/uploads\/2025\/04\/Mobil-2.webp","type":"image\/webp"}],"twitter_card":"summary_large_image","twitter_misc":{"Tahmini okuma s\u00fcresi":"1 dakika"},"schema":{"@context":"https:\/\/schema.org","@graph":[{"@type":["WebPage","ItemPage"],"@id":"https:\/\/astrologelvan.com\/magaza\/urun\/yasamak-istedigin-dunyayi-yarat-yaratim-atolyesi-elvan-lapis\/","url":"https:\/\/astrologelvan.com\/magaza\/urun\/yasamak-istedigin-dunyayi-yarat-yaratim-atolyesi-elvan-lapis\/","name":"Ya\u015famak istedi\u011fin d\u00fcnyay\u0131 yarat! YARATIM AT\u00d6LYES\u0130 |\u00a0Elvan Lapis - Astrolog Elvan","isPartOf":{"@id":"https:\/\/astrologelvan.com\/magaza\/#website"},"primaryImageOfPage":{"@id":"https:\/\/astrologelvan.com\/magaza\/urun\/yasamak-istedigin-dunyayi-yarat-yaratim-atolyesi-elvan-lapis\/#primaryimage"},"image":{"@id":"https:\/\/astrologelvan.com\/magaza\/urun\/yasamak-istedigin-dunyayi-yarat-yaratim-atolyesi-elvan-lapis\/#primaryimage"},"thumbnailUrl":"https:\/\/astrologelvan.com\/magaza\/wp-content\/uploads\/2025\/04\/Mobil-2.webp","datePublished":"2025-04-11T17:20:12+00:00","dateModified":"2025-12-30T11:58:48+00:00","breadcrumb":{"@id":"https:\/\/astrologelvan.com\/magaza\/urun\/yasamak-istedigin-dunyayi-yarat-yaratim-atolyesi-elvan-lapis\/#breadcrumb"},"inLanguage":"tr","potentialAction":[{"@type":"ReadAction","target":["https:\/\/astrologelvan.com\/magaza\/urun\/yasamak-istedigin-dunyayi-yarat-yaratim-atolyesi-elvan-lapis\/"]}]},{"@type":"ImageObject","inLanguage":"tr","@id":"https:\/\/astrologelvan.com\/magaza\/urun\/yasamak-istedigin-dunyayi-yarat-yaratim-atolyesi-elvan-lapis\/#primaryimage","url":"https:\/\/astrologelvan.com\/magaza\/wp-content\/uploads\/2025\/04\/Mobil-2.webp","contentUrl":"https:\/\/astrologelvan.com\/magaza\/wp-content\/uploads\/2025\/04\/Mobil-2.webp","width":1000,"height":1300},{"@type":"BreadcrumbList","@id":"https:\/\/astrologelvan.com\/magaza\/urun\/yasamak-istedigin-dunyayi-yarat-yaratim-atolyesi-elvan-lapis\/#breadcrumb","itemListElement":[{"@type":"ListItem","position":1,"name":"Anasayfa","item":"https:\/\/astrologelvan.com\/magaza\/"},{"@type":"ListItem","position":2,"name":"Ma\u011faza","item":"https:\/\/astrologelvan.com\/magaza\/magaza\/"},{"@type":"ListItem","position":3,"name":"Ya\u015famak istedi\u011fin d\u00fcnyay\u0131 yarat! YARATIM AT\u00d6LYES\u0130 |\u00a0Elvan Lapis"}]},{"@type":"WebSite","@id":"https:\/\/astrologelvan.com\/magaza\/#website","url":"https:\/\/astrologelvan.com\/magaza\/","name":"Astrolog Elvan","description":"","potentialAction":[{"@type":"SearchAction","target":{"@type":"EntryPoint","urlTemplate":"https:\/\/astrologelvan.com\/magaza\/?s={search_term_string}"},"query-input":{"@type":"PropertyValueSpecification","valueRequired":true,"valueName":"search_term_string"}}],"inLanguage":"tr"}]}},"_links":{"self":[{"href":"https:\/\/astrologelvan.com\/magaza\/wp-json\/wp\/v2\/product\/64029","targetHints":{"allow":["GET"]}}],"collection":[{"href":"https:\/\/astrologelvan.com\/magaza\/wp-json\/wp\/v2\/product"}],"about":[{"href":"https:\/\/astrologelvan.com\/magaza\/wp-json\/wp\/v2\/types\/product"}],"replies":[{"embeddable":true,"href":"https:\/\/astrologelvan.com\/magaza\/wp-json\/wp\/v2\/comments?post=64029"}],"wp:featuredmedia":[{"embeddable":true,"href":"https:\/\/astrologelvan.com\/magaza\/wp-json\/wp\/v2\/media\/64034"}],"wp:attachment":[{"href":"https:\/\/astrologelvan.com\/magaza\/wp-json\/wp\/v2\/media?parent=64029"}],"wp:term":[{"taxonomy":"product_brand","embeddable":true,"href":"https:\/\/astrologelvan.com\/magaza\/wp-json\/wp\/v2\/product_brand?post=64029"},{"taxonomy":"product_cat","embeddable":true,"href":"https:\/\/astrologelvan.com\/magaza\/wp-json\/wp\/v2\/product_cat?post=64029"},{"taxonomy":"product_tag","embeddable":true,"href":"https:\/\/astrologelvan.com\/magaza\/wp-json\/wp\/v2\/product_tag?post=64029"}],"curies":[{"name":"wp","href":"https:\/\/api.w.org\/{rel}","templated":true}]}}