{"id":54480,"date":"2025-03-05T16:46:59","date_gmt":"2025-03-05T13:46:59","guid":{"rendered":"https:\/\/astrologelvan.com\/magaza\/?post_type=product&#038;p=54480"},"modified":"2025-10-06T08:15:44","modified_gmt":"2025-10-06T05:15:44","slug":"helios-gunes-kolye-limited-edition","status":"publish","type":"product","link":"https:\/\/astrologelvan.com\/magaza\/urun\/helios-gunes-kolye-limited-edition\/","title":{"rendered":"Helios G\u00fcne\u015f Kolye (Limited Edition)"},"content":{"rendered":"<p>Pirin\u00e7 kaplama<\/p>\n<p>&nbsp;<\/p>\n","protected":false},"excerpt":{"rendered":"<div>Helios, Yunan mitolojisinde G\u00fcne\u015f tanr\u0131s\u0131 olarak bilinir. O, her g\u00fcn alt\u0131n arabas\u0131na binerek g\u00f6ky\u00fcz\u00fcnde yol alan ve d\u00fcnyay\u0131 ayd\u0131nlatan ilahi bir varl\u0131kt\u0131r. I\u015f\u0131k, bilin\u00e7, g\u00f6rme, bilgi, hakikat ve kozmik d\u00fczenin sembol\u00fcd\u00fcr.<\/div>\n<div><\/div>\n<div>Helios G\u00fcne\u015f Kolye, kendi i\u00e7indeki yeteneklerini ke\u015ffetmek, i\u00e7indeki \u0131\u015f\u0131\u011f\u0131 ortaya \u00e7\u0131karmak ve d\u00fcnyaya rehberlik etmek isteyen herkesin i\u00e7inde parlayan bir g\u00fcc\u00fc temsil eder. Onun enerjisi, cesaret, liderlik ve fark\u0131ndal\u0131k isteyen herkes i\u00e7in ilham kayna\u011f\u0131d\u0131r. Bu kolye de size bu ama\u00e7la hizmet edecektir.<\/div>\n","protected":false},"featured_media":54512,"comment_status":"open","ping_status":"closed","template":"","meta":[],"product_brand":[],"product_cat":[48,114],"product_tag":[],"class_list":{"0":"post-54480","1":"product","2":"type-product","3":"status-publish","4":"has-post-thumbnail","6":"product_cat-kolyeler","7":"product_cat-limited-edition","9":"first","10":"instock","11":"taxable","12":"shipping-taxable","13":"purchasable","14":"product-type-simple"},"yoast_head":"<!-- This site is optimized with the Yoast SEO plugin v27.3 - https:\/\/yoast.com\/product\/yoast-seo-wordpress\/ -->\n<title>Helios G\u00fcne\u015f Kolye (Limited Edition) - Astrolog Elvan<\/title>\n<meta name=\"robots\" content=\"index, follow, max-snippet:-1, max-image-preview:large, max-video-preview:-1\" \/>\n<link rel=\"canonical\" href=\"https:\/\/astrologelvan.com\/magaza\/urun\/helios-gunes-kolye-limited-edition\/\" \/>\n<meta property=\"og:locale\" content=\"tr_TR\" \/>\n<meta property=\"og:type\" content=\"article\" \/>\n<meta property=\"og:title\" content=\"Helios G\u00fcne\u015f Kolye (Limited Edition) - Astrolog Elvan\" \/>\n<meta property=\"og:description\" content=\"Helios, Yunan mitolojisinde G\u00fcne\u015f tanr\u0131s\u0131 olarak bilinir. O, her g\u00fcn alt\u0131n arabas\u0131na binerek g\u00f6ky\u00fcz\u00fcnde yol alan ve d\u00fcnyay\u0131 ayd\u0131nlatan ilahi bir varl\u0131kt\u0131r. I\u015f\u0131k, bilin\u00e7, g\u00f6rme, bilgi, hakikat ve kozmik d\u00fczenin sembol\u00fcd\u00fcr.  Helios G\u00fcne\u015f Kolye, kendi i\u00e7indeki yeteneklerini ke\u015ffetmek, i\u00e7indeki \u0131\u015f\u0131\u011f\u0131 ortaya \u00e7\u0131karmak ve d\u00fcnyaya rehberlik etmek isteyen herkesin i\u00e7inde parlayan bir g\u00fcc\u00fc temsil eder. Onun enerjisi, cesaret, liderlik ve fark\u0131ndal\u0131k isteyen herkes i\u00e7in ilham kayna\u011f\u0131d\u0131r. Bu kolye de size bu ama\u00e7la hizmet edecektir.\" \/>\n<meta property=\"og:url\" content=\"https:\/\/astrologelvan.com\/magaza\/urun\/helios-gunes-kolye-limited-edition\/\" \/>\n<meta property=\"og:site_name\" content=\"Astrolog Elvan\" \/>\n<meta property=\"article:modified_time\" content=\"2025-10-06T05:15:44+00:00\" \/>\n<meta property=\"og:image\" content=\"https:\/\/astrologelvan.com\/magaza\/wp-content\/uploads\/2025\/03\/GUNES-KAHVERENGI-IP-1-scaled.jpg\" \/>\n\t<meta property=\"og:image:width\" content=\"1920\" \/>\n\t<meta property=\"og:image:height\" content=\"2560\" \/>\n\t<meta property=\"og:image:type\" content=\"image\/jpeg\" \/>\n<meta name=\"twitter:card\" content=\"summary_large_image\" \/>\n<meta name=\"twitter:label1\" content=\"Tahmini okuma s\u00fcresi\" \/>\n\t<meta name=\"twitter:data1\" content=\"1 dakika\" \/>\n<script type=\"application\/ld+json\" class=\"yoast-schema-graph\">{\"@context\":\"https:\\\/\\\/schema.org\",\"@graph\":[{\"@type\":[\"WebPage\",\"ItemPage\"],\"@id\":\"https:\\\/\\\/astrologelvan.com\\\/magaza\\\/urun\\\/helios-gunes-kolye-limited-edition\\\/\",\"url\":\"https:\\\/\\\/astrologelvan.com\\\/magaza\\\/urun\\\/helios-gunes-kolye-limited-edition\\\/\",\"name\":\"Helios G\u00fcne\u015f Kolye (Limited Edition) - Astrolog Elvan\",\"isPartOf\":{\"@id\":\"https:\\\/\\\/astrologelvan.com\\\/magaza\\\/#website\"},\"primaryImageOfPage\":{\"@id\":\"https:\\\/\\\/astrologelvan.com\\\/magaza\\\/urun\\\/helios-gunes-kolye-limited-edition\\\/#primaryimage\"},\"image\":{\"@id\":\"https:\\\/\\\/astrologelvan.com\\\/magaza\\\/urun\\\/helios-gunes-kolye-limited-edition\\\/#primaryimage\"},\"thumbnailUrl\":\"https:\\\/\\\/astrologelvan.com\\\/magaza\\\/wp-content\\\/uploads\\\/2025\\\/03\\\/GUNES-KAHVERENGI-IP-1-scaled.jpg\",\"datePublished\":\"2025-03-05T13:46:59+00:00\",\"dateModified\":\"2025-10-06T05:15:44+00:00\",\"breadcrumb\":{\"@id\":\"https:\\\/\\\/astrologelvan.com\\\/magaza\\\/urun\\\/helios-gunes-kolye-limited-edition\\\/#breadcrumb\"},\"inLanguage\":\"tr\",\"potentialAction\":[{\"@type\":\"ReadAction\",\"target\":[\"https:\\\/\\\/astrologelvan.com\\\/magaza\\\/urun\\\/helios-gunes-kolye-limited-edition\\\/\"]}]},{\"@type\":\"ImageObject\",\"inLanguage\":\"tr\",\"@id\":\"https:\\\/\\\/astrologelvan.com\\\/magaza\\\/urun\\\/helios-gunes-kolye-limited-edition\\\/#primaryimage\",\"url\":\"https:\\\/\\\/astrologelvan.com\\\/magaza\\\/wp-content\\\/uploads\\\/2025\\\/03\\\/GUNES-KAHVERENGI-IP-1-scaled.jpg\",\"contentUrl\":\"https:\\\/\\\/astrologelvan.com\\\/magaza\\\/wp-content\\\/uploads\\\/2025\\\/03\\\/GUNES-KAHVERENGI-IP-1-scaled.jpg\",\"width\":1920,\"height\":2560},{\"@type\":\"BreadcrumbList\",\"@id\":\"https:\\\/\\\/astrologelvan.com\\\/magaza\\\/urun\\\/helios-gunes-kolye-limited-edition\\\/#breadcrumb\",\"itemListElement\":[{\"@type\":\"ListItem\",\"position\":1,\"name\":\"Anasayfa\",\"item\":\"https:\\\/\\\/astrologelvan.com\\\/magaza\\\/\"},{\"@type\":\"ListItem\",\"position\":2,\"name\":\"Ma\u011faza\",\"item\":\"https:\\\/\\\/astrologelvan.com\\\/magaza\\\/magaza\\\/\"},{\"@type\":\"ListItem\",\"position\":3,\"name\":\"Helios G\u00fcne\u015f Kolye (Limited Edition)\"}]},{\"@type\":\"WebSite\",\"@id\":\"https:\\\/\\\/astrologelvan.com\\\/magaza\\\/#website\",\"url\":\"https:\\\/\\\/astrologelvan.com\\\/magaza\\\/\",\"name\":\"Astrolog Elvan\",\"description\":\"\",\"potentialAction\":[{\"@type\":\"SearchAction\",\"target\":{\"@type\":\"EntryPoint\",\"urlTemplate\":\"https:\\\/\\\/astrologelvan.com\\\/magaza\\\/?s={search_term_string}\"},\"query-input\":{\"@type\":\"PropertyValueSpecification\",\"valueRequired\":true,\"valueName\":\"search_term_string\"}}],\"inLanguage\":\"tr\"}]}<\/script>\n<!-- \/ Yoast SEO plugin. -->","yoast_head_json":{"title":"Helios G\u00fcne\u015f Kolye (Limited Edition) - Astrolog Elvan","robots":{"index":"index","follow":"follow","max-snippet":"max-snippet:-1","max-image-preview":"max-image-preview:large","max-video-preview":"max-video-preview:-1"},"canonical":"https:\/\/astrologelvan.com\/magaza\/urun\/helios-gunes-kolye-limited-edition\/","og_locale":"tr_TR","og_type":"article","og_title":"Helios G\u00fcne\u015f Kolye (Limited Edition) - Astrolog Elvan","og_description":"Helios, Yunan mitolojisinde G\u00fcne\u015f tanr\u0131s\u0131 olarak bilinir. O, her g\u00fcn alt\u0131n arabas\u0131na binerek g\u00f6ky\u00fcz\u00fcnde yol alan ve d\u00fcnyay\u0131 ayd\u0131nlatan ilahi bir varl\u0131kt\u0131r. I\u015f\u0131k, bilin\u00e7, g\u00f6rme, bilgi, hakikat ve kozmik d\u00fczenin sembol\u00fcd\u00fcr.  Helios G\u00fcne\u015f Kolye, kendi i\u00e7indeki yeteneklerini ke\u015ffetmek, i\u00e7indeki \u0131\u015f\u0131\u011f\u0131 ortaya \u00e7\u0131karmak ve d\u00fcnyaya rehberlik etmek isteyen herkesin i\u00e7inde parlayan bir g\u00fcc\u00fc temsil eder. Onun enerjisi, cesaret, liderlik ve fark\u0131ndal\u0131k isteyen herkes i\u00e7in ilham kayna\u011f\u0131d\u0131r. Bu kolye de size bu ama\u00e7la hizmet edecektir.","og_url":"https:\/\/astrologelvan.com\/magaza\/urun\/helios-gunes-kolye-limited-edition\/","og_site_name":"Astrolog Elvan","article_modified_time":"2025-10-06T05:15:44+00:00","og_image":[{"width":1920,"height":2560,"url":"https:\/\/astrologelvan.com\/magaza\/wp-content\/uploads\/2025\/03\/GUNES-KAHVERENGI-IP-1-scaled.jpg","type":"image\/jpeg"}],"twitter_card":"summary_large_image","twitter_misc":{"Tahmini okuma s\u00fcresi":"1 dakika"},"schema":{"@context":"https:\/\/schema.org","@graph":[{"@type":["WebPage","ItemPage"],"@id":"https:\/\/astrologelvan.com\/magaza\/urun\/helios-gunes-kolye-limited-edition\/","url":"https:\/\/astrologelvan.com\/magaza\/urun\/helios-gunes-kolye-limited-edition\/","name":"Helios G\u00fcne\u015f Kolye (Limited Edition) - Astrolog Elvan","isPartOf":{"@id":"https:\/\/astrologelvan.com\/magaza\/#website"},"primaryImageOfPage":{"@id":"https:\/\/astrologelvan.com\/magaza\/urun\/helios-gunes-kolye-limited-edition\/#primaryimage"},"image":{"@id":"https:\/\/astrologelvan.com\/magaza\/urun\/helios-gunes-kolye-limited-edition\/#primaryimage"},"thumbnailUrl":"https:\/\/astrologelvan.com\/magaza\/wp-content\/uploads\/2025\/03\/GUNES-KAHVERENGI-IP-1-scaled.jpg","datePublished":"2025-03-05T13:46:59+00:00","dateModified":"2025-10-06T05:15:44+00:00","breadcrumb":{"@id":"https:\/\/astrologelvan.com\/magaza\/urun\/helios-gunes-kolye-limited-edition\/#breadcrumb"},"inLanguage":"tr","potentialAction":[{"@type":"ReadAction","target":["https:\/\/astrologelvan.com\/magaza\/urun\/helios-gunes-kolye-limited-edition\/"]}]},{"@type":"ImageObject","inLanguage":"tr","@id":"https:\/\/astrologelvan.com\/magaza\/urun\/helios-gunes-kolye-limited-edition\/#primaryimage","url":"https:\/\/astrologelvan.com\/magaza\/wp-content\/uploads\/2025\/03\/GUNES-KAHVERENGI-IP-1-scaled.jpg","contentUrl":"https:\/\/astrologelvan.com\/magaza\/wp-content\/uploads\/2025\/03\/GUNES-KAHVERENGI-IP-1-scaled.jpg","width":1920,"height":2560},{"@type":"BreadcrumbList","@id":"https:\/\/astrologelvan.com\/magaza\/urun\/helios-gunes-kolye-limited-edition\/#breadcrumb","itemListElement":[{"@type":"ListItem","position":1,"name":"Anasayfa","item":"https:\/\/astrologelvan.com\/magaza\/"},{"@type":"ListItem","position":2,"name":"Ma\u011faza","item":"https:\/\/astrologelvan.com\/magaza\/magaza\/"},{"@type":"ListItem","position":3,"name":"Helios G\u00fcne\u015f Kolye (Limited Edition)"}]},{"@type":"WebSite","@id":"https:\/\/astrologelvan.com\/magaza\/#website","url":"https:\/\/astrologelvan.com\/magaza\/","name":"Astrolog Elvan","description":"","potentialAction":[{"@type":"SearchAction","target":{"@type":"EntryPoint","urlTemplate":"https:\/\/astrologelvan.com\/magaza\/?s={search_term_string}"},"query-input":{"@type":"PropertyValueSpecification","valueRequired":true,"valueName":"search_term_string"}}],"inLanguage":"tr"}]}},"_links":{"self":[{"href":"https:\/\/astrologelvan.com\/magaza\/wp-json\/wp\/v2\/product\/54480","targetHints":{"allow":["GET"]}}],"collection":[{"href":"https:\/\/astrologelvan.com\/magaza\/wp-json\/wp\/v2\/product"}],"about":[{"href":"https:\/\/astrologelvan.com\/magaza\/wp-json\/wp\/v2\/types\/product"}],"replies":[{"embeddable":true,"href":"https:\/\/astrologelvan.com\/magaza\/wp-json\/wp\/v2\/comments?post=54480"}],"wp:featuredmedia":[{"embeddable":true,"href":"https:\/\/astrologelvan.com\/magaza\/wp-json\/wp\/v2\/media\/54512"}],"wp:attachment":[{"href":"https:\/\/astrologelvan.com\/magaza\/wp-json\/wp\/v2\/media?parent=54480"}],"wp:term":[{"taxonomy":"product_brand","embeddable":true,"href":"https:\/\/astrologelvan.com\/magaza\/wp-json\/wp\/v2\/product_brand?post=54480"},{"taxonomy":"product_cat","embeddable":true,"href":"https:\/\/astrologelvan.com\/magaza\/wp-json\/wp\/v2\/product_cat?post=54480"},{"taxonomy":"product_tag","embeddable":true,"href":"https:\/\/astrologelvan.com\/magaza\/wp-json\/wp\/v2\/product_tag?post=54480"}],"curies":[{"name":"wp","href":"https:\/\/api.w.org\/{rel}","templated":true}]}}