{"id":5061,"date":"2024-03-28T13:51:18","date_gmt":"2024-03-28T10:51:18","guid":{"rendered":"https:\/\/astrologelvan.com\/magaza\/?post_type=product&#038;p=5061"},"modified":"2025-10-06T08:15:14","modified_gmt":"2025-10-06T05:15:14","slug":"pirehnit-kolye","status":"publish","type":"product","link":"https:\/\/astrologelvan.com\/magaza\/urun\/pirehnit-kolye\/","title":{"rendered":"CEBRA\u0130L TA\u015eI KOLYE LIMITED EDITION (PREHN\u0130T)"},"content":{"rendered":"<p><strong>\u00dcr\u00fcn \u00d6zellikleri:<\/strong><\/p>\n<p class=\"p1\">Kolye Uzunlu\u011fu: 45 CM<\/p>\n<p class=\"p1\">Kolye A\u011f\u0131rl\u0131\u011f\u0131: 115 Gram<\/p>\n<p>Ta\u015f B\u00fcy\u00fckl\u00fc\u011f\u00fc: 16 MM<\/p>\n<p>925 Ayar G\u00fcm\u00fc\u015f<\/p>\n<p>Do\u011fal Ta\u015f Pirehnit Kolye<\/p>\n","protected":false},"excerpt":{"rendered":"<p><b>Prehnit ta\u015f\u0131<\/b>;\u00a0ba\u015f melek Cebrail\u2019in enerjisiyle uyumlu \u00e7al\u0131\u015f\u0131r. Takt\u0131k\u00e7a yolunuza \u0131\u015f\u0131k olacak ve ruhunuza iyi gelecektir. \u00d6zellikle cevab\u0131n\u0131 merak etti\u011finiz sorular\u0131n\u0131z\u0131 bu kolyeyi takarken sorun. Melek sa\u00e7\u0131 kolye, ta\u015f\u0131d\u0131\u011f\u0131n\u0131z s\u00fcre boyunca sorular\u0131n\u0131za ilahi cevaplar bulman\u0131z i\u00e7in yol g\u00f6sterici olacakt\u0131r. Sezgilerinizi kuvvetlendirmekle beraber sonsuz sevgi ve \u0131\u015f\u0131k ta\u015f\u0131d\u0131r.<\/p>\n<p>Prehnit\u00a0gibi ye\u015fil de\u011ferli ta\u015flar insanlar\u0131n eski enerjiyi temizlemelerine ve hayatlar\u0131ndaki yeni de\u011fi\u015fiklikleri benimsemelerine yard\u0131mc\u0131 olabilecek g\u00fc\u00e7l\u00fc Feng Shui ta\u015flar\u0131 olarak kabul edilir.<br \/>\nBu ta\u015f inat\u00e7\u0131 veya sahiplenici bireylerin ge\u00e7mi\u015fi b\u0131rakmas\u0131n\u0131 ve olumlu de\u011fi\u015fiklikleri kabul etmesine yard\u0131mc\u0131 olabilir.<\/p>\n","protected":false},"featured_media":92508,"comment_status":"open","ping_status":"closed","template":"","meta":[],"product_brand":[],"product_cat":[26],"product_tag":[],"class_list":{"0":"post-5061","1":"product","2":"type-product","3":"status-publish","4":"has-post-thumbnail","6":"product_cat-genel","8":"first","9":"instock","10":"taxable","11":"shipping-taxable","12":"purchasable","13":"product-type-simple"},"yoast_head":"<!-- This site is optimized with the Yoast SEO plugin v27.3 - https:\/\/yoast.com\/product\/yoast-seo-wordpress\/ -->\n<title>CEBRA\u0130L TA\u015eI KOLYE LIMITED EDITION (PREHN\u0130T) - Astrolog Elvan<\/title>\n<meta name=\"robots\" content=\"index, follow, max-snippet:-1, max-image-preview:large, max-video-preview:-1\" \/>\n<link rel=\"canonical\" href=\"https:\/\/astrologelvan.com\/magaza\/urun\/pirehnit-kolye\/\" \/>\n<meta property=\"og:locale\" content=\"tr_TR\" \/>\n<meta property=\"og:type\" content=\"article\" \/>\n<meta property=\"og:title\" content=\"CEBRA\u0130L TA\u015eI KOLYE LIMITED EDITION (PREHN\u0130T) - Astrolog Elvan\" \/>\n<meta property=\"og:description\" content=\"Prehnit ta\u015f\u0131;\u00a0ba\u015f melek Cebrail\u2019in enerjisiyle uyumlu \u00e7al\u0131\u015f\u0131r. Takt\u0131k\u00e7a yolunuza \u0131\u015f\u0131k olacak ve ruhunuza iyi gelecektir. \u00d6zellikle cevab\u0131n\u0131 merak etti\u011finiz sorular\u0131n\u0131z\u0131 bu kolyeyi takarken sorun. Melek sa\u00e7\u0131 kolye, ta\u015f\u0131d\u0131\u011f\u0131n\u0131z s\u00fcre boyunca sorular\u0131n\u0131za ilahi cevaplar bulman\u0131z i\u00e7in yol g\u00f6sterici olacakt\u0131r. Sezgilerinizi kuvvetlendirmekle beraber sonsuz sevgi ve \u0131\u015f\u0131k ta\u015f\u0131d\u0131r.  Prehnit\u00a0gibi ye\u015fil de\u011ferli ta\u015flar insanlar\u0131n eski enerjiyi temizlemelerine ve hayatlar\u0131ndaki yeni de\u011fi\u015fiklikleri benimsemelerine yard\u0131mc\u0131 olabilecek g\u00fc\u00e7l\u00fc Feng Shui ta\u015flar\u0131 olarak kabul edilir. Bu ta\u015f inat\u00e7\u0131 veya sahiplenici bireylerin ge\u00e7mi\u015fi b\u0131rakmas\u0131n\u0131 ve olumlu de\u011fi\u015fiklikleri kabul etmesine yard\u0131mc\u0131 olabilir.\" \/>\n<meta property=\"og:url\" content=\"https:\/\/astrologelvan.com\/magaza\/urun\/pirehnit-kolye\/\" \/>\n<meta property=\"og:site_name\" content=\"Astrolog Elvan\" \/>\n<meta property=\"article:modified_time\" content=\"2025-10-06T05:15:14+00:00\" \/>\n<meta property=\"og:image\" content=\"https:\/\/astrologelvan.com\/magaza\/wp-content\/uploads\/2024\/03\/SNG00011.jpg\" \/>\n\t<meta property=\"og:image:width\" content=\"591\" \/>\n\t<meta property=\"og:image:height\" content=\"887\" \/>\n\t<meta property=\"og:image:type\" content=\"image\/jpeg\" \/>\n<meta name=\"twitter:card\" content=\"summary_large_image\" \/>\n<meta name=\"twitter:label1\" content=\"Tahmini okuma s\u00fcresi\" \/>\n\t<meta name=\"twitter:data1\" content=\"1 dakika\" \/>\n<script type=\"application\/ld+json\" class=\"yoast-schema-graph\">{\"@context\":\"https:\\\/\\\/schema.org\",\"@graph\":[{\"@type\":[\"WebPage\",\"ItemPage\"],\"@id\":\"https:\\\/\\\/astrologelvan.com\\\/magaza\\\/urun\\\/pirehnit-kolye\\\/\",\"url\":\"https:\\\/\\\/astrologelvan.com\\\/magaza\\\/urun\\\/pirehnit-kolye\\\/\",\"name\":\"CEBRA\u0130L TA\u015eI KOLYE LIMITED EDITION (PREHN\u0130T) - Astrolog Elvan\",\"isPartOf\":{\"@id\":\"https:\\\/\\\/astrologelvan.com\\\/magaza\\\/#website\"},\"primaryImageOfPage\":{\"@id\":\"https:\\\/\\\/astrologelvan.com\\\/magaza\\\/urun\\\/pirehnit-kolye\\\/#primaryimage\"},\"image\":{\"@id\":\"https:\\\/\\\/astrologelvan.com\\\/magaza\\\/urun\\\/pirehnit-kolye\\\/#primaryimage\"},\"thumbnailUrl\":\"https:\\\/\\\/astrologelvan.com\\\/magaza\\\/wp-content\\\/uploads\\\/2024\\\/03\\\/SNG00011.jpg\",\"datePublished\":\"2024-03-28T10:51:18+00:00\",\"dateModified\":\"2025-10-06T05:15:14+00:00\",\"breadcrumb\":{\"@id\":\"https:\\\/\\\/astrologelvan.com\\\/magaza\\\/urun\\\/pirehnit-kolye\\\/#breadcrumb\"},\"inLanguage\":\"tr\",\"potentialAction\":[{\"@type\":\"ReadAction\",\"target\":[\"https:\\\/\\\/astrologelvan.com\\\/magaza\\\/urun\\\/pirehnit-kolye\\\/\"]}]},{\"@type\":\"ImageObject\",\"inLanguage\":\"tr\",\"@id\":\"https:\\\/\\\/astrologelvan.com\\\/magaza\\\/urun\\\/pirehnit-kolye\\\/#primaryimage\",\"url\":\"https:\\\/\\\/astrologelvan.com\\\/magaza\\\/wp-content\\\/uploads\\\/2024\\\/03\\\/SNG00011.jpg\",\"contentUrl\":\"https:\\\/\\\/astrologelvan.com\\\/magaza\\\/wp-content\\\/uploads\\\/2024\\\/03\\\/SNG00011.jpg\",\"width\":591,\"height\":887},{\"@type\":\"BreadcrumbList\",\"@id\":\"https:\\\/\\\/astrologelvan.com\\\/magaza\\\/urun\\\/pirehnit-kolye\\\/#breadcrumb\",\"itemListElement\":[{\"@type\":\"ListItem\",\"position\":1,\"name\":\"Anasayfa\",\"item\":\"https:\\\/\\\/astrologelvan.com\\\/magaza\\\/\"},{\"@type\":\"ListItem\",\"position\":2,\"name\":\"Ma\u011faza\",\"item\":\"https:\\\/\\\/astrologelvan.com\\\/magaza\\\/magaza\\\/\"},{\"@type\":\"ListItem\",\"position\":3,\"name\":\"CEBRA\u0130L TA\u015eI KOLYE LIMITED EDITION (PREHN\u0130T)\"}]},{\"@type\":\"WebSite\",\"@id\":\"https:\\\/\\\/astrologelvan.com\\\/magaza\\\/#website\",\"url\":\"https:\\\/\\\/astrologelvan.com\\\/magaza\\\/\",\"name\":\"Astrolog Elvan\",\"description\":\"\",\"potentialAction\":[{\"@type\":\"SearchAction\",\"target\":{\"@type\":\"EntryPoint\",\"urlTemplate\":\"https:\\\/\\\/astrologelvan.com\\\/magaza\\\/?s={search_term_string}\"},\"query-input\":{\"@type\":\"PropertyValueSpecification\",\"valueRequired\":true,\"valueName\":\"search_term_string\"}}],\"inLanguage\":\"tr\"}]}<\/script>\n<!-- \/ Yoast SEO plugin. -->","yoast_head_json":{"title":"CEBRA\u0130L TA\u015eI KOLYE LIMITED EDITION (PREHN\u0130T) - Astrolog Elvan","robots":{"index":"index","follow":"follow","max-snippet":"max-snippet:-1","max-image-preview":"max-image-preview:large","max-video-preview":"max-video-preview:-1"},"canonical":"https:\/\/astrologelvan.com\/magaza\/urun\/pirehnit-kolye\/","og_locale":"tr_TR","og_type":"article","og_title":"CEBRA\u0130L TA\u015eI KOLYE LIMITED EDITION (PREHN\u0130T) - Astrolog Elvan","og_description":"Prehnit ta\u015f\u0131;\u00a0ba\u015f melek Cebrail\u2019in enerjisiyle uyumlu \u00e7al\u0131\u015f\u0131r. Takt\u0131k\u00e7a yolunuza \u0131\u015f\u0131k olacak ve ruhunuza iyi gelecektir. \u00d6zellikle cevab\u0131n\u0131 merak etti\u011finiz sorular\u0131n\u0131z\u0131 bu kolyeyi takarken sorun. Melek sa\u00e7\u0131 kolye, ta\u015f\u0131d\u0131\u011f\u0131n\u0131z s\u00fcre boyunca sorular\u0131n\u0131za ilahi cevaplar bulman\u0131z i\u00e7in yol g\u00f6sterici olacakt\u0131r. Sezgilerinizi kuvvetlendirmekle beraber sonsuz sevgi ve \u0131\u015f\u0131k ta\u015f\u0131d\u0131r.  Prehnit\u00a0gibi ye\u015fil de\u011ferli ta\u015flar insanlar\u0131n eski enerjiyi temizlemelerine ve hayatlar\u0131ndaki yeni de\u011fi\u015fiklikleri benimsemelerine yard\u0131mc\u0131 olabilecek g\u00fc\u00e7l\u00fc Feng Shui ta\u015flar\u0131 olarak kabul edilir. Bu ta\u015f inat\u00e7\u0131 veya sahiplenici bireylerin ge\u00e7mi\u015fi b\u0131rakmas\u0131n\u0131 ve olumlu de\u011fi\u015fiklikleri kabul etmesine yard\u0131mc\u0131 olabilir.","og_url":"https:\/\/astrologelvan.com\/magaza\/urun\/pirehnit-kolye\/","og_site_name":"Astrolog Elvan","article_modified_time":"2025-10-06T05:15:14+00:00","og_image":[{"width":591,"height":887,"url":"https:\/\/astrologelvan.com\/magaza\/wp-content\/uploads\/2024\/03\/SNG00011.jpg","type":"image\/jpeg"}],"twitter_card":"summary_large_image","twitter_misc":{"Tahmini okuma s\u00fcresi":"1 dakika"},"schema":{"@context":"https:\/\/schema.org","@graph":[{"@type":["WebPage","ItemPage"],"@id":"https:\/\/astrologelvan.com\/magaza\/urun\/pirehnit-kolye\/","url":"https:\/\/astrologelvan.com\/magaza\/urun\/pirehnit-kolye\/","name":"CEBRA\u0130L TA\u015eI KOLYE LIMITED EDITION (PREHN\u0130T) - Astrolog Elvan","isPartOf":{"@id":"https:\/\/astrologelvan.com\/magaza\/#website"},"primaryImageOfPage":{"@id":"https:\/\/astrologelvan.com\/magaza\/urun\/pirehnit-kolye\/#primaryimage"},"image":{"@id":"https:\/\/astrologelvan.com\/magaza\/urun\/pirehnit-kolye\/#primaryimage"},"thumbnailUrl":"https:\/\/astrologelvan.com\/magaza\/wp-content\/uploads\/2024\/03\/SNG00011.jpg","datePublished":"2024-03-28T10:51:18+00:00","dateModified":"2025-10-06T05:15:14+00:00","breadcrumb":{"@id":"https:\/\/astrologelvan.com\/magaza\/urun\/pirehnit-kolye\/#breadcrumb"},"inLanguage":"tr","potentialAction":[{"@type":"ReadAction","target":["https:\/\/astrologelvan.com\/magaza\/urun\/pirehnit-kolye\/"]}]},{"@type":"ImageObject","inLanguage":"tr","@id":"https:\/\/astrologelvan.com\/magaza\/urun\/pirehnit-kolye\/#primaryimage","url":"https:\/\/astrologelvan.com\/magaza\/wp-content\/uploads\/2024\/03\/SNG00011.jpg","contentUrl":"https:\/\/astrologelvan.com\/magaza\/wp-content\/uploads\/2024\/03\/SNG00011.jpg","width":591,"height":887},{"@type":"BreadcrumbList","@id":"https:\/\/astrologelvan.com\/magaza\/urun\/pirehnit-kolye\/#breadcrumb","itemListElement":[{"@type":"ListItem","position":1,"name":"Anasayfa","item":"https:\/\/astrologelvan.com\/magaza\/"},{"@type":"ListItem","position":2,"name":"Ma\u011faza","item":"https:\/\/astrologelvan.com\/magaza\/magaza\/"},{"@type":"ListItem","position":3,"name":"CEBRA\u0130L TA\u015eI KOLYE LIMITED EDITION (PREHN\u0130T)"}]},{"@type":"WebSite","@id":"https:\/\/astrologelvan.com\/magaza\/#website","url":"https:\/\/astrologelvan.com\/magaza\/","name":"Astrolog Elvan","description":"","potentialAction":[{"@type":"SearchAction","target":{"@type":"EntryPoint","urlTemplate":"https:\/\/astrologelvan.com\/magaza\/?s={search_term_string}"},"query-input":{"@type":"PropertyValueSpecification","valueRequired":true,"valueName":"search_term_string"}}],"inLanguage":"tr"}]}},"_links":{"self":[{"href":"https:\/\/astrologelvan.com\/magaza\/wp-json\/wp\/v2\/product\/5061","targetHints":{"allow":["GET"]}}],"collection":[{"href":"https:\/\/astrologelvan.com\/magaza\/wp-json\/wp\/v2\/product"}],"about":[{"href":"https:\/\/astrologelvan.com\/magaza\/wp-json\/wp\/v2\/types\/product"}],"replies":[{"embeddable":true,"href":"https:\/\/astrologelvan.com\/magaza\/wp-json\/wp\/v2\/comments?post=5061"}],"wp:featuredmedia":[{"embeddable":true,"href":"https:\/\/astrologelvan.com\/magaza\/wp-json\/wp\/v2\/media\/92508"}],"wp:attachment":[{"href":"https:\/\/astrologelvan.com\/magaza\/wp-json\/wp\/v2\/media?parent=5061"}],"wp:term":[{"taxonomy":"product_brand","embeddable":true,"href":"https:\/\/astrologelvan.com\/magaza\/wp-json\/wp\/v2\/product_brand?post=5061"},{"taxonomy":"product_cat","embeddable":true,"href":"https:\/\/astrologelvan.com\/magaza\/wp-json\/wp\/v2\/product_cat?post=5061"},{"taxonomy":"product_tag","embeddable":true,"href":"https:\/\/astrologelvan.com\/magaza\/wp-json\/wp\/v2\/product_tag?post=5061"}],"curies":[{"name":"wp","href":"https:\/\/api.w.org\/{rel}","templated":true}]}}