{"id":4913,"date":"2024-03-27T11:10:34","date_gmt":"2024-03-27T08:10:34","guid":{"rendered":"https:\/\/astrologelvan.com\/magaza\/?post_type=product&#038;p=4913"},"modified":"2026-03-15T11:38:57","modified_gmt":"2026-03-15T08:38:57","slug":"mercan-kolye-uzun-model","status":"publish","type":"product","link":"https:\/\/astrologelvan.com\/magaza\/urun\/mercan-kolye-uzun-model\/","title":{"rendered":"MERCAN KOLYE UZUN MODEL"},"content":{"rendered":"<p><strong>\u00dcr\u00fcn \u00d6zellikleri:<\/strong><\/p>\n<p class=\"p1\">Kolye Uzunlu\u011fu: 80 CM<\/p>\n<p class=\"p1\">Kolye A\u011f\u0131rl\u0131\u011f\u0131: 56,6 Gram<\/p>\n<p>925 Ayar G\u00fcm\u00fc\u015f<\/p>\n<p>Do\u011fal Ta\u015f Mercan Kolye<\/p>\n","protected":false},"excerpt":{"rendered":"<p><b>Mercan ta\u015f\u0131<\/b> kullanan ki\u015filerin ruhsal anlay\u0131\u015f\u0131n\u0131 kuvvetlendirir. Konsantrasyon eksikli\u011fini gidererek ki\u015finin odaklanmas\u0131n\u0131 kolayla\u015ft\u0131r\u0131r. Safl\u0131k ve v\u00fccudun dengesinin korunmas\u0131na yard\u0131mc\u0131 olur. Nazara kar\u015f\u0131 olduk\u00e7a koruyucu etkisi vard\u0131r. K\u00f6k \u00e7akra ve \u00fc\u00e7\u00fcnc\u00fc g\u00f6z ta\u015f\u0131d\u0131r.<\/p>\n<p>Sakinle\u015ftirdi\u011fi ve huzur verdi\u011fi s\u00f6ylenir. \u0130\u00e7 s\u0131k\u0131nt\u0131s\u0131na, strese kar\u015f\u0131 birebir oldu\u011fu dile getirir.<\/p>\n","protected":false},"featured_media":4915,"comment_status":"open","ping_status":"closed","template":"","meta":[],"product_brand":[],"product_cat":[9524],"product_tag":[],"class_list":{"0":"post-4913","1":"product","2":"type-product","3":"status-publish","4":"has-post-thumbnail","6":"product_cat-mercan-tasi","8":"first","9":"instock","10":"taxable","11":"shipping-taxable","12":"purchasable","13":"product-type-simple"},"yoast_head":"<!-- This site is optimized with the Yoast SEO plugin v27.3 - https:\/\/yoast.com\/product\/yoast-seo-wordpress\/ -->\n<title>MERCAN KOLYE UZUN MODEL - Astrolog Elvan<\/title>\n<meta name=\"robots\" content=\"index, follow, max-snippet:-1, max-image-preview:large, max-video-preview:-1\" \/>\n<link rel=\"canonical\" href=\"https:\/\/astrologelvan.com\/magaza\/urun\/mercan-kolye-uzun-model\/\" \/>\n<meta property=\"og:locale\" content=\"tr_TR\" \/>\n<meta property=\"og:type\" content=\"article\" \/>\n<meta property=\"og:title\" content=\"MERCAN KOLYE UZUN MODEL - Astrolog Elvan\" \/>\n<meta property=\"og:description\" content=\"Mercan ta\u015f\u0131 kullanan ki\u015filerin ruhsal anlay\u0131\u015f\u0131n\u0131 kuvvetlendirir. Konsantrasyon eksikli\u011fini gidererek ki\u015finin odaklanmas\u0131n\u0131 kolayla\u015ft\u0131r\u0131r. Safl\u0131k ve v\u00fccudun dengesinin korunmas\u0131na yard\u0131mc\u0131 olur. Nazara kar\u015f\u0131 olduk\u00e7a koruyucu etkisi vard\u0131r. K\u00f6k \u00e7akra ve \u00fc\u00e7\u00fcnc\u00fc g\u00f6z ta\u015f\u0131d\u0131r.  Sakinle\u015ftirdi\u011fi ve huzur verdi\u011fi s\u00f6ylenir. \u0130\u00e7 s\u0131k\u0131nt\u0131s\u0131na, strese kar\u015f\u0131 birebir oldu\u011fu dile getirir.\" \/>\n<meta property=\"og:url\" content=\"https:\/\/astrologelvan.com\/magaza\/urun\/mercan-kolye-uzun-model\/\" \/>\n<meta property=\"og:site_name\" content=\"Astrolog Elvan\" \/>\n<meta property=\"article:modified_time\" content=\"2026-03-15T08:38:57+00:00\" \/>\n<meta property=\"og:image\" content=\"https:\/\/astrologelvan.com\/magaza\/wp-content\/uploads\/2024\/03\/2-16.jpg\" \/>\n\t<meta property=\"og:image:width\" content=\"1600\" \/>\n\t<meta property=\"og:image:height\" content=\"1600\" \/>\n\t<meta property=\"og:image:type\" content=\"image\/jpeg\" \/>\n<meta name=\"twitter:card\" content=\"summary_large_image\" \/>\n<meta name=\"twitter:label1\" content=\"Tahmini okuma s\u00fcresi\" \/>\n\t<meta name=\"twitter:data1\" content=\"1 dakika\" \/>\n<script type=\"application\/ld+json\" class=\"yoast-schema-graph\">{\"@context\":\"https:\\\/\\\/schema.org\",\"@graph\":[{\"@type\":[\"WebPage\",\"ItemPage\"],\"@id\":\"https:\\\/\\\/astrologelvan.com\\\/magaza\\\/urun\\\/mercan-kolye-uzun-model\\\/\",\"url\":\"https:\\\/\\\/astrologelvan.com\\\/magaza\\\/urun\\\/mercan-kolye-uzun-model\\\/\",\"name\":\"MERCAN KOLYE UZUN MODEL - Astrolog Elvan\",\"isPartOf\":{\"@id\":\"https:\\\/\\\/astrologelvan.com\\\/magaza\\\/#website\"},\"primaryImageOfPage\":{\"@id\":\"https:\\\/\\\/astrologelvan.com\\\/magaza\\\/urun\\\/mercan-kolye-uzun-model\\\/#primaryimage\"},\"image\":{\"@id\":\"https:\\\/\\\/astrologelvan.com\\\/magaza\\\/urun\\\/mercan-kolye-uzun-model\\\/#primaryimage\"},\"thumbnailUrl\":\"https:\\\/\\\/astrologelvan.com\\\/magaza\\\/wp-content\\\/uploads\\\/2024\\\/03\\\/2-16.jpg\",\"datePublished\":\"2024-03-27T08:10:34+00:00\",\"dateModified\":\"2026-03-15T08:38:57+00:00\",\"breadcrumb\":{\"@id\":\"https:\\\/\\\/astrologelvan.com\\\/magaza\\\/urun\\\/mercan-kolye-uzun-model\\\/#breadcrumb\"},\"inLanguage\":\"tr\",\"potentialAction\":[{\"@type\":\"ReadAction\",\"target\":[\"https:\\\/\\\/astrologelvan.com\\\/magaza\\\/urun\\\/mercan-kolye-uzun-model\\\/\"]}]},{\"@type\":\"ImageObject\",\"inLanguage\":\"tr\",\"@id\":\"https:\\\/\\\/astrologelvan.com\\\/magaza\\\/urun\\\/mercan-kolye-uzun-model\\\/#primaryimage\",\"url\":\"https:\\\/\\\/astrologelvan.com\\\/magaza\\\/wp-content\\\/uploads\\\/2024\\\/03\\\/2-16.jpg\",\"contentUrl\":\"https:\\\/\\\/astrologelvan.com\\\/magaza\\\/wp-content\\\/uploads\\\/2024\\\/03\\\/2-16.jpg\",\"width\":1600,\"height\":1600},{\"@type\":\"BreadcrumbList\",\"@id\":\"https:\\\/\\\/astrologelvan.com\\\/magaza\\\/urun\\\/mercan-kolye-uzun-model\\\/#breadcrumb\",\"itemListElement\":[{\"@type\":\"ListItem\",\"position\":1,\"name\":\"Anasayfa\",\"item\":\"https:\\\/\\\/astrologelvan.com\\\/magaza\\\/\"},{\"@type\":\"ListItem\",\"position\":2,\"name\":\"Ma\u011faza\",\"item\":\"https:\\\/\\\/astrologelvan.com\\\/magaza\\\/magaza\\\/\"},{\"@type\":\"ListItem\",\"position\":3,\"name\":\"MERCAN KOLYE UZUN MODEL\"}]},{\"@type\":\"WebSite\",\"@id\":\"https:\\\/\\\/astrologelvan.com\\\/magaza\\\/#website\",\"url\":\"https:\\\/\\\/astrologelvan.com\\\/magaza\\\/\",\"name\":\"Astrolog Elvan\",\"description\":\"\",\"potentialAction\":[{\"@type\":\"SearchAction\",\"target\":{\"@type\":\"EntryPoint\",\"urlTemplate\":\"https:\\\/\\\/astrologelvan.com\\\/magaza\\\/?s={search_term_string}\"},\"query-input\":{\"@type\":\"PropertyValueSpecification\",\"valueRequired\":true,\"valueName\":\"search_term_string\"}}],\"inLanguage\":\"tr\"}]}<\/script>\n<!-- \/ Yoast SEO plugin. -->","yoast_head_json":{"title":"MERCAN KOLYE UZUN MODEL - Astrolog Elvan","robots":{"index":"index","follow":"follow","max-snippet":"max-snippet:-1","max-image-preview":"max-image-preview:large","max-video-preview":"max-video-preview:-1"},"canonical":"https:\/\/astrologelvan.com\/magaza\/urun\/mercan-kolye-uzun-model\/","og_locale":"tr_TR","og_type":"article","og_title":"MERCAN KOLYE UZUN MODEL - Astrolog Elvan","og_description":"Mercan ta\u015f\u0131 kullanan ki\u015filerin ruhsal anlay\u0131\u015f\u0131n\u0131 kuvvetlendirir. Konsantrasyon eksikli\u011fini gidererek ki\u015finin odaklanmas\u0131n\u0131 kolayla\u015ft\u0131r\u0131r. Safl\u0131k ve v\u00fccudun dengesinin korunmas\u0131na yard\u0131mc\u0131 olur. Nazara kar\u015f\u0131 olduk\u00e7a koruyucu etkisi vard\u0131r. K\u00f6k \u00e7akra ve \u00fc\u00e7\u00fcnc\u00fc g\u00f6z ta\u015f\u0131d\u0131r.  Sakinle\u015ftirdi\u011fi ve huzur verdi\u011fi s\u00f6ylenir. \u0130\u00e7 s\u0131k\u0131nt\u0131s\u0131na, strese kar\u015f\u0131 birebir oldu\u011fu dile getirir.","og_url":"https:\/\/astrologelvan.com\/magaza\/urun\/mercan-kolye-uzun-model\/","og_site_name":"Astrolog Elvan","article_modified_time":"2026-03-15T08:38:57+00:00","og_image":[{"width":1600,"height":1600,"url":"https:\/\/astrologelvan.com\/magaza\/wp-content\/uploads\/2024\/03\/2-16.jpg","type":"image\/jpeg"}],"twitter_card":"summary_large_image","twitter_misc":{"Tahmini okuma s\u00fcresi":"1 dakika"},"schema":{"@context":"https:\/\/schema.org","@graph":[{"@type":["WebPage","ItemPage"],"@id":"https:\/\/astrologelvan.com\/magaza\/urun\/mercan-kolye-uzun-model\/","url":"https:\/\/astrologelvan.com\/magaza\/urun\/mercan-kolye-uzun-model\/","name":"MERCAN KOLYE UZUN MODEL - Astrolog Elvan","isPartOf":{"@id":"https:\/\/astrologelvan.com\/magaza\/#website"},"primaryImageOfPage":{"@id":"https:\/\/astrologelvan.com\/magaza\/urun\/mercan-kolye-uzun-model\/#primaryimage"},"image":{"@id":"https:\/\/astrologelvan.com\/magaza\/urun\/mercan-kolye-uzun-model\/#primaryimage"},"thumbnailUrl":"https:\/\/astrologelvan.com\/magaza\/wp-content\/uploads\/2024\/03\/2-16.jpg","datePublished":"2024-03-27T08:10:34+00:00","dateModified":"2026-03-15T08:38:57+00:00","breadcrumb":{"@id":"https:\/\/astrologelvan.com\/magaza\/urun\/mercan-kolye-uzun-model\/#breadcrumb"},"inLanguage":"tr","potentialAction":[{"@type":"ReadAction","target":["https:\/\/astrologelvan.com\/magaza\/urun\/mercan-kolye-uzun-model\/"]}]},{"@type":"ImageObject","inLanguage":"tr","@id":"https:\/\/astrologelvan.com\/magaza\/urun\/mercan-kolye-uzun-model\/#primaryimage","url":"https:\/\/astrologelvan.com\/magaza\/wp-content\/uploads\/2024\/03\/2-16.jpg","contentUrl":"https:\/\/astrologelvan.com\/magaza\/wp-content\/uploads\/2024\/03\/2-16.jpg","width":1600,"height":1600},{"@type":"BreadcrumbList","@id":"https:\/\/astrologelvan.com\/magaza\/urun\/mercan-kolye-uzun-model\/#breadcrumb","itemListElement":[{"@type":"ListItem","position":1,"name":"Anasayfa","item":"https:\/\/astrologelvan.com\/magaza\/"},{"@type":"ListItem","position":2,"name":"Ma\u011faza","item":"https:\/\/astrologelvan.com\/magaza\/magaza\/"},{"@type":"ListItem","position":3,"name":"MERCAN KOLYE UZUN MODEL"}]},{"@type":"WebSite","@id":"https:\/\/astrologelvan.com\/magaza\/#website","url":"https:\/\/astrologelvan.com\/magaza\/","name":"Astrolog Elvan","description":"","potentialAction":[{"@type":"SearchAction","target":{"@type":"EntryPoint","urlTemplate":"https:\/\/astrologelvan.com\/magaza\/?s={search_term_string}"},"query-input":{"@type":"PropertyValueSpecification","valueRequired":true,"valueName":"search_term_string"}}],"inLanguage":"tr"}]}},"_links":{"self":[{"href":"https:\/\/astrologelvan.com\/magaza\/wp-json\/wp\/v2\/product\/4913","targetHints":{"allow":["GET"]}}],"collection":[{"href":"https:\/\/astrologelvan.com\/magaza\/wp-json\/wp\/v2\/product"}],"about":[{"href":"https:\/\/astrologelvan.com\/magaza\/wp-json\/wp\/v2\/types\/product"}],"replies":[{"embeddable":true,"href":"https:\/\/astrologelvan.com\/magaza\/wp-json\/wp\/v2\/comments?post=4913"}],"wp:featuredmedia":[{"embeddable":true,"href":"https:\/\/astrologelvan.com\/magaza\/wp-json\/wp\/v2\/media\/4915"}],"wp:attachment":[{"href":"https:\/\/astrologelvan.com\/magaza\/wp-json\/wp\/v2\/media?parent=4913"}],"wp:term":[{"taxonomy":"product_brand","embeddable":true,"href":"https:\/\/astrologelvan.com\/magaza\/wp-json\/wp\/v2\/product_brand?post=4913"},{"taxonomy":"product_cat","embeddable":true,"href":"https:\/\/astrologelvan.com\/magaza\/wp-json\/wp\/v2\/product_cat?post=4913"},{"taxonomy":"product_tag","embeddable":true,"href":"https:\/\/astrologelvan.com\/magaza\/wp-json\/wp\/v2\/product_tag?post=4913"}],"curies":[{"name":"wp","href":"https:\/\/api.w.org\/{rel}","templated":true}]}}