{"id":454,"date":"2024-02-28T02:24:40","date_gmt":"2024-02-27T23:24:40","guid":{"rendered":"https:\/\/astrologelvan.shop\/?post_type=product&#038;p=454"},"modified":"2025-10-06T08:14:52","modified_gmt":"2025-10-06T05:14:52","slug":"dus-kapani-nazarlik","status":"publish","type":"product","link":"https:\/\/astrologelvan.com\/magaza\/urun\/dus-kapani-nazarlik\/","title":{"rendered":"D\u00dc\u015e KAPANI (NAZARLIK)"},"content":{"rendered":"","protected":false},"excerpt":{"rendered":"<p>K\u00f6t\u00fc d\u00fc\u015f\u00fcnceleri sizden uzakla\u015ft\u0131r\u0131p, iyi d\u00fc\u015f\u00fcnceyle dolman\u0131z\u0131 sa\u011flayan hem k\u0131z\u0131lderililerde hem de Orta Asya \u015eamanizm\u2019inde kullan\u0131lan sembold\u00fcr d\u00fc\u015f kapan\u0131. Araba s\u00fcs\u00fc olarak da kullanabilirsiniz. Ev giri\u015fine ya da yatak odan\u0131za asabilirsiniz.<\/p>\n<p>Ba\u015fucunuza ast\u0131\u011f\u0131n\u0131zda ise ki\u015fiyi kabuslardan korudu\u011funa inan\u0131l\u0131r.<\/p>\n","protected":false},"featured_media":529,"comment_status":"open","ping_status":"closed","template":"","meta":[],"product_brand":[],"product_cat":[308,26],"product_tag":[39,309,310,311,312,313],"class_list":{"0":"post-454","1":"product","2":"type-product","3":"status-publish","4":"has-post-thumbnail","6":"product_cat-diger-urunler","7":"product_cat-genel","8":"product_tag-astrolog-elvan","9":"product_tag-dreamcatcher","10":"product_tag-dus-kapani","11":"product_tag-el-isi-dus-kapani","12":"product_tag-el-isi-nazarlik","13":"product_tag-nazarlik","15":"first","16":"outofstock","17":"taxable","18":"shipping-taxable","19":"purchasable","20":"product-type-simple"},"yoast_head":"<!-- This site is optimized with the Yoast SEO plugin v27.3 - https:\/\/yoast.com\/product\/yoast-seo-wordpress\/ -->\n<title>D\u00dc\u015e KAPANI (NAZARLIK) - Astrolog Elvan<\/title>\n<meta name=\"robots\" content=\"index, follow, max-snippet:-1, max-image-preview:large, max-video-preview:-1\" \/>\n<link rel=\"canonical\" href=\"https:\/\/astrologelvan.com\/magaza\/urun\/dus-kapani-nazarlik\/\" \/>\n<meta property=\"og:locale\" content=\"tr_TR\" \/>\n<meta property=\"og:type\" content=\"article\" \/>\n<meta property=\"og:title\" content=\"D\u00dc\u015e KAPANI (NAZARLIK) - Astrolog Elvan\" \/>\n<meta property=\"og:description\" content=\"K\u00f6t\u00fc d\u00fc\u015f\u00fcnceleri sizden uzakla\u015ft\u0131r\u0131p, iyi d\u00fc\u015f\u00fcnceyle dolman\u0131z\u0131 sa\u011flayan hem k\u0131z\u0131lderililerde hem de Orta Asya \u015eamanizm\u2019inde kullan\u0131lan sembold\u00fcr d\u00fc\u015f kapan\u0131. Araba s\u00fcs\u00fc olarak da kullanabilirsiniz. Ev giri\u015fine ya da yatak odan\u0131za asabilirsiniz. Ba\u015fucunuza ast\u0131\u011f\u0131n\u0131zda ise ki\u015fiyi kabuslardan korudu\u011funa inan\u0131l\u0131r.\" \/>\n<meta property=\"og:url\" content=\"https:\/\/astrologelvan.com\/magaza\/urun\/dus-kapani-nazarlik\/\" \/>\n<meta property=\"og:site_name\" content=\"Astrolog Elvan\" \/>\n<meta property=\"article:modified_time\" content=\"2025-10-06T05:14:52+00:00\" \/>\n<meta property=\"og:image\" content=\"https:\/\/astrologelvan.com\/magaza\/wp-content\/uploads\/2024\/02\/Dus-Kapani-Nazarlik-3.jpg\" \/>\n\t<meta property=\"og:image:width\" content=\"1080\" \/>\n\t<meta property=\"og:image:height\" content=\"1080\" \/>\n\t<meta property=\"og:image:type\" content=\"image\/jpeg\" \/>\n<meta name=\"twitter:card\" content=\"summary_large_image\" \/>\n<script type=\"application\/ld+json\" class=\"yoast-schema-graph\">{\"@context\":\"https:\\\/\\\/schema.org\",\"@graph\":[{\"@type\":[\"WebPage\",\"ItemPage\"],\"@id\":\"https:\\\/\\\/astrologelvan.com\\\/magaza\\\/urun\\\/dus-kapani-nazarlik\\\/\",\"url\":\"https:\\\/\\\/astrologelvan.com\\\/magaza\\\/urun\\\/dus-kapani-nazarlik\\\/\",\"name\":\"D\u00dc\u015e KAPANI (NAZARLIK) - Astrolog Elvan\",\"isPartOf\":{\"@id\":\"https:\\\/\\\/astrologelvan.com\\\/magaza\\\/#website\"},\"primaryImageOfPage\":{\"@id\":\"https:\\\/\\\/astrologelvan.com\\\/magaza\\\/urun\\\/dus-kapani-nazarlik\\\/#primaryimage\"},\"image\":{\"@id\":\"https:\\\/\\\/astrologelvan.com\\\/magaza\\\/urun\\\/dus-kapani-nazarlik\\\/#primaryimage\"},\"thumbnailUrl\":\"https:\\\/\\\/astrologelvan.com\\\/magaza\\\/wp-content\\\/uploads\\\/2024\\\/02\\\/Dus-Kapani-Nazarlik-3.jpg\",\"datePublished\":\"2024-02-27T23:24:40+00:00\",\"dateModified\":\"2025-10-06T05:14:52+00:00\",\"breadcrumb\":{\"@id\":\"https:\\\/\\\/astrologelvan.com\\\/magaza\\\/urun\\\/dus-kapani-nazarlik\\\/#breadcrumb\"},\"inLanguage\":\"tr\",\"potentialAction\":[{\"@type\":\"ReadAction\",\"target\":[\"https:\\\/\\\/astrologelvan.com\\\/magaza\\\/urun\\\/dus-kapani-nazarlik\\\/\"]}]},{\"@type\":\"ImageObject\",\"inLanguage\":\"tr\",\"@id\":\"https:\\\/\\\/astrologelvan.com\\\/magaza\\\/urun\\\/dus-kapani-nazarlik\\\/#primaryimage\",\"url\":\"https:\\\/\\\/astrologelvan.com\\\/magaza\\\/wp-content\\\/uploads\\\/2024\\\/02\\\/Dus-Kapani-Nazarlik-3.jpg\",\"contentUrl\":\"https:\\\/\\\/astrologelvan.com\\\/magaza\\\/wp-content\\\/uploads\\\/2024\\\/02\\\/Dus-Kapani-Nazarlik-3.jpg\",\"width\":1080,\"height\":1080},{\"@type\":\"BreadcrumbList\",\"@id\":\"https:\\\/\\\/astrologelvan.com\\\/magaza\\\/urun\\\/dus-kapani-nazarlik\\\/#breadcrumb\",\"itemListElement\":[{\"@type\":\"ListItem\",\"position\":1,\"name\":\"Anasayfa\",\"item\":\"https:\\\/\\\/astrologelvan.com\\\/magaza\\\/\"},{\"@type\":\"ListItem\",\"position\":2,\"name\":\"Ma\u011faza\",\"item\":\"https:\\\/\\\/astrologelvan.com\\\/magaza\\\/magaza\\\/\"},{\"@type\":\"ListItem\",\"position\":3,\"name\":\"D\u00dc\u015e KAPANI (NAZARLIK)\"}]},{\"@type\":\"WebSite\",\"@id\":\"https:\\\/\\\/astrologelvan.com\\\/magaza\\\/#website\",\"url\":\"https:\\\/\\\/astrologelvan.com\\\/magaza\\\/\",\"name\":\"Astrolog Elvan\",\"description\":\"\",\"potentialAction\":[{\"@type\":\"SearchAction\",\"target\":{\"@type\":\"EntryPoint\",\"urlTemplate\":\"https:\\\/\\\/astrologelvan.com\\\/magaza\\\/?s={search_term_string}\"},\"query-input\":{\"@type\":\"PropertyValueSpecification\",\"valueRequired\":true,\"valueName\":\"search_term_string\"}}],\"inLanguage\":\"tr\"}]}<\/script>\n<!-- \/ Yoast SEO plugin. -->","yoast_head_json":{"title":"D\u00dc\u015e KAPANI (NAZARLIK) - Astrolog Elvan","robots":{"index":"index","follow":"follow","max-snippet":"max-snippet:-1","max-image-preview":"max-image-preview:large","max-video-preview":"max-video-preview:-1"},"canonical":"https:\/\/astrologelvan.com\/magaza\/urun\/dus-kapani-nazarlik\/","og_locale":"tr_TR","og_type":"article","og_title":"D\u00dc\u015e KAPANI (NAZARLIK) - Astrolog Elvan","og_description":"K\u00f6t\u00fc d\u00fc\u015f\u00fcnceleri sizden uzakla\u015ft\u0131r\u0131p, iyi d\u00fc\u015f\u00fcnceyle dolman\u0131z\u0131 sa\u011flayan hem k\u0131z\u0131lderililerde hem de Orta Asya \u015eamanizm\u2019inde kullan\u0131lan sembold\u00fcr d\u00fc\u015f kapan\u0131. Araba s\u00fcs\u00fc olarak da kullanabilirsiniz. Ev giri\u015fine ya da yatak odan\u0131za asabilirsiniz. Ba\u015fucunuza ast\u0131\u011f\u0131n\u0131zda ise ki\u015fiyi kabuslardan korudu\u011funa inan\u0131l\u0131r.","og_url":"https:\/\/astrologelvan.com\/magaza\/urun\/dus-kapani-nazarlik\/","og_site_name":"Astrolog Elvan","article_modified_time":"2025-10-06T05:14:52+00:00","og_image":[{"width":1080,"height":1080,"url":"https:\/\/astrologelvan.com\/magaza\/wp-content\/uploads\/2024\/02\/Dus-Kapani-Nazarlik-3.jpg","type":"image\/jpeg"}],"twitter_card":"summary_large_image","schema":{"@context":"https:\/\/schema.org","@graph":[{"@type":["WebPage","ItemPage"],"@id":"https:\/\/astrologelvan.com\/magaza\/urun\/dus-kapani-nazarlik\/","url":"https:\/\/astrologelvan.com\/magaza\/urun\/dus-kapani-nazarlik\/","name":"D\u00dc\u015e KAPANI (NAZARLIK) - Astrolog Elvan","isPartOf":{"@id":"https:\/\/astrologelvan.com\/magaza\/#website"},"primaryImageOfPage":{"@id":"https:\/\/astrologelvan.com\/magaza\/urun\/dus-kapani-nazarlik\/#primaryimage"},"image":{"@id":"https:\/\/astrologelvan.com\/magaza\/urun\/dus-kapani-nazarlik\/#primaryimage"},"thumbnailUrl":"https:\/\/astrologelvan.com\/magaza\/wp-content\/uploads\/2024\/02\/Dus-Kapani-Nazarlik-3.jpg","datePublished":"2024-02-27T23:24:40+00:00","dateModified":"2025-10-06T05:14:52+00:00","breadcrumb":{"@id":"https:\/\/astrologelvan.com\/magaza\/urun\/dus-kapani-nazarlik\/#breadcrumb"},"inLanguage":"tr","potentialAction":[{"@type":"ReadAction","target":["https:\/\/astrologelvan.com\/magaza\/urun\/dus-kapani-nazarlik\/"]}]},{"@type":"ImageObject","inLanguage":"tr","@id":"https:\/\/astrologelvan.com\/magaza\/urun\/dus-kapani-nazarlik\/#primaryimage","url":"https:\/\/astrologelvan.com\/magaza\/wp-content\/uploads\/2024\/02\/Dus-Kapani-Nazarlik-3.jpg","contentUrl":"https:\/\/astrologelvan.com\/magaza\/wp-content\/uploads\/2024\/02\/Dus-Kapani-Nazarlik-3.jpg","width":1080,"height":1080},{"@type":"BreadcrumbList","@id":"https:\/\/astrologelvan.com\/magaza\/urun\/dus-kapani-nazarlik\/#breadcrumb","itemListElement":[{"@type":"ListItem","position":1,"name":"Anasayfa","item":"https:\/\/astrologelvan.com\/magaza\/"},{"@type":"ListItem","position":2,"name":"Ma\u011faza","item":"https:\/\/astrologelvan.com\/magaza\/magaza\/"},{"@type":"ListItem","position":3,"name":"D\u00dc\u015e KAPANI (NAZARLIK)"}]},{"@type":"WebSite","@id":"https:\/\/astrologelvan.com\/magaza\/#website","url":"https:\/\/astrologelvan.com\/magaza\/","name":"Astrolog Elvan","description":"","potentialAction":[{"@type":"SearchAction","target":{"@type":"EntryPoint","urlTemplate":"https:\/\/astrologelvan.com\/magaza\/?s={search_term_string}"},"query-input":{"@type":"PropertyValueSpecification","valueRequired":true,"valueName":"search_term_string"}}],"inLanguage":"tr"}]}},"_links":{"self":[{"href":"https:\/\/astrologelvan.com\/magaza\/wp-json\/wp\/v2\/product\/454","targetHints":{"allow":["GET"]}}],"collection":[{"href":"https:\/\/astrologelvan.com\/magaza\/wp-json\/wp\/v2\/product"}],"about":[{"href":"https:\/\/astrologelvan.com\/magaza\/wp-json\/wp\/v2\/types\/product"}],"replies":[{"embeddable":true,"href":"https:\/\/astrologelvan.com\/magaza\/wp-json\/wp\/v2\/comments?post=454"}],"wp:featuredmedia":[{"embeddable":true,"href":"https:\/\/astrologelvan.com\/magaza\/wp-json\/wp\/v2\/media\/529"}],"wp:attachment":[{"href":"https:\/\/astrologelvan.com\/magaza\/wp-json\/wp\/v2\/media?parent=454"}],"wp:term":[{"taxonomy":"product_brand","embeddable":true,"href":"https:\/\/astrologelvan.com\/magaza\/wp-json\/wp\/v2\/product_brand?post=454"},{"taxonomy":"product_cat","embeddable":true,"href":"https:\/\/astrologelvan.com\/magaza\/wp-json\/wp\/v2\/product_cat?post=454"},{"taxonomy":"product_tag","embeddable":true,"href":"https:\/\/astrologelvan.com\/magaza\/wp-json\/wp\/v2\/product_tag?post=454"}],"curies":[{"name":"wp","href":"https:\/\/api.w.org\/{rel}","templated":true}]}}