{"id":420,"date":"2024-02-28T02:22:52","date_gmt":"2024-02-27T23:22:52","guid":{"rendered":"https:\/\/astrologelvan.shop\/?post_type=product&#038;p=420"},"modified":"2025-10-06T08:14:52","modified_gmt":"2025-10-06T05:14:52","slug":"dogal-necef-tasli-mucize-bilekligi-777","status":"publish","type":"product","link":"https:\/\/astrologelvan.com\/magaza\/urun\/dogal-necef-tasli-mucize-bilekligi-777\/","title":{"rendered":"DO\u011eAL NECEF TA\u015eLI MUC\u0130ZE B\u0130LEKL\u0130\u011e\u0130 (777)"},"content":{"rendered":"<p>Do\u011fal ta\u015f kolyelerimizin tasar\u0131mlar\u0131nda do\u011frudan cilde temas etmesini sa\u011fl\u0131yoruz. B\u00f6ylece do\u011fal ta\u015f kolyenizi takt\u0131k\u00e7a v\u00fccudunuzun titre\u015fimlerine ba\u011flan\u0131r ve size denge ve uyum getirir.<\/p>\n<p><strong>Tak\u0131lar\u0131n\u0131z\u0131n uzun s\u00fcre kullanabilmesi i\u00e7in; Parf\u00fcm, su, s\u0131v\u0131, dezenfektan, krem v.b. gibi maddelerle temas etmemesi, du\u015f-banyo s\u0131ras\u0131nda \u00e7\u0131kart\u0131lmas\u0131 gerekmektedir. Ki\u015finin ter-ten yap\u0131s\u0131na g\u00f6re de etkilenmektedir. Tak\u0131lar\u0131n\u0131z\u0131 kullanmad\u0131\u011f\u0131n\u0131z zamanlarda kesesinde saklaman\u0131z\u0131 \u00f6neririz.<\/strong><\/p>\n<p><strong>Do\u011fal ta\u015flar\u0131n belirli titre\u015fimlere ve frekanslara sahip oldu\u011fu bilinmektedir. Bu nedenle v\u00fccudumuzda ve auram\u0131zda birtak\u0131m iyi etkileri oldu\u011fu s\u00f6ylenmektedir. Ta\u015flar\u0131n \u00f6zelliklerinin bilimsel kesinli\u011fi yoktur. Astrologelvan ma\u011fazas\u0131ndaki t\u00fcm ta\u015flar orijinal, ger\u00e7ek do\u011fal ta\u015flard\u0131r. T\u0131bbi konularda doktora dan\u0131\u015fman\u0131z\u0131 tavsiye ederiz. Ta\u015flar\u0131n tedavi edici \u00f6zelli\u011fi yoktur, sadece ki\u015fisel enerjimizi y\u00fckseltmekte ve astrolojik olarak da temsil etti\u011fi gezegenlerin etkilerini artt\u0131rmakta oldu\u011fu kabul edilir. \u00d6rne\u011fin; pembe kuvars ta\u015f\u0131 a\u015fk ve sevgi gezegeni Ven\u00fcs&#8217;\u00fcn ta\u015f\u0131d\u0131r ve bu sebeple \u00fczerinde ta\u015f\u0131yan ki\u015finin a\u015fk ve sevgi frekans\u0131n\u0131 y\u00fckseltti\u011fi bilinir.<\/strong><\/p>\n","protected":false},"excerpt":{"rendered":"<p>Necef ta\u015f\u0131; \u00e7ok \u00f6zel ve hassas ta\u015flardand\u0131r. Di\u011fer ad\u0131 da\u011f kristalidir. \u0130\u00e7inde baloncuk benzeri bo\u015fluklar vard\u0131r. Bu bo\u015fluklar su ya da karbondioksit ile doludur. Sakinlik ve huzur vermesi ile \u00fcnl\u00fcd\u00fcr. Safl\u0131k ve samimi ili\u015fkiler kurmak niyetiyle takabilirsiniz. En az 21 g\u00fcn \u00fczerinizde ta\u015f\u0131y\u0131n etkisini fark edeceksiniz.<span class=\"Apple-converted-space\">\u00a0<\/span><\/p>\n<p>\u0130smini, ke\u015ffedildi\u011fi yer olan Irak\u2019\u0131n Necef kentinden alm\u0131\u015ft\u0131r. Negatif enerjiyi, i\u00e7indeki donmu\u015f su kristallerine hapsetti\u011fi ve bedeninizden n\u00f6trledi\u011fi s\u00f6ylenir.<span class=\"Apple-converted-space\">\u00a0<\/span><\/p>\n<p>777, Rus Matematik Profes\u00f6r\u00fc Grigori Grabovoi\u2019nin buldu\u011fu say\u0131larla \u015fifalanma tekni\u011finde mucizeleri hayat\u0131m\u0131za \u00e7ekmek i\u00e7in kullan\u0131l\u0131r.<\/p>\n<p>Necef enerjisinin safl\u0131\u011f\u0131 ile 777 say\u0131s\u0131n\u0131 g\u00fcn i\u00e7erisinde s\u00fcrekli hat\u0131rlayarak ve tekrarlayarak hayat\u0131n\u0131za mucizeleri \u00e7ekebilirsiniz. \u0130lahi d\u00fczende, matematik Allah\u2019\u0131n evreni yazmak i\u00e7in kulland\u0131\u011f\u0131 alfabedir.<\/p>\n","protected":false},"featured_media":489,"comment_status":"open","ping_status":"closed","template":"","meta":[],"product_brand":[],"product_cat":[258,259,260,261],"product_tag":[262,39,263,264,265,266,267,268,269,270,271],"class_list":{"0":"post-420","1":"product","2":"type-product","3":"status-publish","4":"has-post-thumbnail","6":"product_cat-bileklik","7":"product_cat-bileklikler","8":"product_cat-necef-tasi","9":"product_cat-sayi-sekansli-dogal-taslar","10":"product_tag-262","11":"product_tag-astrolog-elvan","12":"product_tag-bileklik","13":"product_tag-dogal-tas-bileklik","14":"product_tag-mucize-bilekligi","15":"product_tag-mucize-bilekligi-necef-tasi","16":"product_tag-necef","17":"product_tag-necef-tasi","18":"product_tag-necef-tasi-bileklik","19":"product_tag-sayi-sekansi","20":"product_tag-sayi-sekansli-bileklik","22":"first","23":"outofstock","24":"taxable","25":"shipping-taxable","26":"purchasable","27":"product-type-simple"},"yoast_head":"<!-- This site is optimized with the Yoast SEO plugin v27.3 - https:\/\/yoast.com\/product\/yoast-seo-wordpress\/ -->\n<title>DO\u011eAL NECEF TA\u015eLI MUC\u0130ZE B\u0130LEKL\u0130\u011e\u0130 (777) - Astrolog Elvan<\/title>\n<meta name=\"robots\" content=\"index, follow, max-snippet:-1, max-image-preview:large, max-video-preview:-1\" \/>\n<link rel=\"canonical\" href=\"https:\/\/astrologelvan.com\/magaza\/urun\/dogal-necef-tasli-mucize-bilekligi-777\/\" \/>\n<meta property=\"og:locale\" content=\"tr_TR\" \/>\n<meta property=\"og:type\" content=\"article\" \/>\n<meta property=\"og:title\" content=\"DO\u011eAL NECEF TA\u015eLI MUC\u0130ZE B\u0130LEKL\u0130\u011e\u0130 (777) - Astrolog Elvan\" \/>\n<meta property=\"og:description\" content=\"Necef ta\u015f\u0131; \u00e7ok \u00f6zel ve hassas ta\u015flardand\u0131r. Di\u011fer ad\u0131 da\u011f kristalidir. \u0130\u00e7inde baloncuk benzeri bo\u015fluklar vard\u0131r. Bu bo\u015fluklar su ya da karbondioksit ile doludur. Sakinlik ve huzur vermesi ile \u00fcnl\u00fcd\u00fcr. Safl\u0131k ve samimi ili\u015fkiler kurmak niyetiyle takabilirsiniz. En az 21 g\u00fcn \u00fczerinizde ta\u015f\u0131y\u0131n etkisini fark edeceksiniz.\u00a0  \u0130smini, ke\u015ffedildi\u011fi yer olan Irak\u2019\u0131n Necef kentinden alm\u0131\u015ft\u0131r. Negatif enerjiyi, i\u00e7indeki donmu\u015f su kristallerine hapsetti\u011fi ve bedeninizden n\u00f6trledi\u011fi s\u00f6ylenir.\u00a0  777, Rus Matematik Profes\u00f6r\u00fc Grigori Grabovoi\u2019nin buldu\u011fu say\u0131larla \u015fifalanma tekni\u011finde mucizeleri hayat\u0131m\u0131za \u00e7ekmek i\u00e7in kullan\u0131l\u0131r.  Necef enerjisinin safl\u0131\u011f\u0131 ile 777 say\u0131s\u0131n\u0131 g\u00fcn i\u00e7erisinde s\u00fcrekli hat\u0131rlayarak ve tekrarlayarak hayat\u0131n\u0131za mucizeleri \u00e7ekebilirsiniz. \u0130lahi d\u00fczende, matematik Allah\u2019\u0131n evreni yazmak i\u00e7in kulland\u0131\u011f\u0131 alfabedir.\" \/>\n<meta property=\"og:url\" content=\"https:\/\/astrologelvan.com\/magaza\/urun\/dogal-necef-tasli-mucize-bilekligi-777\/\" \/>\n<meta property=\"og:site_name\" content=\"Astrolog Elvan\" \/>\n<meta property=\"article:modified_time\" content=\"2025-10-06T05:14:52+00:00\" \/>\n<meta property=\"og:image\" content=\"https:\/\/astrologelvan.com\/magaza\/wp-content\/uploads\/2024\/02\/necef-tasi-bileklik-777.jpg\" \/>\n\t<meta property=\"og:image:width\" content=\"1080\" \/>\n\t<meta property=\"og:image:height\" content=\"1080\" \/>\n\t<meta property=\"og:image:type\" content=\"image\/jpeg\" \/>\n<meta name=\"twitter:card\" content=\"summary_large_image\" \/>\n<meta name=\"twitter:label1\" content=\"Tahmini okuma s\u00fcresi\" \/>\n\t<meta name=\"twitter:data1\" content=\"1 dakika\" \/>\n<script type=\"application\/ld+json\" class=\"yoast-schema-graph\">{\"@context\":\"https:\\\/\\\/schema.org\",\"@graph\":[{\"@type\":[\"WebPage\",\"ItemPage\"],\"@id\":\"https:\\\/\\\/astrologelvan.com\\\/magaza\\\/urun\\\/dogal-necef-tasli-mucize-bilekligi-777\\\/\",\"url\":\"https:\\\/\\\/astrologelvan.com\\\/magaza\\\/urun\\\/dogal-necef-tasli-mucize-bilekligi-777\\\/\",\"name\":\"DO\u011eAL NECEF TA\u015eLI MUC\u0130ZE B\u0130LEKL\u0130\u011e\u0130 (777) - Astrolog Elvan\",\"isPartOf\":{\"@id\":\"https:\\\/\\\/astrologelvan.com\\\/magaza\\\/#website\"},\"primaryImageOfPage\":{\"@id\":\"https:\\\/\\\/astrologelvan.com\\\/magaza\\\/urun\\\/dogal-necef-tasli-mucize-bilekligi-777\\\/#primaryimage\"},\"image\":{\"@id\":\"https:\\\/\\\/astrologelvan.com\\\/magaza\\\/urun\\\/dogal-necef-tasli-mucize-bilekligi-777\\\/#primaryimage\"},\"thumbnailUrl\":\"https:\\\/\\\/astrologelvan.com\\\/magaza\\\/wp-content\\\/uploads\\\/2024\\\/02\\\/necef-tasi-bileklik-777.jpg\",\"datePublished\":\"2024-02-27T23:22:52+00:00\",\"dateModified\":\"2025-10-06T05:14:52+00:00\",\"breadcrumb\":{\"@id\":\"https:\\\/\\\/astrologelvan.com\\\/magaza\\\/urun\\\/dogal-necef-tasli-mucize-bilekligi-777\\\/#breadcrumb\"},\"inLanguage\":\"tr\",\"potentialAction\":[{\"@type\":\"ReadAction\",\"target\":[\"https:\\\/\\\/astrologelvan.com\\\/magaza\\\/urun\\\/dogal-necef-tasli-mucize-bilekligi-777\\\/\"]}]},{\"@type\":\"ImageObject\",\"inLanguage\":\"tr\",\"@id\":\"https:\\\/\\\/astrologelvan.com\\\/magaza\\\/urun\\\/dogal-necef-tasli-mucize-bilekligi-777\\\/#primaryimage\",\"url\":\"https:\\\/\\\/astrologelvan.com\\\/magaza\\\/wp-content\\\/uploads\\\/2024\\\/02\\\/necef-tasi-bileklik-777.jpg\",\"contentUrl\":\"https:\\\/\\\/astrologelvan.com\\\/magaza\\\/wp-content\\\/uploads\\\/2024\\\/02\\\/necef-tasi-bileklik-777.jpg\",\"width\":1080,\"height\":1080},{\"@type\":\"BreadcrumbList\",\"@id\":\"https:\\\/\\\/astrologelvan.com\\\/magaza\\\/urun\\\/dogal-necef-tasli-mucize-bilekligi-777\\\/#breadcrumb\",\"itemListElement\":[{\"@type\":\"ListItem\",\"position\":1,\"name\":\"Anasayfa\",\"item\":\"https:\\\/\\\/astrologelvan.com\\\/magaza\\\/\"},{\"@type\":\"ListItem\",\"position\":2,\"name\":\"Ma\u011faza\",\"item\":\"https:\\\/\\\/astrologelvan.com\\\/magaza\\\/magaza\\\/\"},{\"@type\":\"ListItem\",\"position\":3,\"name\":\"DO\u011eAL NECEF TA\u015eLI MUC\u0130ZE B\u0130LEKL\u0130\u011e\u0130 (777)\"}]},{\"@type\":\"WebSite\",\"@id\":\"https:\\\/\\\/astrologelvan.com\\\/magaza\\\/#website\",\"url\":\"https:\\\/\\\/astrologelvan.com\\\/magaza\\\/\",\"name\":\"Astrolog Elvan\",\"description\":\"\",\"potentialAction\":[{\"@type\":\"SearchAction\",\"target\":{\"@type\":\"EntryPoint\",\"urlTemplate\":\"https:\\\/\\\/astrologelvan.com\\\/magaza\\\/?s={search_term_string}\"},\"query-input\":{\"@type\":\"PropertyValueSpecification\",\"valueRequired\":true,\"valueName\":\"search_term_string\"}}],\"inLanguage\":\"tr\"}]}<\/script>\n<!-- \/ Yoast SEO plugin. -->","yoast_head_json":{"title":"DO\u011eAL NECEF TA\u015eLI MUC\u0130ZE B\u0130LEKL\u0130\u011e\u0130 (777) - Astrolog Elvan","robots":{"index":"index","follow":"follow","max-snippet":"max-snippet:-1","max-image-preview":"max-image-preview:large","max-video-preview":"max-video-preview:-1"},"canonical":"https:\/\/astrologelvan.com\/magaza\/urun\/dogal-necef-tasli-mucize-bilekligi-777\/","og_locale":"tr_TR","og_type":"article","og_title":"DO\u011eAL NECEF TA\u015eLI MUC\u0130ZE B\u0130LEKL\u0130\u011e\u0130 (777) - Astrolog Elvan","og_description":"Necef ta\u015f\u0131; \u00e7ok \u00f6zel ve hassas ta\u015flardand\u0131r. Di\u011fer ad\u0131 da\u011f kristalidir. \u0130\u00e7inde baloncuk benzeri bo\u015fluklar vard\u0131r. Bu bo\u015fluklar su ya da karbondioksit ile doludur. Sakinlik ve huzur vermesi ile \u00fcnl\u00fcd\u00fcr. Safl\u0131k ve samimi ili\u015fkiler kurmak niyetiyle takabilirsiniz. En az 21 g\u00fcn \u00fczerinizde ta\u015f\u0131y\u0131n etkisini fark edeceksiniz.\u00a0  \u0130smini, ke\u015ffedildi\u011fi yer olan Irak\u2019\u0131n Necef kentinden alm\u0131\u015ft\u0131r. Negatif enerjiyi, i\u00e7indeki donmu\u015f su kristallerine hapsetti\u011fi ve bedeninizden n\u00f6trledi\u011fi s\u00f6ylenir.\u00a0  777, Rus Matematik Profes\u00f6r\u00fc Grigori Grabovoi\u2019nin buldu\u011fu say\u0131larla \u015fifalanma tekni\u011finde mucizeleri hayat\u0131m\u0131za \u00e7ekmek i\u00e7in kullan\u0131l\u0131r.  Necef enerjisinin safl\u0131\u011f\u0131 ile 777 say\u0131s\u0131n\u0131 g\u00fcn i\u00e7erisinde s\u00fcrekli hat\u0131rlayarak ve tekrarlayarak hayat\u0131n\u0131za mucizeleri \u00e7ekebilirsiniz. \u0130lahi d\u00fczende, matematik Allah\u2019\u0131n evreni yazmak i\u00e7in kulland\u0131\u011f\u0131 alfabedir.","og_url":"https:\/\/astrologelvan.com\/magaza\/urun\/dogal-necef-tasli-mucize-bilekligi-777\/","og_site_name":"Astrolog Elvan","article_modified_time":"2025-10-06T05:14:52+00:00","og_image":[{"width":1080,"height":1080,"url":"https:\/\/astrologelvan.com\/magaza\/wp-content\/uploads\/2024\/02\/necef-tasi-bileklik-777.jpg","type":"image\/jpeg"}],"twitter_card":"summary_large_image","twitter_misc":{"Tahmini okuma s\u00fcresi":"1 dakika"},"schema":{"@context":"https:\/\/schema.org","@graph":[{"@type":["WebPage","ItemPage"],"@id":"https:\/\/astrologelvan.com\/magaza\/urun\/dogal-necef-tasli-mucize-bilekligi-777\/","url":"https:\/\/astrologelvan.com\/magaza\/urun\/dogal-necef-tasli-mucize-bilekligi-777\/","name":"DO\u011eAL NECEF TA\u015eLI MUC\u0130ZE B\u0130LEKL\u0130\u011e\u0130 (777) - Astrolog Elvan","isPartOf":{"@id":"https:\/\/astrologelvan.com\/magaza\/#website"},"primaryImageOfPage":{"@id":"https:\/\/astrologelvan.com\/magaza\/urun\/dogal-necef-tasli-mucize-bilekligi-777\/#primaryimage"},"image":{"@id":"https:\/\/astrologelvan.com\/magaza\/urun\/dogal-necef-tasli-mucize-bilekligi-777\/#primaryimage"},"thumbnailUrl":"https:\/\/astrologelvan.com\/magaza\/wp-content\/uploads\/2024\/02\/necef-tasi-bileklik-777.jpg","datePublished":"2024-02-27T23:22:52+00:00","dateModified":"2025-10-06T05:14:52+00:00","breadcrumb":{"@id":"https:\/\/astrologelvan.com\/magaza\/urun\/dogal-necef-tasli-mucize-bilekligi-777\/#breadcrumb"},"inLanguage":"tr","potentialAction":[{"@type":"ReadAction","target":["https:\/\/astrologelvan.com\/magaza\/urun\/dogal-necef-tasli-mucize-bilekligi-777\/"]}]},{"@type":"ImageObject","inLanguage":"tr","@id":"https:\/\/astrologelvan.com\/magaza\/urun\/dogal-necef-tasli-mucize-bilekligi-777\/#primaryimage","url":"https:\/\/astrologelvan.com\/magaza\/wp-content\/uploads\/2024\/02\/necef-tasi-bileklik-777.jpg","contentUrl":"https:\/\/astrologelvan.com\/magaza\/wp-content\/uploads\/2024\/02\/necef-tasi-bileklik-777.jpg","width":1080,"height":1080},{"@type":"BreadcrumbList","@id":"https:\/\/astrologelvan.com\/magaza\/urun\/dogal-necef-tasli-mucize-bilekligi-777\/#breadcrumb","itemListElement":[{"@type":"ListItem","position":1,"name":"Anasayfa","item":"https:\/\/astrologelvan.com\/magaza\/"},{"@type":"ListItem","position":2,"name":"Ma\u011faza","item":"https:\/\/astrologelvan.com\/magaza\/magaza\/"},{"@type":"ListItem","position":3,"name":"DO\u011eAL NECEF TA\u015eLI MUC\u0130ZE B\u0130LEKL\u0130\u011e\u0130 (777)"}]},{"@type":"WebSite","@id":"https:\/\/astrologelvan.com\/magaza\/#website","url":"https:\/\/astrologelvan.com\/magaza\/","name":"Astrolog Elvan","description":"","potentialAction":[{"@type":"SearchAction","target":{"@type":"EntryPoint","urlTemplate":"https:\/\/astrologelvan.com\/magaza\/?s={search_term_string}"},"query-input":{"@type":"PropertyValueSpecification","valueRequired":true,"valueName":"search_term_string"}}],"inLanguage":"tr"}]}},"_links":{"self":[{"href":"https:\/\/astrologelvan.com\/magaza\/wp-json\/wp\/v2\/product\/420","targetHints":{"allow":["GET"]}}],"collection":[{"href":"https:\/\/astrologelvan.com\/magaza\/wp-json\/wp\/v2\/product"}],"about":[{"href":"https:\/\/astrologelvan.com\/magaza\/wp-json\/wp\/v2\/types\/product"}],"replies":[{"embeddable":true,"href":"https:\/\/astrologelvan.com\/magaza\/wp-json\/wp\/v2\/comments?post=420"}],"wp:featuredmedia":[{"embeddable":true,"href":"https:\/\/astrologelvan.com\/magaza\/wp-json\/wp\/v2\/media\/489"}],"wp:attachment":[{"href":"https:\/\/astrologelvan.com\/magaza\/wp-json\/wp\/v2\/media?parent=420"}],"wp:term":[{"taxonomy":"product_brand","embeddable":true,"href":"https:\/\/astrologelvan.com\/magaza\/wp-json\/wp\/v2\/product_brand?post=420"},{"taxonomy":"product_cat","embeddable":true,"href":"https:\/\/astrologelvan.com\/magaza\/wp-json\/wp\/v2\/product_cat?post=420"},{"taxonomy":"product_tag","embeddable":true,"href":"https:\/\/astrologelvan.com\/magaza\/wp-json\/wp\/v2\/product_tag?post=420"}],"curies":[{"name":"wp","href":"https:\/\/api.w.org\/{rel}","templated":true}]}}