{"id":37683,"date":"2025-01-23T17:22:36","date_gmt":"2025-01-23T14:22:36","guid":{"rendered":"https:\/\/astrologelvan.com\/magaza\/?post_type=product&#038;p=37683"},"modified":"2025-10-06T08:15:33","modified_gmt":"2025-10-06T05:15:33","slug":"el-yapimi-bakir-bileklik","status":"publish","type":"product","link":"https:\/\/astrologelvan.com\/magaza\/urun\/el-yapimi-bakir-bileklik\/","title":{"rendered":"EL YAPIMI BAKIR B\u0130LEKL\u0130K"},"content":{"rendered":"<p>Bak\u0131r do\u011fas\u0131 gere\u011fi hava ile temas etmesi veya \u0131s\u0131ya maruz kalmas\u0131 durumunda karar\u0131r. Ger\u00e7ek bak\u0131r zamanla kullan\u0131ld\u0131k\u00e7a renk de\u011fi\u015ftirerek daha eski bir g\u00f6r\u00fcnt\u00fcye b\u00fcr\u00fcn\u00fcr. Bak\u0131r bileziklerin zamanla kararmas\u0131 normal bir s\u00fcre\u00e7tir ve bak\u0131r\u0131n do\u011fal \u00f6zelliklerinden biridir.<\/p>\n","protected":false},"excerpt":{"rendered":"<p>Bak\u0131r, astrolojide Ven\u00fcs\u2019le ba\u011flant\u0131l\u0131d\u0131r.<\/p>\n<p>\u00d6zellikle kad\u0131nlarda a\u015fk, ili\u015fki, g\u00fczellik refah, bolluk frekans\u0131n\u0131 y\u00fckseltmek i\u00e7in ve ayn\u0131 zamanda di\u015fili\u011fi korumak i\u00e7in bak\u0131r element kullan\u0131l\u0131r.<\/p>\n<p>Do\u011fum haritan\u0131zda Ven\u00fcs\u2019\u00fcn\u00fcz Retro, Ven\u00fcs\u2019\u00fcn\u00fcz Ba\u015fak, Ven\u00fcs\u2019\u00fcn\u00fcz Ko\u00e7, Ven\u00fcs\u2019\u00fcn\u00fcz Akrep etkileri veya Ven\u00fcs\u2019\u00fcn\u00fczde kare ve kar\u015f\u0131t gezegenler var ise bu negatif enerjiyi sa\u011faltmak i\u00e7in mutlaka bak\u0131r kullanmal\u0131s\u0131n\u0131z.<\/p>\n<p><strong>Bak\u0131r Bilekli\u011fin arka k\u0131sm\u0131 istedi\u011finiz \u00f6l\u00e7\u00fcde bile\u011finize g\u00f6re ayarlanmaktad\u0131r.<\/strong><\/p>\n<p>https:\/\/astrologelvan.com\/astroblog\/el-yapimi-bakir-bileklik\/<\/p>\n","protected":false},"featured_media":37684,"comment_status":"open","ping_status":"closed","template":"","meta":[],"product_brand":[],"product_cat":[597],"product_tag":[],"class_list":{"0":"post-37683","1":"product","2":"type-product","3":"status-publish","4":"has-post-thumbnail","6":"product_cat-bakir-bileklik","8":"first","9":"outofstock","10":"taxable","11":"shipping-taxable","12":"purchasable","13":"product-type-simple"},"yoast_head":"<!-- This site is optimized with the Yoast SEO plugin v27.3 - https:\/\/yoast.com\/product\/yoast-seo-wordpress\/ -->\n<title>EL YAPIMI BAKIR B\u0130LEKL\u0130K - Astrolog Elvan<\/title>\n<meta name=\"robots\" content=\"index, follow, max-snippet:-1, max-image-preview:large, max-video-preview:-1\" \/>\n<link rel=\"canonical\" href=\"https:\/\/astrologelvan.com\/magaza\/urun\/el-yapimi-bakir-bileklik\/\" \/>\n<meta property=\"og:locale\" content=\"tr_TR\" \/>\n<meta property=\"og:type\" content=\"article\" \/>\n<meta property=\"og:title\" content=\"EL YAPIMI BAKIR B\u0130LEKL\u0130K - Astrolog Elvan\" \/>\n<meta property=\"og:description\" content=\"Bak\u0131r, astrolojide Ven\u00fcs\u2019le ba\u011flant\u0131l\u0131d\u0131r.  \u00d6zellikle kad\u0131nlarda a\u015fk, ili\u015fki, g\u00fczellik refah, bolluk frekans\u0131n\u0131 y\u00fckseltmek i\u00e7in ve ayn\u0131 zamanda di\u015fili\u011fi korumak i\u00e7in bak\u0131r element kullan\u0131l\u0131r.  Do\u011fum haritan\u0131zda Ven\u00fcs\u2019\u00fcn\u00fcz Retro, Ven\u00fcs\u2019\u00fcn\u00fcz Ba\u015fak, Ven\u00fcs\u2019\u00fcn\u00fcz Ko\u00e7, Ven\u00fcs\u2019\u00fcn\u00fcz Akrep etkileri veya Ven\u00fcs\u2019\u00fcn\u00fczde kare ve kar\u015f\u0131t gezegenler var ise bu negatif enerjiyi sa\u011faltmak i\u00e7in mutlaka bak\u0131r kullanmal\u0131s\u0131n\u0131z.  Bak\u0131r Bilekli\u011fin arka k\u0131sm\u0131 istedi\u011finiz \u00f6l\u00e7\u00fcde bile\u011finize g\u00f6re ayarlanmaktad\u0131r.  https:\/\/astrologelvan.com\/astroblog\/el-yapimi-bakir-bileklik\/\" \/>\n<meta property=\"og:url\" content=\"https:\/\/astrologelvan.com\/magaza\/urun\/el-yapimi-bakir-bileklik\/\" \/>\n<meta property=\"og:site_name\" content=\"Astrolog Elvan\" \/>\n<meta property=\"article:modified_time\" content=\"2025-10-06T05:15:33+00:00\" \/>\n<meta property=\"og:image\" content=\"https:\/\/astrologelvan.com\/magaza\/wp-content\/uploads\/2025\/01\/bakir_bileklik_desenli-scaled.jpg\" \/>\n\t<meta property=\"og:image:width\" content=\"1707\" \/>\n\t<meta property=\"og:image:height\" content=\"2560\" \/>\n\t<meta property=\"og:image:type\" content=\"image\/jpeg\" \/>\n<meta name=\"twitter:card\" content=\"summary_large_image\" \/>\n<meta name=\"twitter:label1\" content=\"Tahmini okuma s\u00fcresi\" \/>\n\t<meta name=\"twitter:data1\" content=\"1 dakika\" \/>\n<script type=\"application\/ld+json\" class=\"yoast-schema-graph\">{\"@context\":\"https:\\\/\\\/schema.org\",\"@graph\":[{\"@type\":[\"WebPage\",\"ItemPage\"],\"@id\":\"https:\\\/\\\/astrologelvan.com\\\/magaza\\\/urun\\\/el-yapimi-bakir-bileklik\\\/\",\"url\":\"https:\\\/\\\/astrologelvan.com\\\/magaza\\\/urun\\\/el-yapimi-bakir-bileklik\\\/\",\"name\":\"EL YAPIMI BAKIR B\u0130LEKL\u0130K - Astrolog Elvan\",\"isPartOf\":{\"@id\":\"https:\\\/\\\/astrologelvan.com\\\/magaza\\\/#website\"},\"primaryImageOfPage\":{\"@id\":\"https:\\\/\\\/astrologelvan.com\\\/magaza\\\/urun\\\/el-yapimi-bakir-bileklik\\\/#primaryimage\"},\"image\":{\"@id\":\"https:\\\/\\\/astrologelvan.com\\\/magaza\\\/urun\\\/el-yapimi-bakir-bileklik\\\/#primaryimage\"},\"thumbnailUrl\":\"https:\\\/\\\/astrologelvan.com\\\/magaza\\\/wp-content\\\/uploads\\\/2025\\\/01\\\/bakir_bileklik_desenli-scaled.jpg\",\"datePublished\":\"2025-01-23T14:22:36+00:00\",\"dateModified\":\"2025-10-06T05:15:33+00:00\",\"breadcrumb\":{\"@id\":\"https:\\\/\\\/astrologelvan.com\\\/magaza\\\/urun\\\/el-yapimi-bakir-bileklik\\\/#breadcrumb\"},\"inLanguage\":\"tr\",\"potentialAction\":[{\"@type\":\"ReadAction\",\"target\":[\"https:\\\/\\\/astrologelvan.com\\\/magaza\\\/urun\\\/el-yapimi-bakir-bileklik\\\/\"]}]},{\"@type\":\"ImageObject\",\"inLanguage\":\"tr\",\"@id\":\"https:\\\/\\\/astrologelvan.com\\\/magaza\\\/urun\\\/el-yapimi-bakir-bileklik\\\/#primaryimage\",\"url\":\"https:\\\/\\\/astrologelvan.com\\\/magaza\\\/wp-content\\\/uploads\\\/2025\\\/01\\\/bakir_bileklik_desenli-scaled.jpg\",\"contentUrl\":\"https:\\\/\\\/astrologelvan.com\\\/magaza\\\/wp-content\\\/uploads\\\/2025\\\/01\\\/bakir_bileklik_desenli-scaled.jpg\",\"width\":1707,\"height\":2560},{\"@type\":\"BreadcrumbList\",\"@id\":\"https:\\\/\\\/astrologelvan.com\\\/magaza\\\/urun\\\/el-yapimi-bakir-bileklik\\\/#breadcrumb\",\"itemListElement\":[{\"@type\":\"ListItem\",\"position\":1,\"name\":\"Anasayfa\",\"item\":\"https:\\\/\\\/astrologelvan.com\\\/magaza\\\/\"},{\"@type\":\"ListItem\",\"position\":2,\"name\":\"Ma\u011faza\",\"item\":\"https:\\\/\\\/astrologelvan.com\\\/magaza\\\/magaza\\\/\"},{\"@type\":\"ListItem\",\"position\":3,\"name\":\"EL YAPIMI BAKIR B\u0130LEKL\u0130K\"}]},{\"@type\":\"WebSite\",\"@id\":\"https:\\\/\\\/astrologelvan.com\\\/magaza\\\/#website\",\"url\":\"https:\\\/\\\/astrologelvan.com\\\/magaza\\\/\",\"name\":\"Astrolog Elvan\",\"description\":\"\",\"potentialAction\":[{\"@type\":\"SearchAction\",\"target\":{\"@type\":\"EntryPoint\",\"urlTemplate\":\"https:\\\/\\\/astrologelvan.com\\\/magaza\\\/?s={search_term_string}\"},\"query-input\":{\"@type\":\"PropertyValueSpecification\",\"valueRequired\":true,\"valueName\":\"search_term_string\"}}],\"inLanguage\":\"tr\"}]}<\/script>\n<!-- \/ Yoast SEO plugin. -->","yoast_head_json":{"title":"EL YAPIMI BAKIR B\u0130LEKL\u0130K - Astrolog Elvan","robots":{"index":"index","follow":"follow","max-snippet":"max-snippet:-1","max-image-preview":"max-image-preview:large","max-video-preview":"max-video-preview:-1"},"canonical":"https:\/\/astrologelvan.com\/magaza\/urun\/el-yapimi-bakir-bileklik\/","og_locale":"tr_TR","og_type":"article","og_title":"EL YAPIMI BAKIR B\u0130LEKL\u0130K - Astrolog Elvan","og_description":"Bak\u0131r, astrolojide Ven\u00fcs\u2019le ba\u011flant\u0131l\u0131d\u0131r.  \u00d6zellikle kad\u0131nlarda a\u015fk, ili\u015fki, g\u00fczellik refah, bolluk frekans\u0131n\u0131 y\u00fckseltmek i\u00e7in ve ayn\u0131 zamanda di\u015fili\u011fi korumak i\u00e7in bak\u0131r element kullan\u0131l\u0131r.  Do\u011fum haritan\u0131zda Ven\u00fcs\u2019\u00fcn\u00fcz Retro, Ven\u00fcs\u2019\u00fcn\u00fcz Ba\u015fak, Ven\u00fcs\u2019\u00fcn\u00fcz Ko\u00e7, Ven\u00fcs\u2019\u00fcn\u00fcz Akrep etkileri veya Ven\u00fcs\u2019\u00fcn\u00fczde kare ve kar\u015f\u0131t gezegenler var ise bu negatif enerjiyi sa\u011faltmak i\u00e7in mutlaka bak\u0131r kullanmal\u0131s\u0131n\u0131z.  Bak\u0131r Bilekli\u011fin arka k\u0131sm\u0131 istedi\u011finiz \u00f6l\u00e7\u00fcde bile\u011finize g\u00f6re ayarlanmaktad\u0131r.  https:\/\/astrologelvan.com\/astroblog\/el-yapimi-bakir-bileklik\/","og_url":"https:\/\/astrologelvan.com\/magaza\/urun\/el-yapimi-bakir-bileklik\/","og_site_name":"Astrolog Elvan","article_modified_time":"2025-10-06T05:15:33+00:00","og_image":[{"width":1707,"height":2560,"url":"https:\/\/astrologelvan.com\/magaza\/wp-content\/uploads\/2025\/01\/bakir_bileklik_desenli-scaled.jpg","type":"image\/jpeg"}],"twitter_card":"summary_large_image","twitter_misc":{"Tahmini okuma s\u00fcresi":"1 dakika"},"schema":{"@context":"https:\/\/schema.org","@graph":[{"@type":["WebPage","ItemPage"],"@id":"https:\/\/astrologelvan.com\/magaza\/urun\/el-yapimi-bakir-bileklik\/","url":"https:\/\/astrologelvan.com\/magaza\/urun\/el-yapimi-bakir-bileklik\/","name":"EL YAPIMI BAKIR B\u0130LEKL\u0130K - Astrolog Elvan","isPartOf":{"@id":"https:\/\/astrologelvan.com\/magaza\/#website"},"primaryImageOfPage":{"@id":"https:\/\/astrologelvan.com\/magaza\/urun\/el-yapimi-bakir-bileklik\/#primaryimage"},"image":{"@id":"https:\/\/astrologelvan.com\/magaza\/urun\/el-yapimi-bakir-bileklik\/#primaryimage"},"thumbnailUrl":"https:\/\/astrologelvan.com\/magaza\/wp-content\/uploads\/2025\/01\/bakir_bileklik_desenli-scaled.jpg","datePublished":"2025-01-23T14:22:36+00:00","dateModified":"2025-10-06T05:15:33+00:00","breadcrumb":{"@id":"https:\/\/astrologelvan.com\/magaza\/urun\/el-yapimi-bakir-bileklik\/#breadcrumb"},"inLanguage":"tr","potentialAction":[{"@type":"ReadAction","target":["https:\/\/astrologelvan.com\/magaza\/urun\/el-yapimi-bakir-bileklik\/"]}]},{"@type":"ImageObject","inLanguage":"tr","@id":"https:\/\/astrologelvan.com\/magaza\/urun\/el-yapimi-bakir-bileklik\/#primaryimage","url":"https:\/\/astrologelvan.com\/magaza\/wp-content\/uploads\/2025\/01\/bakir_bileklik_desenli-scaled.jpg","contentUrl":"https:\/\/astrologelvan.com\/magaza\/wp-content\/uploads\/2025\/01\/bakir_bileklik_desenli-scaled.jpg","width":1707,"height":2560},{"@type":"BreadcrumbList","@id":"https:\/\/astrologelvan.com\/magaza\/urun\/el-yapimi-bakir-bileklik\/#breadcrumb","itemListElement":[{"@type":"ListItem","position":1,"name":"Anasayfa","item":"https:\/\/astrologelvan.com\/magaza\/"},{"@type":"ListItem","position":2,"name":"Ma\u011faza","item":"https:\/\/astrologelvan.com\/magaza\/magaza\/"},{"@type":"ListItem","position":3,"name":"EL YAPIMI BAKIR B\u0130LEKL\u0130K"}]},{"@type":"WebSite","@id":"https:\/\/astrologelvan.com\/magaza\/#website","url":"https:\/\/astrologelvan.com\/magaza\/","name":"Astrolog Elvan","description":"","potentialAction":[{"@type":"SearchAction","target":{"@type":"EntryPoint","urlTemplate":"https:\/\/astrologelvan.com\/magaza\/?s={search_term_string}"},"query-input":{"@type":"PropertyValueSpecification","valueRequired":true,"valueName":"search_term_string"}}],"inLanguage":"tr"}]}},"_links":{"self":[{"href":"https:\/\/astrologelvan.com\/magaza\/wp-json\/wp\/v2\/product\/37683","targetHints":{"allow":["GET"]}}],"collection":[{"href":"https:\/\/astrologelvan.com\/magaza\/wp-json\/wp\/v2\/product"}],"about":[{"href":"https:\/\/astrologelvan.com\/magaza\/wp-json\/wp\/v2\/types\/product"}],"replies":[{"embeddable":true,"href":"https:\/\/astrologelvan.com\/magaza\/wp-json\/wp\/v2\/comments?post=37683"}],"wp:featuredmedia":[{"embeddable":true,"href":"https:\/\/astrologelvan.com\/magaza\/wp-json\/wp\/v2\/media\/37684"}],"wp:attachment":[{"href":"https:\/\/astrologelvan.com\/magaza\/wp-json\/wp\/v2\/media?parent=37683"}],"wp:term":[{"taxonomy":"product_brand","embeddable":true,"href":"https:\/\/astrologelvan.com\/magaza\/wp-json\/wp\/v2\/product_brand?post=37683"},{"taxonomy":"product_cat","embeddable":true,"href":"https:\/\/astrologelvan.com\/magaza\/wp-json\/wp\/v2\/product_cat?post=37683"},{"taxonomy":"product_tag","embeddable":true,"href":"https:\/\/astrologelvan.com\/magaza\/wp-json\/wp\/v2\/product_tag?post=37683"}],"curies":[{"name":"wp","href":"https:\/\/api.w.org\/{rel}","templated":true}]}}