{"id":36938,"date":"2025-01-17T13:38:00","date_gmt":"2025-01-17T10:38:00","guid":{"rendered":"https:\/\/astrologelvan.com\/magaza\/?post_type=product&#038;p=36938"},"modified":"2026-02-19T16:35:34","modified_gmt":"2026-02-19T13:35:34","slug":"faset-kesim-labradorit-bileklik","status":"publish","type":"product","link":"https:\/\/astrologelvan.com\/magaza\/urun\/faset-kesim-labradorit-bileklik\/","title":{"rendered":"FASET KES\u0130M LABRADOR\u0130T B\u0130LEKL\u0130K"},"content":{"rendered":"<p>6 MM TA\u015e<\/p>\n<p>FASET KES\u0130M<\/p>\n","protected":false},"excerpt":{"rendered":"<p><strong>\u201cKendi I\u015f\u0131\u011f\u0131n\u0131 Ke\u015ffet\u201d<\/strong><\/p>\n<p>Ruhsal enerjinizi g\u00fc\u00e7lendirir, sezgilerinizi keskinle\u015ftirir ve ya\u015fam\u0131n\u0131zdaki pozitif d\u00f6n\u00fc\u015f\u00fcmleri destekler. Kendinizi koruyucu bir \u0131\u015f\u0131kla sar\u0131lm\u0131\u015f gibi hissetmek istedi\u011finizde her zaman yan\u0131n\u0131zda.<\/p>\n<ul>\n<li>Do\u011fan\u0131n Sanat\u0131: Ta\u015f\u0131n y\u00fczeyindeki do\u011fal \u0131\u015f\u0131k oyunlar\u0131, y\u0131ld\u0131zl\u0131 bir g\u00f6ky\u00fcz\u00fcn\u00fc bile\u011finize ta\u015f\u0131r.<\/li>\n<li>Duygusal Denge: Stresli anlarda sakinle\u015ftirici etkisiyle huzur verir.<\/li>\n<li>\u0130lham ve Cesaret: Yarat\u0131c\u0131l\u0131\u011f\u0131 art\u0131r\u0131r, yeni ba\u015flang\u0131\u00e7lara g\u00fcvenle ad\u0131m atman\u0131z\u0131 sa\u011flar.<\/li>\n<\/ul>\n","protected":false},"featured_media":36939,"comment_status":"open","ping_status":"closed","template":"","meta":[],"product_brand":[596],"product_cat":[258,78,9539],"product_tag":[],"class_list":{"0":"post-36938","1":"product","2":"type-product","3":"status-publish","4":"has-post-thumbnail","6":"product_brand-astrolog-elvan","7":"product_cat-bileklik","8":"product_cat-labradorit-tasi","9":"product_cat--bileklikler","11":"first","12":"instock","13":"sale","14":"taxable","15":"shipping-taxable","16":"purchasable","17":"product-type-simple"},"yoast_head":"<!-- This site is optimized with the Yoast SEO plugin v27.3 - https:\/\/yoast.com\/product\/yoast-seo-wordpress\/ -->\n<title>FASET KES\u0130M LABRADOR\u0130T B\u0130LEKL\u0130K - Astrolog Elvan<\/title>\n<meta name=\"robots\" content=\"index, follow, max-snippet:-1, max-image-preview:large, max-video-preview:-1\" \/>\n<link rel=\"canonical\" href=\"https:\/\/astrologelvan.com\/magaza\/urun\/faset-kesim-labradorit-bileklik\/\" \/>\n<meta property=\"og:locale\" content=\"tr_TR\" \/>\n<meta property=\"og:type\" content=\"article\" \/>\n<meta property=\"og:title\" content=\"FASET KES\u0130M LABRADOR\u0130T B\u0130LEKL\u0130K - Astrolog Elvan\" \/>\n<meta property=\"og:description\" content=\"\u201cKendi I\u015f\u0131\u011f\u0131n\u0131 Ke\u015ffet\u201d  Ruhsal enerjinizi g\u00fc\u00e7lendirir, sezgilerinizi keskinle\u015ftirir ve ya\u015fam\u0131n\u0131zdaki pozitif d\u00f6n\u00fc\u015f\u00fcmleri destekler. Kendinizi koruyucu bir \u0131\u015f\u0131kla sar\u0131lm\u0131\u015f gibi hissetmek istedi\u011finizde her zaman yan\u0131n\u0131zda.   Do\u011fan\u0131n Sanat\u0131: Ta\u015f\u0131n y\u00fczeyindeki do\u011fal \u0131\u015f\u0131k oyunlar\u0131, y\u0131ld\u0131zl\u0131 bir g\u00f6ky\u00fcz\u00fcn\u00fc bile\u011finize ta\u015f\u0131r.  Duygusal Denge: Stresli anlarda sakinle\u015ftirici etkisiyle huzur verir.  \u0130lham ve Cesaret: Yarat\u0131c\u0131l\u0131\u011f\u0131 art\u0131r\u0131r, yeni ba\u015flang\u0131\u00e7lara g\u00fcvenle ad\u0131m atman\u0131z\u0131 sa\u011flar.\" \/>\n<meta property=\"og:url\" content=\"https:\/\/astrologelvan.com\/magaza\/urun\/faset-kesim-labradorit-bileklik\/\" \/>\n<meta property=\"og:site_name\" content=\"Astrolog Elvan\" \/>\n<meta property=\"article:modified_time\" content=\"2026-02-19T13:35:34+00:00\" \/>\n<meta property=\"og:image\" content=\"https:\/\/astrologelvan.com\/magaza\/wp-content\/uploads\/2025\/01\/2.jpg\" \/>\n\t<meta property=\"og:image:width\" content=\"2400\" \/>\n\t<meta property=\"og:image:height\" content=\"2400\" \/>\n\t<meta property=\"og:image:type\" content=\"image\/jpeg\" \/>\n<meta name=\"twitter:card\" content=\"summary_large_image\" \/>\n<meta name=\"twitter:label1\" content=\"Tahmini okuma s\u00fcresi\" \/>\n\t<meta name=\"twitter:data1\" content=\"1 dakika\" \/>\n<script type=\"application\/ld+json\" class=\"yoast-schema-graph\">{\"@context\":\"https:\\\/\\\/schema.org\",\"@graph\":[{\"@type\":[\"WebPage\",\"ItemPage\"],\"@id\":\"https:\\\/\\\/astrologelvan.com\\\/magaza\\\/urun\\\/faset-kesim-labradorit-bileklik\\\/\",\"url\":\"https:\\\/\\\/astrologelvan.com\\\/magaza\\\/urun\\\/faset-kesim-labradorit-bileklik\\\/\",\"name\":\"FASET KES\u0130M LABRADOR\u0130T B\u0130LEKL\u0130K - Astrolog Elvan\",\"isPartOf\":{\"@id\":\"https:\\\/\\\/astrologelvan.com\\\/magaza\\\/#website\"},\"primaryImageOfPage\":{\"@id\":\"https:\\\/\\\/astrologelvan.com\\\/magaza\\\/urun\\\/faset-kesim-labradorit-bileklik\\\/#primaryimage\"},\"image\":{\"@id\":\"https:\\\/\\\/astrologelvan.com\\\/magaza\\\/urun\\\/faset-kesim-labradorit-bileklik\\\/#primaryimage\"},\"thumbnailUrl\":\"https:\\\/\\\/astrologelvan.com\\\/magaza\\\/wp-content\\\/uploads\\\/2025\\\/01\\\/2.jpg\",\"datePublished\":\"2025-01-17T10:38:00+00:00\",\"dateModified\":\"2026-02-19T13:35:34+00:00\",\"breadcrumb\":{\"@id\":\"https:\\\/\\\/astrologelvan.com\\\/magaza\\\/urun\\\/faset-kesim-labradorit-bileklik\\\/#breadcrumb\"},\"inLanguage\":\"tr\",\"potentialAction\":[{\"@type\":\"ReadAction\",\"target\":[\"https:\\\/\\\/astrologelvan.com\\\/magaza\\\/urun\\\/faset-kesim-labradorit-bileklik\\\/\"]}]},{\"@type\":\"ImageObject\",\"inLanguage\":\"tr\",\"@id\":\"https:\\\/\\\/astrologelvan.com\\\/magaza\\\/urun\\\/faset-kesim-labradorit-bileklik\\\/#primaryimage\",\"url\":\"https:\\\/\\\/astrologelvan.com\\\/magaza\\\/wp-content\\\/uploads\\\/2025\\\/01\\\/2.jpg\",\"contentUrl\":\"https:\\\/\\\/astrologelvan.com\\\/magaza\\\/wp-content\\\/uploads\\\/2025\\\/01\\\/2.jpg\",\"width\":2400,\"height\":2400},{\"@type\":\"BreadcrumbList\",\"@id\":\"https:\\\/\\\/astrologelvan.com\\\/magaza\\\/urun\\\/faset-kesim-labradorit-bileklik\\\/#breadcrumb\",\"itemListElement\":[{\"@type\":\"ListItem\",\"position\":1,\"name\":\"Anasayfa\",\"item\":\"https:\\\/\\\/astrologelvan.com\\\/magaza\\\/\"},{\"@type\":\"ListItem\",\"position\":2,\"name\":\"Ma\u011faza\",\"item\":\"https:\\\/\\\/astrologelvan.com\\\/magaza\\\/magaza\\\/\"},{\"@type\":\"ListItem\",\"position\":3,\"name\":\"FASET KES\u0130M LABRADOR\u0130T B\u0130LEKL\u0130K\"}]},{\"@type\":\"WebSite\",\"@id\":\"https:\\\/\\\/astrologelvan.com\\\/magaza\\\/#website\",\"url\":\"https:\\\/\\\/astrologelvan.com\\\/magaza\\\/\",\"name\":\"Astrolog Elvan\",\"description\":\"\",\"potentialAction\":[{\"@type\":\"SearchAction\",\"target\":{\"@type\":\"EntryPoint\",\"urlTemplate\":\"https:\\\/\\\/astrologelvan.com\\\/magaza\\\/?s={search_term_string}\"},\"query-input\":{\"@type\":\"PropertyValueSpecification\",\"valueRequired\":true,\"valueName\":\"search_term_string\"}}],\"inLanguage\":\"tr\"}]}<\/script>\n<!-- \/ Yoast SEO plugin. -->","yoast_head_json":{"title":"FASET KES\u0130M LABRADOR\u0130T B\u0130LEKL\u0130K - Astrolog Elvan","robots":{"index":"index","follow":"follow","max-snippet":"max-snippet:-1","max-image-preview":"max-image-preview:large","max-video-preview":"max-video-preview:-1"},"canonical":"https:\/\/astrologelvan.com\/magaza\/urun\/faset-kesim-labradorit-bileklik\/","og_locale":"tr_TR","og_type":"article","og_title":"FASET KES\u0130M LABRADOR\u0130T B\u0130LEKL\u0130K - Astrolog Elvan","og_description":"\u201cKendi I\u015f\u0131\u011f\u0131n\u0131 Ke\u015ffet\u201d  Ruhsal enerjinizi g\u00fc\u00e7lendirir, sezgilerinizi keskinle\u015ftirir ve ya\u015fam\u0131n\u0131zdaki pozitif d\u00f6n\u00fc\u015f\u00fcmleri destekler. Kendinizi koruyucu bir \u0131\u015f\u0131kla sar\u0131lm\u0131\u015f gibi hissetmek istedi\u011finizde her zaman yan\u0131n\u0131zda.   Do\u011fan\u0131n Sanat\u0131: Ta\u015f\u0131n y\u00fczeyindeki do\u011fal \u0131\u015f\u0131k oyunlar\u0131, y\u0131ld\u0131zl\u0131 bir g\u00f6ky\u00fcz\u00fcn\u00fc bile\u011finize ta\u015f\u0131r.  Duygusal Denge: Stresli anlarda sakinle\u015ftirici etkisiyle huzur verir.  \u0130lham ve Cesaret: Yarat\u0131c\u0131l\u0131\u011f\u0131 art\u0131r\u0131r, yeni ba\u015flang\u0131\u00e7lara g\u00fcvenle ad\u0131m atman\u0131z\u0131 sa\u011flar.","og_url":"https:\/\/astrologelvan.com\/magaza\/urun\/faset-kesim-labradorit-bileklik\/","og_site_name":"Astrolog Elvan","article_modified_time":"2026-02-19T13:35:34+00:00","og_image":[{"width":2400,"height":2400,"url":"https:\/\/astrologelvan.com\/magaza\/wp-content\/uploads\/2025\/01\/2.jpg","type":"image\/jpeg"}],"twitter_card":"summary_large_image","twitter_misc":{"Tahmini okuma s\u00fcresi":"1 dakika"},"schema":{"@context":"https:\/\/schema.org","@graph":[{"@type":["WebPage","ItemPage"],"@id":"https:\/\/astrologelvan.com\/magaza\/urun\/faset-kesim-labradorit-bileklik\/","url":"https:\/\/astrologelvan.com\/magaza\/urun\/faset-kesim-labradorit-bileklik\/","name":"FASET KES\u0130M LABRADOR\u0130T B\u0130LEKL\u0130K - Astrolog Elvan","isPartOf":{"@id":"https:\/\/astrologelvan.com\/magaza\/#website"},"primaryImageOfPage":{"@id":"https:\/\/astrologelvan.com\/magaza\/urun\/faset-kesim-labradorit-bileklik\/#primaryimage"},"image":{"@id":"https:\/\/astrologelvan.com\/magaza\/urun\/faset-kesim-labradorit-bileklik\/#primaryimage"},"thumbnailUrl":"https:\/\/astrologelvan.com\/magaza\/wp-content\/uploads\/2025\/01\/2.jpg","datePublished":"2025-01-17T10:38:00+00:00","dateModified":"2026-02-19T13:35:34+00:00","breadcrumb":{"@id":"https:\/\/astrologelvan.com\/magaza\/urun\/faset-kesim-labradorit-bileklik\/#breadcrumb"},"inLanguage":"tr","potentialAction":[{"@type":"ReadAction","target":["https:\/\/astrologelvan.com\/magaza\/urun\/faset-kesim-labradorit-bileklik\/"]}]},{"@type":"ImageObject","inLanguage":"tr","@id":"https:\/\/astrologelvan.com\/magaza\/urun\/faset-kesim-labradorit-bileklik\/#primaryimage","url":"https:\/\/astrologelvan.com\/magaza\/wp-content\/uploads\/2025\/01\/2.jpg","contentUrl":"https:\/\/astrologelvan.com\/magaza\/wp-content\/uploads\/2025\/01\/2.jpg","width":2400,"height":2400},{"@type":"BreadcrumbList","@id":"https:\/\/astrologelvan.com\/magaza\/urun\/faset-kesim-labradorit-bileklik\/#breadcrumb","itemListElement":[{"@type":"ListItem","position":1,"name":"Anasayfa","item":"https:\/\/astrologelvan.com\/magaza\/"},{"@type":"ListItem","position":2,"name":"Ma\u011faza","item":"https:\/\/astrologelvan.com\/magaza\/magaza\/"},{"@type":"ListItem","position":3,"name":"FASET KES\u0130M LABRADOR\u0130T B\u0130LEKL\u0130K"}]},{"@type":"WebSite","@id":"https:\/\/astrologelvan.com\/magaza\/#website","url":"https:\/\/astrologelvan.com\/magaza\/","name":"Astrolog Elvan","description":"","potentialAction":[{"@type":"SearchAction","target":{"@type":"EntryPoint","urlTemplate":"https:\/\/astrologelvan.com\/magaza\/?s={search_term_string}"},"query-input":{"@type":"PropertyValueSpecification","valueRequired":true,"valueName":"search_term_string"}}],"inLanguage":"tr"}]}},"_links":{"self":[{"href":"https:\/\/astrologelvan.com\/magaza\/wp-json\/wp\/v2\/product\/36938","targetHints":{"allow":["GET"]}}],"collection":[{"href":"https:\/\/astrologelvan.com\/magaza\/wp-json\/wp\/v2\/product"}],"about":[{"href":"https:\/\/astrologelvan.com\/magaza\/wp-json\/wp\/v2\/types\/product"}],"replies":[{"embeddable":true,"href":"https:\/\/astrologelvan.com\/magaza\/wp-json\/wp\/v2\/comments?post=36938"}],"wp:featuredmedia":[{"embeddable":true,"href":"https:\/\/astrologelvan.com\/magaza\/wp-json\/wp\/v2\/media\/36939"}],"wp:attachment":[{"href":"https:\/\/astrologelvan.com\/magaza\/wp-json\/wp\/v2\/media?parent=36938"}],"wp:term":[{"taxonomy":"product_brand","embeddable":true,"href":"https:\/\/astrologelvan.com\/magaza\/wp-json\/wp\/v2\/product_brand?post=36938"},{"taxonomy":"product_cat","embeddable":true,"href":"https:\/\/astrologelvan.com\/magaza\/wp-json\/wp\/v2\/product_cat?post=36938"},{"taxonomy":"product_tag","embeddable":true,"href":"https:\/\/astrologelvan.com\/magaza\/wp-json\/wp\/v2\/product_tag?post=36938"}],"curies":[{"name":"wp","href":"https:\/\/api.w.org\/{rel}","templated":true}]}}