{"id":34504,"date":"2025-01-10T09:15:59","date_gmt":"2025-01-10T06:15:59","guid":{"rendered":"https:\/\/astrologelvan.com\/magaza\/?post_type=product&#038;p=34504"},"modified":"2025-10-06T08:15:32","modified_gmt":"2025-10-06T05:15:32","slug":"mavi-topaz-antik-yuzuk-roma-koyu-mavi","status":"publish","type":"product","link":"https:\/\/astrologelvan.com\/magaza\/urun\/mavi-topaz-antik-yuzuk-roma-koyu-mavi\/","title":{"rendered":"Mavi Topaz Antik Y\u00fcz\u00fck \/ Roma &#8211; Koyu Mavi"},"content":{"rendered":"<p>10.72 Karat Mavi Topaz Ta\u015f<\/p>\n<p>925 Ayar G\u00fcm\u00fc\u015f \u00dczeri Alt\u0131n Kaplama<\/p>\n","protected":false},"excerpt":{"rendered":"<p>Roma\u2019n\u0131n mistik ruhundan ilhamla tasarlad\u0131\u011f\u0131m\u0131z Mavi Topaz Antik Y\u00fcz\u00fck, size Romal\u0131lar\u0131n ya\u015fam co\u015fkusunu vaad ediyor. T\u0131pk\u0131 Mavi Topaz\u2019\u0131n J\u00fcpiter\u2019in enerjisini dengeleyip, besledi\u011fi gibi bu \u00f6zel tasar\u0131m y\u00fcz\u00fck de ruhunuzu co\u015fku ve heyecanla dolduracak. Takan ki\u015fiye \u015fans ve ne\u015fe getirdi\u011fi d\u00fc\u015f\u00fcn\u00fclen topaz ta\u015f\u0131yla bu e\u015fsiz tasar\u0131mla tan\u0131\u015f\u0131n!<\/p>\n<p><strong>925 ayar g\u00fcm\u00fc\u015f \u00fczerine alt\u0131n kaplama yap\u0131lm\u0131\u015ft\u0131r. El i\u015f\u00e7ili\u011fi ile mont\u00fcr i\u015flemesi ger\u00e7ekle\u015ftirilmi\u015ftir<\/strong><\/p>\n<p><em>Y\u00fcz\u00fck \u00d6l\u00e7\u00fcn\u00fcze G\u00f6re Sipari\u015finiz \u00d6zel Olarak Haz\u0131rlanmaktad\u0131r. L\u00fctfen Y\u00fcz\u00fck \u00d6l\u00e7\u00fcn\u00fcz\u00fc Se\u00e7iniz<\/em><\/p>\n","protected":false},"featured_media":34521,"comment_status":"open","ping_status":"closed","template":"","meta":[],"product_brand":[],"product_cat":[574],"product_tag":[],"class_list":{"0":"post-34504","1":"product","2":"type-product","3":"status-publish","4":"has-post-thumbnail","6":"product_cat-antik-yuzuk-serisi","8":"first","9":"instock","10":"purchasable","11":"product-type-variable"},"yoast_head":"<!-- This site is optimized with the Yoast SEO plugin v27.3 - https:\/\/yoast.com\/product\/yoast-seo-wordpress\/ -->\n<title>Mavi Topaz Antik Y\u00fcz\u00fck \/ Roma - Koyu Mavi - Astrolog Elvan<\/title>\n<meta name=\"robots\" content=\"index, follow, max-snippet:-1, max-image-preview:large, max-video-preview:-1\" \/>\n<link rel=\"canonical\" href=\"https:\/\/astrologelvan.com\/magaza\/urun\/mavi-topaz-antik-yuzuk-roma-koyu-mavi\/\" \/>\n<meta property=\"og:locale\" content=\"tr_TR\" \/>\n<meta property=\"og:type\" content=\"article\" \/>\n<meta property=\"og:title\" content=\"Mavi Topaz Antik Y\u00fcz\u00fck \/ Roma - Koyu Mavi - Astrolog Elvan\" \/>\n<meta property=\"og:description\" content=\"Roma\u2019n\u0131n mistik ruhundan ilhamla tasarlad\u0131\u011f\u0131m\u0131z Mavi Topaz Antik Y\u00fcz\u00fck, size Romal\u0131lar\u0131n ya\u015fam co\u015fkusunu vaad ediyor. T\u0131pk\u0131 Mavi Topaz\u2019\u0131n J\u00fcpiter\u2019in enerjisini dengeleyip, besledi\u011fi gibi bu \u00f6zel tasar\u0131m y\u00fcz\u00fck de ruhunuzu co\u015fku ve heyecanla dolduracak. Takan ki\u015fiye \u015fans ve ne\u015fe getirdi\u011fi d\u00fc\u015f\u00fcn\u00fclen topaz ta\u015f\u0131yla bu e\u015fsiz tasar\u0131mla tan\u0131\u015f\u0131n!  925 ayar g\u00fcm\u00fc\u015f \u00fczerine alt\u0131n kaplama yap\u0131lm\u0131\u015ft\u0131r. El i\u015f\u00e7ili\u011fi ile mont\u00fcr i\u015flemesi ger\u00e7ekle\u015ftirilmi\u015ftir  Y\u00fcz\u00fck \u00d6l\u00e7\u00fcn\u00fcze G\u00f6re Sipari\u015finiz \u00d6zel Olarak Haz\u0131rlanmaktad\u0131r. L\u00fctfen Y\u00fcz\u00fck \u00d6l\u00e7\u00fcn\u00fcz\u00fc Se\u00e7iniz\" \/>\n<meta property=\"og:url\" content=\"https:\/\/astrologelvan.com\/magaza\/urun\/mavi-topaz-antik-yuzuk-roma-koyu-mavi\/\" \/>\n<meta property=\"og:site_name\" content=\"Astrolog Elvan\" \/>\n<meta property=\"article:modified_time\" content=\"2025-10-06T05:15:32+00:00\" \/>\n<meta property=\"og:image\" content=\"https:\/\/astrologelvan.com\/magaza\/wp-content\/uploads\/2025\/01\/JAGS9916-scaled.jpg\" \/>\n\t<meta property=\"og:image:width\" content=\"1920\" \/>\n\t<meta property=\"og:image:height\" content=\"2560\" \/>\n\t<meta property=\"og:image:type\" content=\"image\/jpeg\" \/>\n<meta name=\"twitter:card\" content=\"summary_large_image\" \/>\n<meta name=\"twitter:label1\" content=\"Tahmini okuma s\u00fcresi\" \/>\n\t<meta name=\"twitter:data1\" content=\"1 dakika\" \/>\n<script type=\"application\/ld+json\" class=\"yoast-schema-graph\">{\"@context\":\"https:\\\/\\\/schema.org\",\"@graph\":[{\"@type\":[\"WebPage\",\"ItemPage\"],\"@id\":\"https:\\\/\\\/astrologelvan.com\\\/magaza\\\/urun\\\/mavi-topaz-antik-yuzuk-roma-koyu-mavi\\\/\",\"url\":\"https:\\\/\\\/astrologelvan.com\\\/magaza\\\/urun\\\/mavi-topaz-antik-yuzuk-roma-koyu-mavi\\\/\",\"name\":\"Mavi Topaz Antik Y\u00fcz\u00fck \\\/ Roma - Koyu Mavi - Astrolog Elvan\",\"isPartOf\":{\"@id\":\"https:\\\/\\\/astrologelvan.com\\\/magaza\\\/#website\"},\"primaryImageOfPage\":{\"@id\":\"https:\\\/\\\/astrologelvan.com\\\/magaza\\\/urun\\\/mavi-topaz-antik-yuzuk-roma-koyu-mavi\\\/#primaryimage\"},\"image\":{\"@id\":\"https:\\\/\\\/astrologelvan.com\\\/magaza\\\/urun\\\/mavi-topaz-antik-yuzuk-roma-koyu-mavi\\\/#primaryimage\"},\"thumbnailUrl\":\"https:\\\/\\\/astrologelvan.com\\\/magaza\\\/wp-content\\\/uploads\\\/2025\\\/01\\\/JAGS9916-scaled.jpg\",\"datePublished\":\"2025-01-10T06:15:59+00:00\",\"dateModified\":\"2025-10-06T05:15:32+00:00\",\"breadcrumb\":{\"@id\":\"https:\\\/\\\/astrologelvan.com\\\/magaza\\\/urun\\\/mavi-topaz-antik-yuzuk-roma-koyu-mavi\\\/#breadcrumb\"},\"inLanguage\":\"tr\",\"potentialAction\":[{\"@type\":\"ReadAction\",\"target\":[\"https:\\\/\\\/astrologelvan.com\\\/magaza\\\/urun\\\/mavi-topaz-antik-yuzuk-roma-koyu-mavi\\\/\"]}]},{\"@type\":\"ImageObject\",\"inLanguage\":\"tr\",\"@id\":\"https:\\\/\\\/astrologelvan.com\\\/magaza\\\/urun\\\/mavi-topaz-antik-yuzuk-roma-koyu-mavi\\\/#primaryimage\",\"url\":\"https:\\\/\\\/astrologelvan.com\\\/magaza\\\/wp-content\\\/uploads\\\/2025\\\/01\\\/JAGS9916-scaled.jpg\",\"contentUrl\":\"https:\\\/\\\/astrologelvan.com\\\/magaza\\\/wp-content\\\/uploads\\\/2025\\\/01\\\/JAGS9916-scaled.jpg\",\"width\":1920,\"height\":2560},{\"@type\":\"BreadcrumbList\",\"@id\":\"https:\\\/\\\/astrologelvan.com\\\/magaza\\\/urun\\\/mavi-topaz-antik-yuzuk-roma-koyu-mavi\\\/#breadcrumb\",\"itemListElement\":[{\"@type\":\"ListItem\",\"position\":1,\"name\":\"Anasayfa\",\"item\":\"https:\\\/\\\/astrologelvan.com\\\/magaza\\\/\"},{\"@type\":\"ListItem\",\"position\":2,\"name\":\"Ma\u011faza\",\"item\":\"https:\\\/\\\/astrologelvan.com\\\/magaza\\\/magaza\\\/\"},{\"@type\":\"ListItem\",\"position\":3,\"name\":\"Mavi Topaz Antik Y\u00fcz\u00fck \\\/ Roma &#8211; Koyu Mavi\"}]},{\"@type\":\"WebSite\",\"@id\":\"https:\\\/\\\/astrologelvan.com\\\/magaza\\\/#website\",\"url\":\"https:\\\/\\\/astrologelvan.com\\\/magaza\\\/\",\"name\":\"Astrolog Elvan\",\"description\":\"\",\"potentialAction\":[{\"@type\":\"SearchAction\",\"target\":{\"@type\":\"EntryPoint\",\"urlTemplate\":\"https:\\\/\\\/astrologelvan.com\\\/magaza\\\/?s={search_term_string}\"},\"query-input\":{\"@type\":\"PropertyValueSpecification\",\"valueRequired\":true,\"valueName\":\"search_term_string\"}}],\"inLanguage\":\"tr\"}]}<\/script>\n<!-- \/ Yoast SEO plugin. -->","yoast_head_json":{"title":"Mavi Topaz Antik Y\u00fcz\u00fck \/ Roma - Koyu Mavi - Astrolog Elvan","robots":{"index":"index","follow":"follow","max-snippet":"max-snippet:-1","max-image-preview":"max-image-preview:large","max-video-preview":"max-video-preview:-1"},"canonical":"https:\/\/astrologelvan.com\/magaza\/urun\/mavi-topaz-antik-yuzuk-roma-koyu-mavi\/","og_locale":"tr_TR","og_type":"article","og_title":"Mavi Topaz Antik Y\u00fcz\u00fck \/ Roma - Koyu Mavi - Astrolog Elvan","og_description":"Roma\u2019n\u0131n mistik ruhundan ilhamla tasarlad\u0131\u011f\u0131m\u0131z Mavi Topaz Antik Y\u00fcz\u00fck, size Romal\u0131lar\u0131n ya\u015fam co\u015fkusunu vaad ediyor. T\u0131pk\u0131 Mavi Topaz\u2019\u0131n J\u00fcpiter\u2019in enerjisini dengeleyip, besledi\u011fi gibi bu \u00f6zel tasar\u0131m y\u00fcz\u00fck de ruhunuzu co\u015fku ve heyecanla dolduracak. Takan ki\u015fiye \u015fans ve ne\u015fe getirdi\u011fi d\u00fc\u015f\u00fcn\u00fclen topaz ta\u015f\u0131yla bu e\u015fsiz tasar\u0131mla tan\u0131\u015f\u0131n!  925 ayar g\u00fcm\u00fc\u015f \u00fczerine alt\u0131n kaplama yap\u0131lm\u0131\u015ft\u0131r. El i\u015f\u00e7ili\u011fi ile mont\u00fcr i\u015flemesi ger\u00e7ekle\u015ftirilmi\u015ftir  Y\u00fcz\u00fck \u00d6l\u00e7\u00fcn\u00fcze G\u00f6re Sipari\u015finiz \u00d6zel Olarak Haz\u0131rlanmaktad\u0131r. L\u00fctfen Y\u00fcz\u00fck \u00d6l\u00e7\u00fcn\u00fcz\u00fc Se\u00e7iniz","og_url":"https:\/\/astrologelvan.com\/magaza\/urun\/mavi-topaz-antik-yuzuk-roma-koyu-mavi\/","og_site_name":"Astrolog Elvan","article_modified_time":"2025-10-06T05:15:32+00:00","og_image":[{"width":1920,"height":2560,"url":"https:\/\/astrologelvan.com\/magaza\/wp-content\/uploads\/2025\/01\/JAGS9916-scaled.jpg","type":"image\/jpeg"}],"twitter_card":"summary_large_image","twitter_misc":{"Tahmini okuma s\u00fcresi":"1 dakika"},"schema":{"@context":"https:\/\/schema.org","@graph":[{"@type":["WebPage","ItemPage"],"@id":"https:\/\/astrologelvan.com\/magaza\/urun\/mavi-topaz-antik-yuzuk-roma-koyu-mavi\/","url":"https:\/\/astrologelvan.com\/magaza\/urun\/mavi-topaz-antik-yuzuk-roma-koyu-mavi\/","name":"Mavi Topaz Antik Y\u00fcz\u00fck \/ Roma - Koyu Mavi - Astrolog Elvan","isPartOf":{"@id":"https:\/\/astrologelvan.com\/magaza\/#website"},"primaryImageOfPage":{"@id":"https:\/\/astrologelvan.com\/magaza\/urun\/mavi-topaz-antik-yuzuk-roma-koyu-mavi\/#primaryimage"},"image":{"@id":"https:\/\/astrologelvan.com\/magaza\/urun\/mavi-topaz-antik-yuzuk-roma-koyu-mavi\/#primaryimage"},"thumbnailUrl":"https:\/\/astrologelvan.com\/magaza\/wp-content\/uploads\/2025\/01\/JAGS9916-scaled.jpg","datePublished":"2025-01-10T06:15:59+00:00","dateModified":"2025-10-06T05:15:32+00:00","breadcrumb":{"@id":"https:\/\/astrologelvan.com\/magaza\/urun\/mavi-topaz-antik-yuzuk-roma-koyu-mavi\/#breadcrumb"},"inLanguage":"tr","potentialAction":[{"@type":"ReadAction","target":["https:\/\/astrologelvan.com\/magaza\/urun\/mavi-topaz-antik-yuzuk-roma-koyu-mavi\/"]}]},{"@type":"ImageObject","inLanguage":"tr","@id":"https:\/\/astrologelvan.com\/magaza\/urun\/mavi-topaz-antik-yuzuk-roma-koyu-mavi\/#primaryimage","url":"https:\/\/astrologelvan.com\/magaza\/wp-content\/uploads\/2025\/01\/JAGS9916-scaled.jpg","contentUrl":"https:\/\/astrologelvan.com\/magaza\/wp-content\/uploads\/2025\/01\/JAGS9916-scaled.jpg","width":1920,"height":2560},{"@type":"BreadcrumbList","@id":"https:\/\/astrologelvan.com\/magaza\/urun\/mavi-topaz-antik-yuzuk-roma-koyu-mavi\/#breadcrumb","itemListElement":[{"@type":"ListItem","position":1,"name":"Anasayfa","item":"https:\/\/astrologelvan.com\/magaza\/"},{"@type":"ListItem","position":2,"name":"Ma\u011faza","item":"https:\/\/astrologelvan.com\/magaza\/magaza\/"},{"@type":"ListItem","position":3,"name":"Mavi Topaz Antik Y\u00fcz\u00fck \/ Roma &#8211; Koyu Mavi"}]},{"@type":"WebSite","@id":"https:\/\/astrologelvan.com\/magaza\/#website","url":"https:\/\/astrologelvan.com\/magaza\/","name":"Astrolog Elvan","description":"","potentialAction":[{"@type":"SearchAction","target":{"@type":"EntryPoint","urlTemplate":"https:\/\/astrologelvan.com\/magaza\/?s={search_term_string}"},"query-input":{"@type":"PropertyValueSpecification","valueRequired":true,"valueName":"search_term_string"}}],"inLanguage":"tr"}]}},"_links":{"self":[{"href":"https:\/\/astrologelvan.com\/magaza\/wp-json\/wp\/v2\/product\/34504","targetHints":{"allow":["GET"]}}],"collection":[{"href":"https:\/\/astrologelvan.com\/magaza\/wp-json\/wp\/v2\/product"}],"about":[{"href":"https:\/\/astrologelvan.com\/magaza\/wp-json\/wp\/v2\/types\/product"}],"replies":[{"embeddable":true,"href":"https:\/\/astrologelvan.com\/magaza\/wp-json\/wp\/v2\/comments?post=34504"}],"wp:featuredmedia":[{"embeddable":true,"href":"https:\/\/astrologelvan.com\/magaza\/wp-json\/wp\/v2\/media\/34521"}],"wp:attachment":[{"href":"https:\/\/astrologelvan.com\/magaza\/wp-json\/wp\/v2\/media?parent=34504"}],"wp:term":[{"taxonomy":"product_brand","embeddable":true,"href":"https:\/\/astrologelvan.com\/magaza\/wp-json\/wp\/v2\/product_brand?post=34504"},{"taxonomy":"product_cat","embeddable":true,"href":"https:\/\/astrologelvan.com\/magaza\/wp-json\/wp\/v2\/product_cat?post=34504"},{"taxonomy":"product_tag","embeddable":true,"href":"https:\/\/astrologelvan.com\/magaza\/wp-json\/wp\/v2\/product_tag?post=34504"}],"curies":[{"name":"wp","href":"https:\/\/api.w.org\/{rel}","templated":true}]}}