{"id":3191,"date":"2024-03-14T10:14:37","date_gmt":"2024-03-14T07:14:37","guid":{"rendered":"https:\/\/astrologelvan.com\/magaza\/?post_type=product&#038;p=3191"},"modified":"2025-10-06T08:15:13","modified_gmt":"2025-10-06T05:15:13","slug":"yakut-dogal-tas-kolye-2","status":"publish","type":"product","link":"https:\/\/astrologelvan.com\/magaza\/urun\/yakut-dogal-tas-kolye-2\/","title":{"rendered":"YAKUT DO\u011eAL TA\u015e KOLYE"},"content":{"rendered":"<p>\u00dcr\u00fcn \u00d6zellikleri:<\/p>\n<p class=\"p1\">Kolye Uzunlu\u011fu: 45 CM<\/p>\n<p class=\"p1\">Kolye A\u011f\u0131rl\u0131\u011f\u0131:58 Gram<\/p>\n<p>Yakut Do\u011fal Ta\u015f Kolye<\/p>\n","protected":false},"excerpt":{"rendered":"<p>Yakut g\u00fc\u00e7 ta\u015f\u0131d\u0131r. Astrolojide Mars gezegeninin ta\u015f\u0131 olarak g\u00f6r\u00fcl\u00fcr. Ki\u015finin do\u011fum haritas\u0131nda Mars\u2019\u0131 Retro ise ya da zay\u0131f bir bur\u00e7ta (Mars Terazi, Bo\u011fa, Yenge\u00e7) mutlaka ki\u015fi \u00fczerinde ta\u015f\u0131mal\u0131d\u0131r.<\/p>\n<p>Ki\u015fiye hem koruma hem de ruhsal ve fiziksel g\u00fc\u00e7 verir. Ki\u015fiyi kavga ortam\u0131ndan ve ruhsal gerginlikten uzakla\u015ft\u0131r\u0131r. Mars Retrolar\u0131 zaman\u0131nda takmak \u00e7ok faydal\u0131d\u0131r.<\/p>\n<p>Yakut ta\u015f\u0131n\u0131n do\u011fumu kolayla\u015ft\u0131rd\u0131\u011f\u0131na inan\u0131l\u0131r. Zor zamanlardan ge\u00e7en ve deste\u011fe, g\u00fcce ihtiyac\u0131 olan annelerin enerjilerini y\u00fckselten g\u00fc\u00e7l\u00fc bir ta\u015ft\u0131r.<\/p>\n<p>Kad\u0131nlarda adet d\u00fczenine yard\u0131mc\u0131 olur. Reglin ya\u015fatt\u0131\u011f\u0131 gerginli\u011fi \u00e7\u00f6zer, v\u00fccudunda demir eksikli\u011fi olanlar\u0131n da kullanmas\u0131 \u00f6nerilir.<\/p>\n<p>Menopoz d\u00f6neminin daha rahat ge\u00e7mesini sa\u011flar.<\/p>\n<p>\u0130mmun sistemini kuvvetlendirir. Renginden dolay\u0131 kan ile ba\u011flant\u0131l\u0131d\u0131r ve kan dola\u015f\u0131m\u0131n\u0131 dengeye soktu\u011funa inan\u0131l\u0131r.<\/p>\n<p>Yakutu \u00fczerinde ta\u015f\u0131yan ki\u015fiye \u00f6zg\u00fcven ve cesaret katar.<\/p>\n","protected":false},"featured_media":3925,"comment_status":"open","ping_status":"closed","template":"","meta":[],"product_brand":[],"product_cat":[26,48,403],"product_tag":[],"class_list":{"0":"post-3191","1":"product","2":"type-product","3":"status-publish","4":"has-post-thumbnail","6":"product_cat-genel","7":"product_cat-kolyeler","8":"product_cat-yakut-tasi","10":"first","11":"outofstock","12":"taxable","13":"shipping-taxable","14":"purchasable","15":"product-type-simple"},"yoast_head":"<!-- This site is optimized with the Yoast SEO plugin v27.3 - https:\/\/yoast.com\/product\/yoast-seo-wordpress\/ -->\n<title>YAKUT DO\u011eAL TA\u015e KOLYE - Astrolog Elvan<\/title>\n<meta name=\"robots\" content=\"index, follow, max-snippet:-1, max-image-preview:large, max-video-preview:-1\" \/>\n<link rel=\"canonical\" href=\"https:\/\/astrologelvan.com\/magaza\/urun\/yakut-dogal-tas-kolye-2\/\" \/>\n<meta property=\"og:locale\" content=\"tr_TR\" \/>\n<meta property=\"og:type\" content=\"article\" \/>\n<meta property=\"og:title\" content=\"YAKUT DO\u011eAL TA\u015e KOLYE - Astrolog Elvan\" \/>\n<meta property=\"og:description\" content=\"Yakut g\u00fc\u00e7 ta\u015f\u0131d\u0131r. Astrolojide Mars gezegeninin ta\u015f\u0131 olarak g\u00f6r\u00fcl\u00fcr. Ki\u015finin do\u011fum haritas\u0131nda Mars\u2019\u0131 Retro ise ya da zay\u0131f bir bur\u00e7ta (Mars Terazi, Bo\u011fa, Yenge\u00e7) mutlaka ki\u015fi \u00fczerinde ta\u015f\u0131mal\u0131d\u0131r.  Ki\u015fiye hem koruma hem de ruhsal ve fiziksel g\u00fc\u00e7 verir. Ki\u015fiyi kavga ortam\u0131ndan ve ruhsal gerginlikten uzakla\u015ft\u0131r\u0131r. Mars Retrolar\u0131 zaman\u0131nda takmak \u00e7ok faydal\u0131d\u0131r.  Yakut ta\u015f\u0131n\u0131n do\u011fumu kolayla\u015ft\u0131rd\u0131\u011f\u0131na inan\u0131l\u0131r. Zor zamanlardan ge\u00e7en ve deste\u011fe, g\u00fcce ihtiyac\u0131 olan annelerin enerjilerini y\u00fckselten g\u00fc\u00e7l\u00fc bir ta\u015ft\u0131r.  Kad\u0131nlarda adet d\u00fczenine yard\u0131mc\u0131 olur. Reglin ya\u015fatt\u0131\u011f\u0131 gerginli\u011fi \u00e7\u00f6zer, v\u00fccudunda demir eksikli\u011fi olanlar\u0131n da kullanmas\u0131 \u00f6nerilir.  Menopoz d\u00f6neminin daha rahat ge\u00e7mesini sa\u011flar.  \u0130mmun sistemini kuvvetlendirir. Renginden dolay\u0131 kan ile ba\u011flant\u0131l\u0131d\u0131r ve kan dola\u015f\u0131m\u0131n\u0131 dengeye soktu\u011funa inan\u0131l\u0131r.  Yakutu \u00fczerinde ta\u015f\u0131yan ki\u015fiye \u00f6zg\u00fcven ve cesaret katar.\" \/>\n<meta property=\"og:url\" content=\"https:\/\/astrologelvan.com\/magaza\/urun\/yakut-dogal-tas-kolye-2\/\" \/>\n<meta property=\"og:site_name\" content=\"Astrolog Elvan\" \/>\n<meta property=\"article:modified_time\" content=\"2025-10-06T05:15:13+00:00\" \/>\n<meta property=\"og:image\" content=\"https:\/\/astrologelvan.com\/magaza\/wp-content\/uploads\/2024\/03\/2-10.jpg\" \/>\n\t<meta property=\"og:image:width\" content=\"1600\" \/>\n\t<meta property=\"og:image:height\" content=\"1600\" \/>\n\t<meta property=\"og:image:type\" content=\"image\/jpeg\" \/>\n<meta name=\"twitter:card\" content=\"summary_large_image\" \/>\n<meta name=\"twitter:label1\" content=\"Tahmini okuma s\u00fcresi\" \/>\n\t<meta name=\"twitter:data1\" content=\"1 dakika\" \/>\n<script type=\"application\/ld+json\" class=\"yoast-schema-graph\">{\"@context\":\"https:\\\/\\\/schema.org\",\"@graph\":[{\"@type\":[\"WebPage\",\"ItemPage\"],\"@id\":\"https:\\\/\\\/astrologelvan.com\\\/magaza\\\/urun\\\/yakut-dogal-tas-kolye-2\\\/\",\"url\":\"https:\\\/\\\/astrologelvan.com\\\/magaza\\\/urun\\\/yakut-dogal-tas-kolye-2\\\/\",\"name\":\"YAKUT DO\u011eAL TA\u015e KOLYE - Astrolog Elvan\",\"isPartOf\":{\"@id\":\"https:\\\/\\\/astrologelvan.com\\\/magaza\\\/#website\"},\"primaryImageOfPage\":{\"@id\":\"https:\\\/\\\/astrologelvan.com\\\/magaza\\\/urun\\\/yakut-dogal-tas-kolye-2\\\/#primaryimage\"},\"image\":{\"@id\":\"https:\\\/\\\/astrologelvan.com\\\/magaza\\\/urun\\\/yakut-dogal-tas-kolye-2\\\/#primaryimage\"},\"thumbnailUrl\":\"https:\\\/\\\/astrologelvan.com\\\/magaza\\\/wp-content\\\/uploads\\\/2024\\\/03\\\/2-10.jpg\",\"datePublished\":\"2024-03-14T07:14:37+00:00\",\"dateModified\":\"2025-10-06T05:15:13+00:00\",\"breadcrumb\":{\"@id\":\"https:\\\/\\\/astrologelvan.com\\\/magaza\\\/urun\\\/yakut-dogal-tas-kolye-2\\\/#breadcrumb\"},\"inLanguage\":\"tr\",\"potentialAction\":[{\"@type\":\"ReadAction\",\"target\":[\"https:\\\/\\\/astrologelvan.com\\\/magaza\\\/urun\\\/yakut-dogal-tas-kolye-2\\\/\"]}]},{\"@type\":\"ImageObject\",\"inLanguage\":\"tr\",\"@id\":\"https:\\\/\\\/astrologelvan.com\\\/magaza\\\/urun\\\/yakut-dogal-tas-kolye-2\\\/#primaryimage\",\"url\":\"https:\\\/\\\/astrologelvan.com\\\/magaza\\\/wp-content\\\/uploads\\\/2024\\\/03\\\/2-10.jpg\",\"contentUrl\":\"https:\\\/\\\/astrologelvan.com\\\/magaza\\\/wp-content\\\/uploads\\\/2024\\\/03\\\/2-10.jpg\",\"width\":1600,\"height\":1600},{\"@type\":\"BreadcrumbList\",\"@id\":\"https:\\\/\\\/astrologelvan.com\\\/magaza\\\/urun\\\/yakut-dogal-tas-kolye-2\\\/#breadcrumb\",\"itemListElement\":[{\"@type\":\"ListItem\",\"position\":1,\"name\":\"Anasayfa\",\"item\":\"https:\\\/\\\/astrologelvan.com\\\/magaza\\\/\"},{\"@type\":\"ListItem\",\"position\":2,\"name\":\"Ma\u011faza\",\"item\":\"https:\\\/\\\/astrologelvan.com\\\/magaza\\\/magaza\\\/\"},{\"@type\":\"ListItem\",\"position\":3,\"name\":\"YAKUT DO\u011eAL TA\u015e KOLYE\"}]},{\"@type\":\"WebSite\",\"@id\":\"https:\\\/\\\/astrologelvan.com\\\/magaza\\\/#website\",\"url\":\"https:\\\/\\\/astrologelvan.com\\\/magaza\\\/\",\"name\":\"Astrolog Elvan\",\"description\":\"\",\"potentialAction\":[{\"@type\":\"SearchAction\",\"target\":{\"@type\":\"EntryPoint\",\"urlTemplate\":\"https:\\\/\\\/astrologelvan.com\\\/magaza\\\/?s={search_term_string}\"},\"query-input\":{\"@type\":\"PropertyValueSpecification\",\"valueRequired\":true,\"valueName\":\"search_term_string\"}}],\"inLanguage\":\"tr\"}]}<\/script>\n<!-- \/ Yoast SEO plugin. -->","yoast_head_json":{"title":"YAKUT DO\u011eAL TA\u015e KOLYE - Astrolog Elvan","robots":{"index":"index","follow":"follow","max-snippet":"max-snippet:-1","max-image-preview":"max-image-preview:large","max-video-preview":"max-video-preview:-1"},"canonical":"https:\/\/astrologelvan.com\/magaza\/urun\/yakut-dogal-tas-kolye-2\/","og_locale":"tr_TR","og_type":"article","og_title":"YAKUT DO\u011eAL TA\u015e KOLYE - Astrolog Elvan","og_description":"Yakut g\u00fc\u00e7 ta\u015f\u0131d\u0131r. Astrolojide Mars gezegeninin ta\u015f\u0131 olarak g\u00f6r\u00fcl\u00fcr. Ki\u015finin do\u011fum haritas\u0131nda Mars\u2019\u0131 Retro ise ya da zay\u0131f bir bur\u00e7ta (Mars Terazi, Bo\u011fa, Yenge\u00e7) mutlaka ki\u015fi \u00fczerinde ta\u015f\u0131mal\u0131d\u0131r.  Ki\u015fiye hem koruma hem de ruhsal ve fiziksel g\u00fc\u00e7 verir. Ki\u015fiyi kavga ortam\u0131ndan ve ruhsal gerginlikten uzakla\u015ft\u0131r\u0131r. Mars Retrolar\u0131 zaman\u0131nda takmak \u00e7ok faydal\u0131d\u0131r.  Yakut ta\u015f\u0131n\u0131n do\u011fumu kolayla\u015ft\u0131rd\u0131\u011f\u0131na inan\u0131l\u0131r. Zor zamanlardan ge\u00e7en ve deste\u011fe, g\u00fcce ihtiyac\u0131 olan annelerin enerjilerini y\u00fckselten g\u00fc\u00e7l\u00fc bir ta\u015ft\u0131r.  Kad\u0131nlarda adet d\u00fczenine yard\u0131mc\u0131 olur. Reglin ya\u015fatt\u0131\u011f\u0131 gerginli\u011fi \u00e7\u00f6zer, v\u00fccudunda demir eksikli\u011fi olanlar\u0131n da kullanmas\u0131 \u00f6nerilir.  Menopoz d\u00f6neminin daha rahat ge\u00e7mesini sa\u011flar.  \u0130mmun sistemini kuvvetlendirir. Renginden dolay\u0131 kan ile ba\u011flant\u0131l\u0131d\u0131r ve kan dola\u015f\u0131m\u0131n\u0131 dengeye soktu\u011funa inan\u0131l\u0131r.  Yakutu \u00fczerinde ta\u015f\u0131yan ki\u015fiye \u00f6zg\u00fcven ve cesaret katar.","og_url":"https:\/\/astrologelvan.com\/magaza\/urun\/yakut-dogal-tas-kolye-2\/","og_site_name":"Astrolog Elvan","article_modified_time":"2025-10-06T05:15:13+00:00","og_image":[{"width":1600,"height":1600,"url":"https:\/\/astrologelvan.com\/magaza\/wp-content\/uploads\/2024\/03\/2-10.jpg","type":"image\/jpeg"}],"twitter_card":"summary_large_image","twitter_misc":{"Tahmini okuma s\u00fcresi":"1 dakika"},"schema":{"@context":"https:\/\/schema.org","@graph":[{"@type":["WebPage","ItemPage"],"@id":"https:\/\/astrologelvan.com\/magaza\/urun\/yakut-dogal-tas-kolye-2\/","url":"https:\/\/astrologelvan.com\/magaza\/urun\/yakut-dogal-tas-kolye-2\/","name":"YAKUT DO\u011eAL TA\u015e KOLYE - Astrolog Elvan","isPartOf":{"@id":"https:\/\/astrologelvan.com\/magaza\/#website"},"primaryImageOfPage":{"@id":"https:\/\/astrologelvan.com\/magaza\/urun\/yakut-dogal-tas-kolye-2\/#primaryimage"},"image":{"@id":"https:\/\/astrologelvan.com\/magaza\/urun\/yakut-dogal-tas-kolye-2\/#primaryimage"},"thumbnailUrl":"https:\/\/astrologelvan.com\/magaza\/wp-content\/uploads\/2024\/03\/2-10.jpg","datePublished":"2024-03-14T07:14:37+00:00","dateModified":"2025-10-06T05:15:13+00:00","breadcrumb":{"@id":"https:\/\/astrologelvan.com\/magaza\/urun\/yakut-dogal-tas-kolye-2\/#breadcrumb"},"inLanguage":"tr","potentialAction":[{"@type":"ReadAction","target":["https:\/\/astrologelvan.com\/magaza\/urun\/yakut-dogal-tas-kolye-2\/"]}]},{"@type":"ImageObject","inLanguage":"tr","@id":"https:\/\/astrologelvan.com\/magaza\/urun\/yakut-dogal-tas-kolye-2\/#primaryimage","url":"https:\/\/astrologelvan.com\/magaza\/wp-content\/uploads\/2024\/03\/2-10.jpg","contentUrl":"https:\/\/astrologelvan.com\/magaza\/wp-content\/uploads\/2024\/03\/2-10.jpg","width":1600,"height":1600},{"@type":"BreadcrumbList","@id":"https:\/\/astrologelvan.com\/magaza\/urun\/yakut-dogal-tas-kolye-2\/#breadcrumb","itemListElement":[{"@type":"ListItem","position":1,"name":"Anasayfa","item":"https:\/\/astrologelvan.com\/magaza\/"},{"@type":"ListItem","position":2,"name":"Ma\u011faza","item":"https:\/\/astrologelvan.com\/magaza\/magaza\/"},{"@type":"ListItem","position":3,"name":"YAKUT DO\u011eAL TA\u015e KOLYE"}]},{"@type":"WebSite","@id":"https:\/\/astrologelvan.com\/magaza\/#website","url":"https:\/\/astrologelvan.com\/magaza\/","name":"Astrolog Elvan","description":"","potentialAction":[{"@type":"SearchAction","target":{"@type":"EntryPoint","urlTemplate":"https:\/\/astrologelvan.com\/magaza\/?s={search_term_string}"},"query-input":{"@type":"PropertyValueSpecification","valueRequired":true,"valueName":"search_term_string"}}],"inLanguage":"tr"}]}},"_links":{"self":[{"href":"https:\/\/astrologelvan.com\/magaza\/wp-json\/wp\/v2\/product\/3191","targetHints":{"allow":["GET"]}}],"collection":[{"href":"https:\/\/astrologelvan.com\/magaza\/wp-json\/wp\/v2\/product"}],"about":[{"href":"https:\/\/astrologelvan.com\/magaza\/wp-json\/wp\/v2\/types\/product"}],"replies":[{"embeddable":true,"href":"https:\/\/astrologelvan.com\/magaza\/wp-json\/wp\/v2\/comments?post=3191"}],"wp:featuredmedia":[{"embeddable":true,"href":"https:\/\/astrologelvan.com\/magaza\/wp-json\/wp\/v2\/media\/3925"}],"wp:attachment":[{"href":"https:\/\/astrologelvan.com\/magaza\/wp-json\/wp\/v2\/media?parent=3191"}],"wp:term":[{"taxonomy":"product_brand","embeddable":true,"href":"https:\/\/astrologelvan.com\/magaza\/wp-json\/wp\/v2\/product_brand?post=3191"},{"taxonomy":"product_cat","embeddable":true,"href":"https:\/\/astrologelvan.com\/magaza\/wp-json\/wp\/v2\/product_cat?post=3191"},{"taxonomy":"product_tag","embeddable":true,"href":"https:\/\/astrologelvan.com\/magaza\/wp-json\/wp\/v2\/product_tag?post=3191"}],"curies":[{"name":"wp","href":"https:\/\/api.w.org\/{rel}","templated":true}]}}