{"id":196,"date":"2024-02-28T02:08:22","date_gmt":"2024-02-27T23:08:22","guid":{"rendered":"https:\/\/astrologelvan.shop\/?post_type=product&#038;p=196"},"modified":"2025-10-06T08:14:48","modified_gmt":"2025-10-06T05:14:48","slug":"florit-tasi-dikit-form","status":"publish","type":"product","link":"https:\/\/astrologelvan.com\/magaza\/urun\/florit-tasi-dikit-form\/","title":{"rendered":"FLOR\u0130T TA\u015eI D\u0130K\u0130T FORM"},"content":{"rendered":"<p class=\"p1\">Yapaca\u011f\u0131n\u0131z her rit\u00fcelde florit ta\u015f\u0131n\u0131 da 10 dakika boyunca elinizde tutarak enerji alan\u0131n\u0131z\u0131 geni\u015fletebilir, rit\u00fcelin frekans\u0131na daha h\u0131zl\u0131 y\u00fckselebilirsiniz.<\/p>\n<p class=\"p1\">Ta\u015f\u0131n\u0131z\u0131 yatarken ba\u015fucunuzda da tutabilirsiniz, \u00e7antan\u0131zda ta\u015f\u0131yabilir ya da oturdu\u011funuz odada muhafaza edebilirsiniz. Kullanmadan \u00f6nce ada\u00e7ay\u0131 ile t\u00fcts\u00fcleyin.<\/p>\n","protected":false},"excerpt":{"rendered":"<h4>Florit Ta\u015f\u0131 Dikit Form, \u00d6zellikleri ve Faydalar\u0131<\/h4>\n<p class=\"p1\">Yery\u00fcz\u00fcndeki en renkli mineraldir. Amerika, Kanada, Meksika, \u00c7in, Peru, \u0130spanya, \u0130ngiltere, Almanya, Macaristan, Polonya, Norve\u00e7, \u00c7ek ve G\u00fcney Afrika\u2019da \u00e7\u0131kart\u0131l\u0131r.<\/p>\n<p class=\"p1\">Ta\u015f\u0131n i\u00e7eri\u011finde florin ve kalsiyum flor\u00fcr bulunmaktad\u0131r. Sertlik derecesi 4\u2019t\u00fcr, narin bir ta\u015ft\u0131r. O y\u00fczdem tuzlu su, sirkeli su ve deniz suyu ile y\u0131kamay\u0131n. Ta\u015f\u0131n\u0131z\u0131 temizlemek isterseniz sadece ada\u00e7ay\u0131 t\u00fcts\u00fcs\u00fc yapman\u0131z yeterlidir. Florit ta\u015f\u0131, canl\u0131 g\u00f6kku\u015fa\u011f\u0131 renklerine sahiptir.<\/p>\n<p class=\"p1\">Florit ta\u015f\u0131, ba\u015f a\u011fr\u0131s\u0131n\u0131 yat\u0131\u015ft\u0131rmada yard\u0131mc\u0131 bir ta\u015ft\u0131r. Sezgileri g\u00fc\u00e7lendirir. Kalp \u00e7akras\u0131n\u0131 dengeler, fiziksel beden sa\u011fl\u0131\u011f\u0131n\u0131 korumaya yard\u0131mc\u0131d\u0131r. \u00d6zellikle di\u015f ve kemik sa\u011fl\u0131\u011f\u0131.<span class=\"Apple-converted-space\">\u00a0 <\/span>\u0130yi haberleri ve olumlu f\u0131rsatlar\u0131 g\u00f6rmek ad\u0131na \u015fans\u0131n\u0131z\u0131 a\u00e7an bir ta\u015f oldu\u011fu s\u00f6ylenir. Stres an\u0131nda ki\u015fiyi dengeler.<\/p>\n","protected":false},"featured_media":16611,"comment_status":"closed","ping_status":"closed","template":"","meta":[],"product_brand":[],"product_cat":[84,52,103,26],"product_tag":[39,97,98,40,104,105],"class_list":{"0":"post-196","1":"product","2":"type-product","3":"status-publish","4":"has-post-thumbnail","6":"product_cat-dikitler","7":"product_cat-dogal-taslar","8":"product_cat-florit-tasi","9":"product_cat-genel","10":"product_tag-astrolog-elvan","11":"product_tag-dikit","12":"product_tag-dikit-tas","13":"product_tag-dogal-tas","14":"product_tag-florit-tasi","15":"product_tag-florit-tasi-dikit-form","17":"first","18":"instock","19":"taxable","20":"shipping-taxable","21":"purchasable","22":"product-type-simple"},"yoast_head":"<!-- This site is optimized with the Yoast SEO plugin v27.3 - https:\/\/yoast.com\/product\/yoast-seo-wordpress\/ -->\n<title>FLOR\u0130T TA\u015eI D\u0130K\u0130T FORM - Astrolog Elvan<\/title>\n<meta name=\"robots\" content=\"index, follow, max-snippet:-1, max-image-preview:large, max-video-preview:-1\" \/>\n<link rel=\"canonical\" href=\"https:\/\/astrologelvan.com\/magaza\/urun\/florit-tasi-dikit-form\/\" \/>\n<meta property=\"og:locale\" content=\"tr_TR\" \/>\n<meta property=\"og:type\" content=\"article\" \/>\n<meta property=\"og:title\" content=\"FLOR\u0130T TA\u015eI D\u0130K\u0130T FORM - Astrolog Elvan\" \/>\n<meta property=\"og:description\" content=\"Florit Ta\u015f\u0131 Dikit Form, \u00d6zellikleri ve Faydalar\u0131 Yery\u00fcz\u00fcndeki en renkli mineraldir. Amerika, Kanada, Meksika, \u00c7in, Peru, \u0130spanya, \u0130ngiltere, Almanya, Macaristan, Polonya, Norve\u00e7, \u00c7ek ve G\u00fcney Afrika\u2019da \u00e7\u0131kart\u0131l\u0131r. Ta\u015f\u0131n i\u00e7eri\u011finde florin ve kalsiyum flor\u00fcr bulunmaktad\u0131r. Sertlik derecesi 4\u2019t\u00fcr, narin bir ta\u015ft\u0131r. O y\u00fczdem tuzlu su, sirkeli su ve deniz suyu ile y\u0131kamay\u0131n. Ta\u015f\u0131n\u0131z\u0131 temizlemek isterseniz sadece ada\u00e7ay\u0131 t\u00fcts\u00fcs\u00fc yapman\u0131z yeterlidir. Florit ta\u015f\u0131, canl\u0131 g\u00f6kku\u015fa\u011f\u0131 renklerine sahiptir. Florit ta\u015f\u0131, ba\u015f a\u011fr\u0131s\u0131n\u0131 yat\u0131\u015ft\u0131rmada yard\u0131mc\u0131 bir ta\u015ft\u0131r. Sezgileri g\u00fc\u00e7lendirir. Kalp \u00e7akras\u0131n\u0131 dengeler, fiziksel beden sa\u011fl\u0131\u011f\u0131n\u0131 korumaya yard\u0131mc\u0131d\u0131r. \u00d6zellikle di\u015f ve kemik sa\u011fl\u0131\u011f\u0131.\u00a0 \u0130yi haberleri ve olumlu f\u0131rsatlar\u0131 g\u00f6rmek ad\u0131na \u015fans\u0131n\u0131z\u0131 a\u00e7an bir ta\u015f oldu\u011fu s\u00f6ylenir. Stres an\u0131nda ki\u015fiyi dengeler.\" \/>\n<meta property=\"og:url\" content=\"https:\/\/astrologelvan.com\/magaza\/urun\/florit-tasi-dikit-form\/\" \/>\n<meta property=\"og:site_name\" content=\"Astrolog Elvan\" \/>\n<meta property=\"article:modified_time\" content=\"2025-10-06T05:14:48+00:00\" \/>\n<meta property=\"og:image\" content=\"https:\/\/astrologelvan.com\/magaza\/wp-content\/uploads\/2024\/02\/dikit-1.jpeg\" \/>\n\t<meta property=\"og:image:width\" content=\"1600\" \/>\n\t<meta property=\"og:image:height\" content=\"1600\" \/>\n\t<meta property=\"og:image:type\" content=\"image\/jpeg\" \/>\n<meta name=\"twitter:card\" content=\"summary_large_image\" \/>\n<meta name=\"twitter:label1\" content=\"Tahmini okuma s\u00fcresi\" \/>\n\t<meta name=\"twitter:data1\" content=\"1 dakika\" \/>\n<script type=\"application\/ld+json\" class=\"yoast-schema-graph\">{\"@context\":\"https:\\\/\\\/schema.org\",\"@graph\":[{\"@type\":[\"WebPage\",\"ItemPage\"],\"@id\":\"https:\\\/\\\/astrologelvan.com\\\/magaza\\\/urun\\\/florit-tasi-dikit-form\\\/\",\"url\":\"https:\\\/\\\/astrologelvan.com\\\/magaza\\\/urun\\\/florit-tasi-dikit-form\\\/\",\"name\":\"FLOR\u0130T TA\u015eI D\u0130K\u0130T FORM - Astrolog Elvan\",\"isPartOf\":{\"@id\":\"https:\\\/\\\/astrologelvan.com\\\/magaza\\\/#website\"},\"primaryImageOfPage\":{\"@id\":\"https:\\\/\\\/astrologelvan.com\\\/magaza\\\/urun\\\/florit-tasi-dikit-form\\\/#primaryimage\"},\"image\":{\"@id\":\"https:\\\/\\\/astrologelvan.com\\\/magaza\\\/urun\\\/florit-tasi-dikit-form\\\/#primaryimage\"},\"thumbnailUrl\":\"https:\\\/\\\/astrologelvan.com\\\/magaza\\\/wp-content\\\/uploads\\\/2024\\\/02\\\/dikit-1.jpeg\",\"datePublished\":\"2024-02-27T23:08:22+00:00\",\"dateModified\":\"2025-10-06T05:14:48+00:00\",\"breadcrumb\":{\"@id\":\"https:\\\/\\\/astrologelvan.com\\\/magaza\\\/urun\\\/florit-tasi-dikit-form\\\/#breadcrumb\"},\"inLanguage\":\"tr\",\"potentialAction\":[{\"@type\":\"ReadAction\",\"target\":[\"https:\\\/\\\/astrologelvan.com\\\/magaza\\\/urun\\\/florit-tasi-dikit-form\\\/\"]}]},{\"@type\":\"ImageObject\",\"inLanguage\":\"tr\",\"@id\":\"https:\\\/\\\/astrologelvan.com\\\/magaza\\\/urun\\\/florit-tasi-dikit-form\\\/#primaryimage\",\"url\":\"https:\\\/\\\/astrologelvan.com\\\/magaza\\\/wp-content\\\/uploads\\\/2024\\\/02\\\/dikit-1.jpeg\",\"contentUrl\":\"https:\\\/\\\/astrologelvan.com\\\/magaza\\\/wp-content\\\/uploads\\\/2024\\\/02\\\/dikit-1.jpeg\",\"width\":1600,\"height\":1600},{\"@type\":\"BreadcrumbList\",\"@id\":\"https:\\\/\\\/astrologelvan.com\\\/magaza\\\/urun\\\/florit-tasi-dikit-form\\\/#breadcrumb\",\"itemListElement\":[{\"@type\":\"ListItem\",\"position\":1,\"name\":\"Anasayfa\",\"item\":\"https:\\\/\\\/astrologelvan.com\\\/magaza\\\/\"},{\"@type\":\"ListItem\",\"position\":2,\"name\":\"Ma\u011faza\",\"item\":\"https:\\\/\\\/astrologelvan.com\\\/magaza\\\/magaza\\\/\"},{\"@type\":\"ListItem\",\"position\":3,\"name\":\"FLOR\u0130T TA\u015eI D\u0130K\u0130T FORM\"}]},{\"@type\":\"WebSite\",\"@id\":\"https:\\\/\\\/astrologelvan.com\\\/magaza\\\/#website\",\"url\":\"https:\\\/\\\/astrologelvan.com\\\/magaza\\\/\",\"name\":\"Astrolog Elvan\",\"description\":\"\",\"potentialAction\":[{\"@type\":\"SearchAction\",\"target\":{\"@type\":\"EntryPoint\",\"urlTemplate\":\"https:\\\/\\\/astrologelvan.com\\\/magaza\\\/?s={search_term_string}\"},\"query-input\":{\"@type\":\"PropertyValueSpecification\",\"valueRequired\":true,\"valueName\":\"search_term_string\"}}],\"inLanguage\":\"tr\"}]}<\/script>\n<!-- \/ Yoast SEO plugin. -->","yoast_head_json":{"title":"FLOR\u0130T TA\u015eI D\u0130K\u0130T FORM - Astrolog Elvan","robots":{"index":"index","follow":"follow","max-snippet":"max-snippet:-1","max-image-preview":"max-image-preview:large","max-video-preview":"max-video-preview:-1"},"canonical":"https:\/\/astrologelvan.com\/magaza\/urun\/florit-tasi-dikit-form\/","og_locale":"tr_TR","og_type":"article","og_title":"FLOR\u0130T TA\u015eI D\u0130K\u0130T FORM - Astrolog Elvan","og_description":"Florit Ta\u015f\u0131 Dikit Form, \u00d6zellikleri ve Faydalar\u0131 Yery\u00fcz\u00fcndeki en renkli mineraldir. Amerika, Kanada, Meksika, \u00c7in, Peru, \u0130spanya, \u0130ngiltere, Almanya, Macaristan, Polonya, Norve\u00e7, \u00c7ek ve G\u00fcney Afrika\u2019da \u00e7\u0131kart\u0131l\u0131r. Ta\u015f\u0131n i\u00e7eri\u011finde florin ve kalsiyum flor\u00fcr bulunmaktad\u0131r. Sertlik derecesi 4\u2019t\u00fcr, narin bir ta\u015ft\u0131r. O y\u00fczdem tuzlu su, sirkeli su ve deniz suyu ile y\u0131kamay\u0131n. Ta\u015f\u0131n\u0131z\u0131 temizlemek isterseniz sadece ada\u00e7ay\u0131 t\u00fcts\u00fcs\u00fc yapman\u0131z yeterlidir. Florit ta\u015f\u0131, canl\u0131 g\u00f6kku\u015fa\u011f\u0131 renklerine sahiptir. Florit ta\u015f\u0131, ba\u015f a\u011fr\u0131s\u0131n\u0131 yat\u0131\u015ft\u0131rmada yard\u0131mc\u0131 bir ta\u015ft\u0131r. Sezgileri g\u00fc\u00e7lendirir. Kalp \u00e7akras\u0131n\u0131 dengeler, fiziksel beden sa\u011fl\u0131\u011f\u0131n\u0131 korumaya yard\u0131mc\u0131d\u0131r. \u00d6zellikle di\u015f ve kemik sa\u011fl\u0131\u011f\u0131.\u00a0 \u0130yi haberleri ve olumlu f\u0131rsatlar\u0131 g\u00f6rmek ad\u0131na \u015fans\u0131n\u0131z\u0131 a\u00e7an bir ta\u015f oldu\u011fu s\u00f6ylenir. Stres an\u0131nda ki\u015fiyi dengeler.","og_url":"https:\/\/astrologelvan.com\/magaza\/urun\/florit-tasi-dikit-form\/","og_site_name":"Astrolog Elvan","article_modified_time":"2025-10-06T05:14:48+00:00","og_image":[{"width":1600,"height":1600,"url":"https:\/\/astrologelvan.com\/magaza\/wp-content\/uploads\/2024\/02\/dikit-1.jpeg","type":"image\/jpeg"}],"twitter_card":"summary_large_image","twitter_misc":{"Tahmini okuma s\u00fcresi":"1 dakika"},"schema":{"@context":"https:\/\/schema.org","@graph":[{"@type":["WebPage","ItemPage"],"@id":"https:\/\/astrologelvan.com\/magaza\/urun\/florit-tasi-dikit-form\/","url":"https:\/\/astrologelvan.com\/magaza\/urun\/florit-tasi-dikit-form\/","name":"FLOR\u0130T TA\u015eI D\u0130K\u0130T FORM - Astrolog Elvan","isPartOf":{"@id":"https:\/\/astrologelvan.com\/magaza\/#website"},"primaryImageOfPage":{"@id":"https:\/\/astrologelvan.com\/magaza\/urun\/florit-tasi-dikit-form\/#primaryimage"},"image":{"@id":"https:\/\/astrologelvan.com\/magaza\/urun\/florit-tasi-dikit-form\/#primaryimage"},"thumbnailUrl":"https:\/\/astrologelvan.com\/magaza\/wp-content\/uploads\/2024\/02\/dikit-1.jpeg","datePublished":"2024-02-27T23:08:22+00:00","dateModified":"2025-10-06T05:14:48+00:00","breadcrumb":{"@id":"https:\/\/astrologelvan.com\/magaza\/urun\/florit-tasi-dikit-form\/#breadcrumb"},"inLanguage":"tr","potentialAction":[{"@type":"ReadAction","target":["https:\/\/astrologelvan.com\/magaza\/urun\/florit-tasi-dikit-form\/"]}]},{"@type":"ImageObject","inLanguage":"tr","@id":"https:\/\/astrologelvan.com\/magaza\/urun\/florit-tasi-dikit-form\/#primaryimage","url":"https:\/\/astrologelvan.com\/magaza\/wp-content\/uploads\/2024\/02\/dikit-1.jpeg","contentUrl":"https:\/\/astrologelvan.com\/magaza\/wp-content\/uploads\/2024\/02\/dikit-1.jpeg","width":1600,"height":1600},{"@type":"BreadcrumbList","@id":"https:\/\/astrologelvan.com\/magaza\/urun\/florit-tasi-dikit-form\/#breadcrumb","itemListElement":[{"@type":"ListItem","position":1,"name":"Anasayfa","item":"https:\/\/astrologelvan.com\/magaza\/"},{"@type":"ListItem","position":2,"name":"Ma\u011faza","item":"https:\/\/astrologelvan.com\/magaza\/magaza\/"},{"@type":"ListItem","position":3,"name":"FLOR\u0130T TA\u015eI D\u0130K\u0130T FORM"}]},{"@type":"WebSite","@id":"https:\/\/astrologelvan.com\/magaza\/#website","url":"https:\/\/astrologelvan.com\/magaza\/","name":"Astrolog Elvan","description":"","potentialAction":[{"@type":"SearchAction","target":{"@type":"EntryPoint","urlTemplate":"https:\/\/astrologelvan.com\/magaza\/?s={search_term_string}"},"query-input":{"@type":"PropertyValueSpecification","valueRequired":true,"valueName":"search_term_string"}}],"inLanguage":"tr"}]}},"_links":{"self":[{"href":"https:\/\/astrologelvan.com\/magaza\/wp-json\/wp\/v2\/product\/196","targetHints":{"allow":["GET"]}}],"collection":[{"href":"https:\/\/astrologelvan.com\/magaza\/wp-json\/wp\/v2\/product"}],"about":[{"href":"https:\/\/astrologelvan.com\/magaza\/wp-json\/wp\/v2\/types\/product"}],"replies":[{"embeddable":true,"href":"https:\/\/astrologelvan.com\/magaza\/wp-json\/wp\/v2\/comments?post=196"}],"wp:featuredmedia":[{"embeddable":true,"href":"https:\/\/astrologelvan.com\/magaza\/wp-json\/wp\/v2\/media\/16611"}],"wp:attachment":[{"href":"https:\/\/astrologelvan.com\/magaza\/wp-json\/wp\/v2\/media?parent=196"}],"wp:term":[{"taxonomy":"product_brand","embeddable":true,"href":"https:\/\/astrologelvan.com\/magaza\/wp-json\/wp\/v2\/product_brand?post=196"},{"taxonomy":"product_cat","embeddable":true,"href":"https:\/\/astrologelvan.com\/magaza\/wp-json\/wp\/v2\/product_cat?post=196"},{"taxonomy":"product_tag","embeddable":true,"href":"https:\/\/astrologelvan.com\/magaza\/wp-json\/wp\/v2\/product_tag?post=196"}],"curies":[{"name":"wp","href":"https:\/\/api.w.org\/{rel}","templated":true}]}}