{"id":18814,"date":"2024-11-01T17:37:39","date_gmt":"2024-11-01T14:37:39","guid":{"rendered":"https:\/\/astrologelvan.com\/magaza\/?post_type=product&#038;p=18814"},"modified":"2025-12-25T09:41:57","modified_gmt":"2025-12-25T06:41:57","slug":"sitrin-cut-kesim-kolye","status":"publish","type":"product","link":"https:\/\/astrologelvan.com\/magaza\/urun\/sitrin-cut-kesim-kolye\/","title":{"rendered":"S\u0130TR\u0130N CUT KES\u0130M KOLYE"},"content":{"rendered":"<p>Kolye A\u011f\u0131rl\u0131\u011f\u0131: 53,6 Gram<\/p>\n<p>Ta\u015f \u00d6l\u00e7\u00fcs\u00fc: 10 MM<\/p>\n<p>Kolye Uzunlu\u011fu: 42 CM<\/p>\n<p>925 Ayar G\u00fcm\u00fc\u015f \u00dczeri Alt\u0131n Kaplama<\/p>\n","protected":false},"excerpt":{"rendered":"<h3>Para &amp; \u015eans ve Bereket!<\/h3>\n<p>Hayat\u0131n\u0131za bolluk, bereket ve \u015fans\u0131 \u00e7ekin! Para ta\u015f\u0131 olarak da bilinen Sitrin kolyeyi kullanmaya ba\u015flad\u0131\u011f\u0131n\u0131z andan itibaren finansal a\u00e7\u0131dan f\u0131rsatlar\u0131 hayat\u0131n\u0131za \u00e7ekersiniz. Ada\u00e7ay\u0131 ile t\u00fcts\u00fcleyip, \u015fans ve berekete niyet ederek takabilirsiniz!<\/p>\n<p>G\u00fcne\u015f\u2019in g\u00fcc\u00fcn\u00fc ta\u015f\u0131yan Sitrin ta\u015f\u0131, takan ki\u015fiye \u00e7ok g\u00fc\u00e7l\u00fc bir enerji verir. Solar Pleksus \u00e7akra (kar\u0131n \u00e7akra) \u00fczerinde \u00e7ok etkilidir. \u00d6fke, \u00fcz\u00fcnt\u00fc, stresi ne\u015fe ve mutlulu\u011fa d\u00f6n\u00fc\u015ft\u00fcr\u00fcr. Sitrin ta\u015f\u0131, milyonlarca y\u0131l i\u00e7erisinde olu\u015fumunu tamamlayan d\u00fcnyan\u0131n en nadir ve de\u011ferli ta\u015flar\u0131ndand\u0131r. Bolluk, bereket, ba\u015far\u0131 ve t\u00fcm iyi enerjileri hayat\u0131n\u0131za \u00e7ekmeye yard\u0131mc\u0131 olur.<\/p>\n","protected":false},"featured_media":18815,"comment_status":"open","ping_status":"closed","template":"","meta":[],"product_brand":[596],"product_cat":[65,7455],"product_tag":[],"class_list":{"0":"post-18814","1":"product","2":"type-product","3":"status-publish","4":"has-post-thumbnail","6":"product_brand-astrolog-elvan","7":"product_cat-sitrin-dogal-tas","8":"product_cat--kolyeler","10":"first","11":"instock","12":"taxable","13":"shipping-taxable","14":"purchasable","15":"product-type-simple"},"yoast_head":"<!-- This site is optimized with the Yoast SEO plugin v27.3 - https:\/\/yoast.com\/product\/yoast-seo-wordpress\/ -->\n<title>S\u0130TR\u0130N CUT KES\u0130M KOLYE - Astrolog Elvan<\/title>\n<meta name=\"robots\" content=\"index, follow, max-snippet:-1, max-image-preview:large, max-video-preview:-1\" \/>\n<link rel=\"canonical\" href=\"https:\/\/astrologelvan.com\/magaza\/urun\/sitrin-cut-kesim-kolye\/\" \/>\n<meta property=\"og:locale\" content=\"tr_TR\" \/>\n<meta property=\"og:type\" content=\"article\" \/>\n<meta property=\"og:title\" content=\"S\u0130TR\u0130N CUT KES\u0130M KOLYE - Astrolog Elvan\" \/>\n<meta property=\"og:description\" content=\"Para &amp; \u015eans ve Bereket! Hayat\u0131n\u0131za bolluk, bereket ve \u015fans\u0131 \u00e7ekin! Para ta\u015f\u0131 olarak da bilinen Sitrin kolyeyi kullanmaya ba\u015flad\u0131\u011f\u0131n\u0131z andan itibaren finansal a\u00e7\u0131dan f\u0131rsatlar\u0131 hayat\u0131n\u0131za \u00e7ekersiniz. Ada\u00e7ay\u0131 ile t\u00fcts\u00fcleyip, \u015fans ve berekete niyet ederek takabilirsiniz!  G\u00fcne\u015f\u2019in g\u00fcc\u00fcn\u00fc ta\u015f\u0131yan Sitrin ta\u015f\u0131, takan ki\u015fiye \u00e7ok g\u00fc\u00e7l\u00fc bir enerji verir. Solar Pleksus \u00e7akra (kar\u0131n \u00e7akra) \u00fczerinde \u00e7ok etkilidir. \u00d6fke, \u00fcz\u00fcnt\u00fc, stresi ne\u015fe ve mutlulu\u011fa d\u00f6n\u00fc\u015ft\u00fcr\u00fcr. Sitrin ta\u015f\u0131, milyonlarca y\u0131l i\u00e7erisinde olu\u015fumunu tamamlayan d\u00fcnyan\u0131n en nadir ve de\u011ferli ta\u015flar\u0131ndand\u0131r. Bolluk, bereket, ba\u015far\u0131 ve t\u00fcm iyi enerjileri hayat\u0131n\u0131za \u00e7ekmeye yard\u0131mc\u0131 olur.\" \/>\n<meta property=\"og:url\" content=\"https:\/\/astrologelvan.com\/magaza\/urun\/sitrin-cut-kesim-kolye\/\" \/>\n<meta property=\"og:site_name\" content=\"Astrolog Elvan\" \/>\n<meta property=\"article:modified_time\" content=\"2025-12-25T06:41:57+00:00\" \/>\n<meta property=\"og:image\" content=\"https:\/\/astrologelvan.com\/magaza\/wp-content\/uploads\/2024\/11\/SITRIN-scaled.jpg\" \/>\n\t<meta property=\"og:image:width\" content=\"1920\" \/>\n\t<meta property=\"og:image:height\" content=\"2560\" \/>\n\t<meta property=\"og:image:type\" content=\"image\/jpeg\" \/>\n<meta name=\"twitter:card\" content=\"summary_large_image\" \/>\n<meta name=\"twitter:label1\" content=\"Tahmini okuma s\u00fcresi\" \/>\n\t<meta name=\"twitter:data1\" content=\"1 dakika\" \/>\n<script type=\"application\/ld+json\" class=\"yoast-schema-graph\">{\"@context\":\"https:\\\/\\\/schema.org\",\"@graph\":[{\"@type\":[\"WebPage\",\"ItemPage\"],\"@id\":\"https:\\\/\\\/astrologelvan.com\\\/magaza\\\/urun\\\/sitrin-cut-kesim-kolye\\\/\",\"url\":\"https:\\\/\\\/astrologelvan.com\\\/magaza\\\/urun\\\/sitrin-cut-kesim-kolye\\\/\",\"name\":\"S\u0130TR\u0130N CUT KES\u0130M KOLYE - Astrolog Elvan\",\"isPartOf\":{\"@id\":\"https:\\\/\\\/astrologelvan.com\\\/magaza\\\/#website\"},\"primaryImageOfPage\":{\"@id\":\"https:\\\/\\\/astrologelvan.com\\\/magaza\\\/urun\\\/sitrin-cut-kesim-kolye\\\/#primaryimage\"},\"image\":{\"@id\":\"https:\\\/\\\/astrologelvan.com\\\/magaza\\\/urun\\\/sitrin-cut-kesim-kolye\\\/#primaryimage\"},\"thumbnailUrl\":\"https:\\\/\\\/astrologelvan.com\\\/magaza\\\/wp-content\\\/uploads\\\/2024\\\/11\\\/SITRIN-scaled.jpg\",\"datePublished\":\"2024-11-01T14:37:39+00:00\",\"dateModified\":\"2025-12-25T06:41:57+00:00\",\"breadcrumb\":{\"@id\":\"https:\\\/\\\/astrologelvan.com\\\/magaza\\\/urun\\\/sitrin-cut-kesim-kolye\\\/#breadcrumb\"},\"inLanguage\":\"tr\",\"potentialAction\":[{\"@type\":\"ReadAction\",\"target\":[\"https:\\\/\\\/astrologelvan.com\\\/magaza\\\/urun\\\/sitrin-cut-kesim-kolye\\\/\"]}]},{\"@type\":\"ImageObject\",\"inLanguage\":\"tr\",\"@id\":\"https:\\\/\\\/astrologelvan.com\\\/magaza\\\/urun\\\/sitrin-cut-kesim-kolye\\\/#primaryimage\",\"url\":\"https:\\\/\\\/astrologelvan.com\\\/magaza\\\/wp-content\\\/uploads\\\/2024\\\/11\\\/SITRIN-scaled.jpg\",\"contentUrl\":\"https:\\\/\\\/astrologelvan.com\\\/magaza\\\/wp-content\\\/uploads\\\/2024\\\/11\\\/SITRIN-scaled.jpg\",\"width\":1920,\"height\":2560},{\"@type\":\"BreadcrumbList\",\"@id\":\"https:\\\/\\\/astrologelvan.com\\\/magaza\\\/urun\\\/sitrin-cut-kesim-kolye\\\/#breadcrumb\",\"itemListElement\":[{\"@type\":\"ListItem\",\"position\":1,\"name\":\"Anasayfa\",\"item\":\"https:\\\/\\\/astrologelvan.com\\\/magaza\\\/\"},{\"@type\":\"ListItem\",\"position\":2,\"name\":\"Ma\u011faza\",\"item\":\"https:\\\/\\\/astrologelvan.com\\\/magaza\\\/magaza\\\/\"},{\"@type\":\"ListItem\",\"position\":3,\"name\":\"S\u0130TR\u0130N CUT KES\u0130M KOLYE\"}]},{\"@type\":\"WebSite\",\"@id\":\"https:\\\/\\\/astrologelvan.com\\\/magaza\\\/#website\",\"url\":\"https:\\\/\\\/astrologelvan.com\\\/magaza\\\/\",\"name\":\"Astrolog Elvan\",\"description\":\"\",\"potentialAction\":[{\"@type\":\"SearchAction\",\"target\":{\"@type\":\"EntryPoint\",\"urlTemplate\":\"https:\\\/\\\/astrologelvan.com\\\/magaza\\\/?s={search_term_string}\"},\"query-input\":{\"@type\":\"PropertyValueSpecification\",\"valueRequired\":true,\"valueName\":\"search_term_string\"}}],\"inLanguage\":\"tr\"}]}<\/script>\n<!-- \/ Yoast SEO plugin. -->","yoast_head_json":{"title":"S\u0130TR\u0130N CUT KES\u0130M KOLYE - Astrolog Elvan","robots":{"index":"index","follow":"follow","max-snippet":"max-snippet:-1","max-image-preview":"max-image-preview:large","max-video-preview":"max-video-preview:-1"},"canonical":"https:\/\/astrologelvan.com\/magaza\/urun\/sitrin-cut-kesim-kolye\/","og_locale":"tr_TR","og_type":"article","og_title":"S\u0130TR\u0130N CUT KES\u0130M KOLYE - Astrolog Elvan","og_description":"Para &amp; \u015eans ve Bereket! Hayat\u0131n\u0131za bolluk, bereket ve \u015fans\u0131 \u00e7ekin! Para ta\u015f\u0131 olarak da bilinen Sitrin kolyeyi kullanmaya ba\u015flad\u0131\u011f\u0131n\u0131z andan itibaren finansal a\u00e7\u0131dan f\u0131rsatlar\u0131 hayat\u0131n\u0131za \u00e7ekersiniz. Ada\u00e7ay\u0131 ile t\u00fcts\u00fcleyip, \u015fans ve berekete niyet ederek takabilirsiniz!  G\u00fcne\u015f\u2019in g\u00fcc\u00fcn\u00fc ta\u015f\u0131yan Sitrin ta\u015f\u0131, takan ki\u015fiye \u00e7ok g\u00fc\u00e7l\u00fc bir enerji verir. Solar Pleksus \u00e7akra (kar\u0131n \u00e7akra) \u00fczerinde \u00e7ok etkilidir. \u00d6fke, \u00fcz\u00fcnt\u00fc, stresi ne\u015fe ve mutlulu\u011fa d\u00f6n\u00fc\u015ft\u00fcr\u00fcr. Sitrin ta\u015f\u0131, milyonlarca y\u0131l i\u00e7erisinde olu\u015fumunu tamamlayan d\u00fcnyan\u0131n en nadir ve de\u011ferli ta\u015flar\u0131ndand\u0131r. Bolluk, bereket, ba\u015far\u0131 ve t\u00fcm iyi enerjileri hayat\u0131n\u0131za \u00e7ekmeye yard\u0131mc\u0131 olur.","og_url":"https:\/\/astrologelvan.com\/magaza\/urun\/sitrin-cut-kesim-kolye\/","og_site_name":"Astrolog Elvan","article_modified_time":"2025-12-25T06:41:57+00:00","og_image":[{"width":1920,"height":2560,"url":"https:\/\/astrologelvan.com\/magaza\/wp-content\/uploads\/2024\/11\/SITRIN-scaled.jpg","type":"image\/jpeg"}],"twitter_card":"summary_large_image","twitter_misc":{"Tahmini okuma s\u00fcresi":"1 dakika"},"schema":{"@context":"https:\/\/schema.org","@graph":[{"@type":["WebPage","ItemPage"],"@id":"https:\/\/astrologelvan.com\/magaza\/urun\/sitrin-cut-kesim-kolye\/","url":"https:\/\/astrologelvan.com\/magaza\/urun\/sitrin-cut-kesim-kolye\/","name":"S\u0130TR\u0130N CUT KES\u0130M KOLYE - Astrolog Elvan","isPartOf":{"@id":"https:\/\/astrologelvan.com\/magaza\/#website"},"primaryImageOfPage":{"@id":"https:\/\/astrologelvan.com\/magaza\/urun\/sitrin-cut-kesim-kolye\/#primaryimage"},"image":{"@id":"https:\/\/astrologelvan.com\/magaza\/urun\/sitrin-cut-kesim-kolye\/#primaryimage"},"thumbnailUrl":"https:\/\/astrologelvan.com\/magaza\/wp-content\/uploads\/2024\/11\/SITRIN-scaled.jpg","datePublished":"2024-11-01T14:37:39+00:00","dateModified":"2025-12-25T06:41:57+00:00","breadcrumb":{"@id":"https:\/\/astrologelvan.com\/magaza\/urun\/sitrin-cut-kesim-kolye\/#breadcrumb"},"inLanguage":"tr","potentialAction":[{"@type":"ReadAction","target":["https:\/\/astrologelvan.com\/magaza\/urun\/sitrin-cut-kesim-kolye\/"]}]},{"@type":"ImageObject","inLanguage":"tr","@id":"https:\/\/astrologelvan.com\/magaza\/urun\/sitrin-cut-kesim-kolye\/#primaryimage","url":"https:\/\/astrologelvan.com\/magaza\/wp-content\/uploads\/2024\/11\/SITRIN-scaled.jpg","contentUrl":"https:\/\/astrologelvan.com\/magaza\/wp-content\/uploads\/2024\/11\/SITRIN-scaled.jpg","width":1920,"height":2560},{"@type":"BreadcrumbList","@id":"https:\/\/astrologelvan.com\/magaza\/urun\/sitrin-cut-kesim-kolye\/#breadcrumb","itemListElement":[{"@type":"ListItem","position":1,"name":"Anasayfa","item":"https:\/\/astrologelvan.com\/magaza\/"},{"@type":"ListItem","position":2,"name":"Ma\u011faza","item":"https:\/\/astrologelvan.com\/magaza\/magaza\/"},{"@type":"ListItem","position":3,"name":"S\u0130TR\u0130N CUT KES\u0130M KOLYE"}]},{"@type":"WebSite","@id":"https:\/\/astrologelvan.com\/magaza\/#website","url":"https:\/\/astrologelvan.com\/magaza\/","name":"Astrolog Elvan","description":"","potentialAction":[{"@type":"SearchAction","target":{"@type":"EntryPoint","urlTemplate":"https:\/\/astrologelvan.com\/magaza\/?s={search_term_string}"},"query-input":{"@type":"PropertyValueSpecification","valueRequired":true,"valueName":"search_term_string"}}],"inLanguage":"tr"}]}},"_links":{"self":[{"href":"https:\/\/astrologelvan.com\/magaza\/wp-json\/wp\/v2\/product\/18814","targetHints":{"allow":["GET"]}}],"collection":[{"href":"https:\/\/astrologelvan.com\/magaza\/wp-json\/wp\/v2\/product"}],"about":[{"href":"https:\/\/astrologelvan.com\/magaza\/wp-json\/wp\/v2\/types\/product"}],"replies":[{"embeddable":true,"href":"https:\/\/astrologelvan.com\/magaza\/wp-json\/wp\/v2\/comments?post=18814"}],"wp:featuredmedia":[{"embeddable":true,"href":"https:\/\/astrologelvan.com\/magaza\/wp-json\/wp\/v2\/media\/18815"}],"wp:attachment":[{"href":"https:\/\/astrologelvan.com\/magaza\/wp-json\/wp\/v2\/media?parent=18814"}],"wp:term":[{"taxonomy":"product_brand","embeddable":true,"href":"https:\/\/astrologelvan.com\/magaza\/wp-json\/wp\/v2\/product_brand?post=18814"},{"taxonomy":"product_cat","embeddable":true,"href":"https:\/\/astrologelvan.com\/magaza\/wp-json\/wp\/v2\/product_cat?post=18814"},{"taxonomy":"product_tag","embeddable":true,"href":"https:\/\/astrologelvan.com\/magaza\/wp-json\/wp\/v2\/product_tag?post=18814"}],"curies":[{"name":"wp","href":"https:\/\/api.w.org\/{rel}","templated":true}]}}