{"id":182553,"date":"2026-04-21T16:14:31","date_gmt":"2026-04-21T13:14:31","guid":{"rendered":"https:\/\/astrologelvan.com\/magaza\/?post_type=product&#038;p=182553"},"modified":"2026-04-21T20:57:30","modified_gmt":"2026-04-21T17:57:30","slug":"kendi-hayatini-yonet-atolyesi","status":"publish","type":"product","link":"https:\/\/astrologelvan.com\/magaza\/urun\/kendi-hayatini-yonet-atolyesi\/","title":{"rendered":"Kendi Hayat\u0131n\u0131 Y\u00f6net At\u00f6lyesi |\u00a0Bur\u00e7in Ko\u00e7lar"},"content":{"rendered":"","protected":false},"excerpt":{"rendered":"<p>Bu at\u00f6lye, bireyin, <strong>bilin\u00e7alt\u0131 kal\u0131plar\u0131n\u0131<\/strong> ke\u015ffetmesi ve hayat\u0131n\u0131n kontrol\u00fcn\u00fc bilin\u00e7li \u015fekilde eline almas\u0131 amac\u0131yla haz\u0131rlanm\u0131\u015ft\u0131r.<br \/>\n<strong>Game of Life<\/strong> yakla\u015f\u0131m\u0131 ile desteklenen bu \u00e7al\u0131\u015fma, kat\u0131l\u0131mc\u0131n\u0131n hayat\u0131na daha derin ve fark\u0131ndal\u0131kl\u0131 bir perspektiften bakmas\u0131n\u0131 sa\u011flar.<\/p>\n<p><strong>At\u00f6lye \u0130\u00e7eri\u011fi:<\/strong><\/p>\n<ul>\n<li>Bilin\u00e7alt\u0131 se\u00e7imler ve ya\u015fam etkisi<\/li>\n<li>\u00c7ocukluk ve aile kay\u0131tlar\u0131<\/li>\n<li>Toplum ve grup bilinci<\/li>\n<li>Kurban bilinci ve d\u00f6ng\u00fcler<\/li>\n<\/ul>\n<p><span data-path-to-node=\"1,1\"><span class=\"citation-7\">Bu at\u00f6lye, hayat\u0131n bir &#8220;oyun&#8221; ve deneyim alan\u0131 oldu\u011fu bak\u0131\u015f a\u00e7\u0131s\u0131n\u0131 temel alarak, kendi se\u00e7imlerinizin fark\u0131na varman\u0131za ve hayat\u0131 daha ak\u0131\u015fta, rahat ve bilin\u00e7li bir \u015fekilde y\u00f6netebilmenize olanak tan\u0131r<\/span><\/span><span data-path-to-node=\"1,3\">. <\/span><span data-path-to-node=\"1,5\"><span class=\"citation-6\">Kat\u0131l\u0131mc\u0131lar; hayat\u0131n rastgele olmad\u0131\u011f\u0131n\u0131, ya\u015fad\u0131klar\u0131 her deneyimin derin bir anlam ta\u015f\u0131d\u0131\u011f\u0131n\u0131 ve kendi i\u00e7sel se\u00e7imlerinin ya\u015famlar\u0131n\u0131 do\u011frudan nas\u0131l etkiledi\u011fini fark etmeye ba\u015flarlar<\/span><\/span><\/p>\n<p><strong>Kat\u0131l\u0131mc\u0131lar\u0131n;<\/strong><\/p>\n<ul>\n<li>Ben neden buraday\u0131m?<\/li>\n<li>Hayat\u0131m\u0131n direksiyonunda kim var?<\/li>\n<li>&#8220;Hayat\u0131m\u0131n amac\u0131 ne?&#8217;<\/li>\n<\/ul>\n<p>sorular\u0131na temas etmesi hedeflenir.Bu s\u00fcre\u00e7, ki\u015finin i\u00e7sel y\u00f6n\u00fcn\u00fc hat\u0131rlamas\u0131n\u0131 ve kendi ya\u015fam\u0131na daha bilin\u00e7li bir bak\u0131\u015f a\u00e7\u0131s\u0131 geli\u015ftirmesini destekler.<\/p>\n<p><strong>Ele al\u0131nacak k\u00f6k inan\u00e7lar:<\/strong><\/p>\n<ul>\n<li>Hayat benim kontrol\u00fcmde de\u011fil<\/li>\n<li>Ba\u015far\u0131l\u0131 olmak zor<\/li>\n<li>Hep m\u00fccadele etmeliyim<\/li>\n<li>Kendim olursam kabul edilmem<\/li>\n<li>Rahat olursam bir \u015feyleri kaybederim<\/li>\n<\/ul>\n<p>At\u00f6lye s\u00fcresince fark\u0131ndal\u0131k \u00e7al\u0131\u015fmalar\u0131, bilin\u00e7alt\u0131 sorgulamalar\u0131 ve rehberli i\u00e7sel \u00e7al\u0131\u015fmalar uygulanacakt\u0131r. <strong>Ayr\u0131ca kat\u0131l\u0131mc\u0131lar i\u00e7in JAAS (bilin\u00e7alt\u0131 analiz) dosyas\u0131 a\u00e7\u0131larak s\u00fcre\u00e7 derinle\u015ftirilecektir.<\/strong><\/p>\n<p class=\"alt-font\"><span style=\"color: #9134b0;\"><strong>Bu at\u00f6lyede ama\u00e7, hayat\u0131 \u00e7\u00f6zmek de\u011fil\u2026 hayat\u0131n nas\u0131l \u00e7al\u0131\u015ft\u0131\u011f\u0131n\u0131 hat\u0131rlamak ve onu bilin\u00e7li \u015fekilde y\u00f6netebilmektir.<\/strong><\/span><\/p>\n<p><strong><div class=\"message-box relative dark\" style=\"padding-top:15px;padding-bottom:15px;\"><div class=\"message-box-bg-image bg-fill fill\" style=\"background-image:url(#hex or http:\/\/imageurl);\"><\/div><div class=\"message-box-bg-overlay bg-fill fill\" ><\/div><div class=\"container relative\"><div class=\"inner last-reset\"> At\u00f6lye 27 Nisan ak\u015fam\u0131 T\u00fcrkiye saati ile 21:00\u2019da Zoom \u00fczerinden Bur\u00e7in Ko\u00e7lar e\u015fli\u011finde canl\u0131 olarak yap\u0131lacakt\u0131r.<br \/>\n<\/div><\/div><\/div><\/strong><\/p>\n<p>&nbsp;<\/p>\n<p><strong>At\u00f6lye kat\u0131l\u0131m linkleri<\/strong>\u00a0<u>belirtti\u011finiz telefon numaras\u0131na Mesaj olarak ve belirtti\u011finiz e-mail adresine e-mail olarak g\u00f6nderilecektir. Sipari\u015flerinizi olu\u015ftururken aktif kulland\u0131\u011f\u0131n\u0131z telefon numaran\u0131z\u0131 ve e-mail adresinizi girmelisiniz. <\/u>E-mail adresinizi do\u011fru yazd\u0131\u011f\u0131n\u0131za ve e-mail kutunuzun dolu olmad\u0131\u011f\u0131na dikkat ediniz.<\/p>\n<p>At\u00f6lye kay\u0131tlar\u0131 sat\u0131n alan ki\u015filere canl\u0131 yay\u0131n sonras\u0131ndaki g\u00fcnlerde yine ayn\u0131 kanallardan iletilecektir.<br \/>\n<strong>Her at\u00f6lye kayd\u0131 yasal olarak yaln\u0131zca bir ki\u015fi i\u00e7in ge\u00e7erlidir, bir ba\u015fkas\u0131 ile payla\u015f\u0131lamaz.<\/strong><\/p>\n<div class=\"sales-counter\" style=\" margin: 1em 0; padding: 10px; background-color: #fff; border: 1px solid #ddd;\">\u2728 8 Ki\u015fi Yerini Ay\u0131rd\u0131!<\/div>\n","protected":false},"featured_media":182554,"comment_status":"open","ping_status":"closed","template":"","meta":[],"product_brand":[],"product_cat":[494],"product_tag":[],"class_list":{"0":"post-182553","1":"product","2":"type-product","3":"status-publish","4":"has-post-thumbnail","6":"product_cat-atolyeler","8":"first","9":"instock","10":"taxable","11":"shipping-taxable","12":"purchasable","13":"product-type-simple"},"yoast_head":"<!-- This site is optimized with the Yoast SEO plugin v27.3 - https:\/\/yoast.com\/product\/yoast-seo-wordpress\/ -->\n<title>Kendi Hayat\u0131n\u0131 Y\u00f6net At\u00f6lyesi |\u00a0Bur\u00e7in Ko\u00e7lar - Astrolog Elvan<\/title>\n<meta name=\"robots\" content=\"index, follow, max-snippet:-1, max-image-preview:large, max-video-preview:-1\" \/>\n<link rel=\"canonical\" href=\"https:\/\/astrologelvan.com\/magaza\/urun\/kendi-hayatini-yonet-atolyesi\/\" \/>\n<meta property=\"og:locale\" content=\"tr_TR\" \/>\n<meta property=\"og:type\" content=\"article\" \/>\n<meta property=\"og:title\" content=\"Kendi Hayat\u0131n\u0131 Y\u00f6net At\u00f6lyesi |\u00a0Bur\u00e7in Ko\u00e7lar - Astrolog Elvan\" \/>\n<meta property=\"og:description\" content=\"Bu at\u00f6lye, bireyin, bilin\u00e7alt\u0131 kal\u0131plar\u0131n\u0131 ke\u015ffetmesi ve hayat\u0131n\u0131n kontrol\u00fcn\u00fc bilin\u00e7li \u015fekilde eline almas\u0131 amac\u0131yla haz\u0131rlanm\u0131\u015ft\u0131r. Game of Life yakla\u015f\u0131m\u0131 ile desteklenen bu \u00e7al\u0131\u015fma, kat\u0131l\u0131mc\u0131n\u0131n hayat\u0131na daha derin ve fark\u0131ndal\u0131kl\u0131 bir perspektiften bakmas\u0131n\u0131 sa\u011flar.  At\u00f6lye \u0130\u00e7eri\u011fi:   Bilin\u00e7alt\u0131 se\u00e7imler ve ya\u015fam etkisi  \u00c7ocukluk ve aile kay\u0131tlar\u0131  Toplum ve grup bilinci  Kurban bilinci ve d\u00f6ng\u00fcler  Bu at\u00f6lye, hayat\u0131n bir &quot;oyun&quot; ve deneyim alan\u0131 oldu\u011fu bak\u0131\u015f a\u00e7\u0131s\u0131n\u0131 temel alarak, kendi se\u00e7imlerinizin fark\u0131na varman\u0131za ve hayat\u0131 daha ak\u0131\u015fta, rahat ve bilin\u00e7li bir \u015fekilde y\u00f6netebilmenize olanak tan\u0131r. Kat\u0131l\u0131mc\u0131lar; hayat\u0131n rastgele olmad\u0131\u011f\u0131n\u0131, ya\u015fad\u0131klar\u0131 her deneyimin derin bir anlam ta\u015f\u0131d\u0131\u011f\u0131n\u0131 ve kendi i\u00e7sel se\u00e7imlerinin ya\u015famlar\u0131n\u0131 do\u011frudan nas\u0131l etkiledi\u011fini fark etmeye ba\u015flarlar  Kat\u0131l\u0131mc\u0131lar\u0131n;   Ben neden buraday\u0131m?  Hayat\u0131m\u0131n direksiyonunda kim var?  &quot;Hayat\u0131m\u0131n amac\u0131 ne?&#039;  sorular\u0131na temas etmesi hedeflenir.Bu s\u00fcre\u00e7, ki\u015finin i\u00e7sel y\u00f6n\u00fcn\u00fc hat\u0131rlamas\u0131n\u0131 ve kendi ya\u015fam\u0131na daha bilin\u00e7li bir bak\u0131\u015f a\u00e7\u0131s\u0131 geli\u015ftirmesini destekler.  Ele al\u0131nacak k\u00f6k inan\u00e7lar:   Hayat benim kontrol\u00fcmde de\u011fil  Ba\u015far\u0131l\u0131 olmak zor  Hep m\u00fccadele etmeliyim  Kendim olursam kabul edilmem  Rahat olursam bir \u015feyleri kaybederim  At\u00f6lye s\u00fcresince fark\u0131ndal\u0131k \u00e7al\u0131\u015fmalar\u0131, bilin\u00e7alt\u0131 sorgulamalar\u0131 ve rehberli i\u00e7sel \u00e7al\u0131\u015fmalar uygulanacakt\u0131r. Ayr\u0131ca kat\u0131l\u0131mc\u0131lar i\u00e7in JAAS (bilin\u00e7alt\u0131 analiz) dosyas\u0131 a\u00e7\u0131larak s\u00fcre\u00e7 derinle\u015ftirilecektir. Bu at\u00f6lyede ama\u00e7, hayat\u0131 \u00e7\u00f6zmek de\u011fil\u2026 hayat\u0131n nas\u0131l \u00e7al\u0131\u015ft\u0131\u011f\u0131n\u0131 hat\u0131rlamak ve onu bilin\u00e7li \u015fekilde y\u00f6netebilmektir.   &nbsp;  At\u00f6lye kat\u0131l\u0131m linkleri\u00a0belirtti\u011finiz telefon numaras\u0131na Mesaj olarak ve belirtti\u011finiz e-mail adresine e-mail olarak g\u00f6nderilecektir. Sipari\u015flerinizi olu\u015ftururken aktif kulland\u0131\u011f\u0131n\u0131z telefon numaran\u0131z\u0131 ve e-mail adresinizi girmelisiniz. E-mail adresinizi do\u011fru yazd\u0131\u011f\u0131n\u0131za ve e-mail kutunuzun dolu olmad\u0131\u011f\u0131na dikkat ediniz.  At\u00f6lye kay\u0131tlar\u0131 sat\u0131n alan ki\u015filere canl\u0131 yay\u0131n sonras\u0131ndaki g\u00fcnlerde yine ayn\u0131 kanallardan iletilecektir. Her at\u00f6lye kayd\u0131 yasal olarak yaln\u0131zca bir ki\u015fi i\u00e7in ge\u00e7erlidir, bir ba\u015fkas\u0131 ile payla\u015f\u0131lamaz.\" \/>\n<meta property=\"og:url\" content=\"https:\/\/astrologelvan.com\/magaza\/urun\/kendi-hayatini-yonet-atolyesi\/\" \/>\n<meta property=\"og:site_name\" content=\"Astrolog Elvan\" \/>\n<meta property=\"article:modified_time\" content=\"2026-04-21T17:57:30+00:00\" \/>\n<meta property=\"og:image\" content=\"https:\/\/astrologelvan.com\/magaza\/wp-content\/uploads\/2026\/04\/IMG_9734.webp\" \/>\n\t<meta property=\"og:image:width\" content=\"1000\" \/>\n\t<meta property=\"og:image:height\" content=\"1300\" \/>\n\t<meta property=\"og:image:type\" content=\"image\/webp\" \/>\n<meta name=\"twitter:card\" content=\"summary_large_image\" \/>\n<meta name=\"twitter:label1\" content=\"Tahmini okuma s\u00fcresi\" \/>\n\t<meta name=\"twitter:data1\" content=\"1 dakika\" \/>\n<script type=\"application\/ld+json\" class=\"yoast-schema-graph\">{\"@context\":\"https:\\\/\\\/schema.org\",\"@graph\":[{\"@type\":[\"WebPage\",\"ItemPage\"],\"@id\":\"https:\\\/\\\/astrologelvan.com\\\/magaza\\\/urun\\\/kendi-hayatini-yonet-atolyesi\\\/\",\"url\":\"https:\\\/\\\/astrologelvan.com\\\/magaza\\\/urun\\\/kendi-hayatini-yonet-atolyesi\\\/\",\"name\":\"Kendi Hayat\u0131n\u0131 Y\u00f6net At\u00f6lyesi |\u00a0Bur\u00e7in Ko\u00e7lar - Astrolog Elvan\",\"isPartOf\":{\"@id\":\"https:\\\/\\\/astrologelvan.com\\\/magaza\\\/#website\"},\"primaryImageOfPage\":{\"@id\":\"https:\\\/\\\/astrologelvan.com\\\/magaza\\\/urun\\\/kendi-hayatini-yonet-atolyesi\\\/#primaryimage\"},\"image\":{\"@id\":\"https:\\\/\\\/astrologelvan.com\\\/magaza\\\/urun\\\/kendi-hayatini-yonet-atolyesi\\\/#primaryimage\"},\"thumbnailUrl\":\"https:\\\/\\\/astrologelvan.com\\\/magaza\\\/wp-content\\\/uploads\\\/2026\\\/04\\\/IMG_9734.webp\",\"datePublished\":\"2026-04-21T13:14:31+00:00\",\"dateModified\":\"2026-04-21T17:57:30+00:00\",\"breadcrumb\":{\"@id\":\"https:\\\/\\\/astrologelvan.com\\\/magaza\\\/urun\\\/kendi-hayatini-yonet-atolyesi\\\/#breadcrumb\"},\"inLanguage\":\"tr\",\"potentialAction\":[{\"@type\":\"ReadAction\",\"target\":[\"https:\\\/\\\/astrologelvan.com\\\/magaza\\\/urun\\\/kendi-hayatini-yonet-atolyesi\\\/\"]}]},{\"@type\":\"ImageObject\",\"inLanguage\":\"tr\",\"@id\":\"https:\\\/\\\/astrologelvan.com\\\/magaza\\\/urun\\\/kendi-hayatini-yonet-atolyesi\\\/#primaryimage\",\"url\":\"https:\\\/\\\/astrologelvan.com\\\/magaza\\\/wp-content\\\/uploads\\\/2026\\\/04\\\/IMG_9734.webp\",\"contentUrl\":\"https:\\\/\\\/astrologelvan.com\\\/magaza\\\/wp-content\\\/uploads\\\/2026\\\/04\\\/IMG_9734.webp\",\"width\":1000,\"height\":1300},{\"@type\":\"BreadcrumbList\",\"@id\":\"https:\\\/\\\/astrologelvan.com\\\/magaza\\\/urun\\\/kendi-hayatini-yonet-atolyesi\\\/#breadcrumb\",\"itemListElement\":[{\"@type\":\"ListItem\",\"position\":1,\"name\":\"Anasayfa\",\"item\":\"https:\\\/\\\/astrologelvan.com\\\/magaza\\\/\"},{\"@type\":\"ListItem\",\"position\":2,\"name\":\"Ma\u011faza\",\"item\":\"https:\\\/\\\/astrologelvan.com\\\/magaza\\\/magaza\\\/\"},{\"@type\":\"ListItem\",\"position\":3,\"name\":\"Kendi Hayat\u0131n\u0131 Y\u00f6net At\u00f6lyesi |\u00a0Bur\u00e7in Ko\u00e7lar\"}]},{\"@type\":\"WebSite\",\"@id\":\"https:\\\/\\\/astrologelvan.com\\\/magaza\\\/#website\",\"url\":\"https:\\\/\\\/astrologelvan.com\\\/magaza\\\/\",\"name\":\"Astrolog Elvan\",\"description\":\"\",\"potentialAction\":[{\"@type\":\"SearchAction\",\"target\":{\"@type\":\"EntryPoint\",\"urlTemplate\":\"https:\\\/\\\/astrologelvan.com\\\/magaza\\\/?s={search_term_string}\"},\"query-input\":{\"@type\":\"PropertyValueSpecification\",\"valueRequired\":true,\"valueName\":\"search_term_string\"}}],\"inLanguage\":\"tr\"}]}<\/script>\n<!-- \/ Yoast SEO plugin. -->","yoast_head_json":{"title":"Kendi Hayat\u0131n\u0131 Y\u00f6net At\u00f6lyesi |\u00a0Bur\u00e7in Ko\u00e7lar - Astrolog Elvan","robots":{"index":"index","follow":"follow","max-snippet":"max-snippet:-1","max-image-preview":"max-image-preview:large","max-video-preview":"max-video-preview:-1"},"canonical":"https:\/\/astrologelvan.com\/magaza\/urun\/kendi-hayatini-yonet-atolyesi\/","og_locale":"tr_TR","og_type":"article","og_title":"Kendi Hayat\u0131n\u0131 Y\u00f6net At\u00f6lyesi |\u00a0Bur\u00e7in Ko\u00e7lar - Astrolog Elvan","og_description":"Bu at\u00f6lye, bireyin, bilin\u00e7alt\u0131 kal\u0131plar\u0131n\u0131 ke\u015ffetmesi ve hayat\u0131n\u0131n kontrol\u00fcn\u00fc bilin\u00e7li \u015fekilde eline almas\u0131 amac\u0131yla haz\u0131rlanm\u0131\u015ft\u0131r. Game of Life yakla\u015f\u0131m\u0131 ile desteklenen bu \u00e7al\u0131\u015fma, kat\u0131l\u0131mc\u0131n\u0131n hayat\u0131na daha derin ve fark\u0131ndal\u0131kl\u0131 bir perspektiften bakmas\u0131n\u0131 sa\u011flar.  At\u00f6lye \u0130\u00e7eri\u011fi:   Bilin\u00e7alt\u0131 se\u00e7imler ve ya\u015fam etkisi  \u00c7ocukluk ve aile kay\u0131tlar\u0131  Toplum ve grup bilinci  Kurban bilinci ve d\u00f6ng\u00fcler  Bu at\u00f6lye, hayat\u0131n bir \"oyun\" ve deneyim alan\u0131 oldu\u011fu bak\u0131\u015f a\u00e7\u0131s\u0131n\u0131 temel alarak, kendi se\u00e7imlerinizin fark\u0131na varman\u0131za ve hayat\u0131 daha ak\u0131\u015fta, rahat ve bilin\u00e7li bir \u015fekilde y\u00f6netebilmenize olanak tan\u0131r. Kat\u0131l\u0131mc\u0131lar; hayat\u0131n rastgele olmad\u0131\u011f\u0131n\u0131, ya\u015fad\u0131klar\u0131 her deneyimin derin bir anlam ta\u015f\u0131d\u0131\u011f\u0131n\u0131 ve kendi i\u00e7sel se\u00e7imlerinin ya\u015famlar\u0131n\u0131 do\u011frudan nas\u0131l etkiledi\u011fini fark etmeye ba\u015flarlar  Kat\u0131l\u0131mc\u0131lar\u0131n;   Ben neden buraday\u0131m?  Hayat\u0131m\u0131n direksiyonunda kim var?  \"Hayat\u0131m\u0131n amac\u0131 ne?'  sorular\u0131na temas etmesi hedeflenir.Bu s\u00fcre\u00e7, ki\u015finin i\u00e7sel y\u00f6n\u00fcn\u00fc hat\u0131rlamas\u0131n\u0131 ve kendi ya\u015fam\u0131na daha bilin\u00e7li bir bak\u0131\u015f a\u00e7\u0131s\u0131 geli\u015ftirmesini destekler.  Ele al\u0131nacak k\u00f6k inan\u00e7lar:   Hayat benim kontrol\u00fcmde de\u011fil  Ba\u015far\u0131l\u0131 olmak zor  Hep m\u00fccadele etmeliyim  Kendim olursam kabul edilmem  Rahat olursam bir \u015feyleri kaybederim  At\u00f6lye s\u00fcresince fark\u0131ndal\u0131k \u00e7al\u0131\u015fmalar\u0131, bilin\u00e7alt\u0131 sorgulamalar\u0131 ve rehberli i\u00e7sel \u00e7al\u0131\u015fmalar uygulanacakt\u0131r. Ayr\u0131ca kat\u0131l\u0131mc\u0131lar i\u00e7in JAAS (bilin\u00e7alt\u0131 analiz) dosyas\u0131 a\u00e7\u0131larak s\u00fcre\u00e7 derinle\u015ftirilecektir. Bu at\u00f6lyede ama\u00e7, hayat\u0131 \u00e7\u00f6zmek de\u011fil\u2026 hayat\u0131n nas\u0131l \u00e7al\u0131\u015ft\u0131\u011f\u0131n\u0131 hat\u0131rlamak ve onu bilin\u00e7li \u015fekilde y\u00f6netebilmektir.   &nbsp;  At\u00f6lye kat\u0131l\u0131m linkleri\u00a0belirtti\u011finiz telefon numaras\u0131na Mesaj olarak ve belirtti\u011finiz e-mail adresine e-mail olarak g\u00f6nderilecektir. Sipari\u015flerinizi olu\u015ftururken aktif kulland\u0131\u011f\u0131n\u0131z telefon numaran\u0131z\u0131 ve e-mail adresinizi girmelisiniz. E-mail adresinizi do\u011fru yazd\u0131\u011f\u0131n\u0131za ve e-mail kutunuzun dolu olmad\u0131\u011f\u0131na dikkat ediniz.  At\u00f6lye kay\u0131tlar\u0131 sat\u0131n alan ki\u015filere canl\u0131 yay\u0131n sonras\u0131ndaki g\u00fcnlerde yine ayn\u0131 kanallardan iletilecektir. Her at\u00f6lye kayd\u0131 yasal olarak yaln\u0131zca bir ki\u015fi i\u00e7in ge\u00e7erlidir, bir ba\u015fkas\u0131 ile payla\u015f\u0131lamaz.","og_url":"https:\/\/astrologelvan.com\/magaza\/urun\/kendi-hayatini-yonet-atolyesi\/","og_site_name":"Astrolog Elvan","article_modified_time":"2026-04-21T17:57:30+00:00","og_image":[{"width":1000,"height":1300,"url":"https:\/\/astrologelvan.com\/magaza\/wp-content\/uploads\/2026\/04\/IMG_9734.webp","type":"image\/webp"}],"twitter_card":"summary_large_image","twitter_misc":{"Tahmini okuma s\u00fcresi":"1 dakika"},"schema":{"@context":"https:\/\/schema.org","@graph":[{"@type":["WebPage","ItemPage"],"@id":"https:\/\/astrologelvan.com\/magaza\/urun\/kendi-hayatini-yonet-atolyesi\/","url":"https:\/\/astrologelvan.com\/magaza\/urun\/kendi-hayatini-yonet-atolyesi\/","name":"Kendi Hayat\u0131n\u0131 Y\u00f6net At\u00f6lyesi |\u00a0Bur\u00e7in Ko\u00e7lar - Astrolog Elvan","isPartOf":{"@id":"https:\/\/astrologelvan.com\/magaza\/#website"},"primaryImageOfPage":{"@id":"https:\/\/astrologelvan.com\/magaza\/urun\/kendi-hayatini-yonet-atolyesi\/#primaryimage"},"image":{"@id":"https:\/\/astrologelvan.com\/magaza\/urun\/kendi-hayatini-yonet-atolyesi\/#primaryimage"},"thumbnailUrl":"https:\/\/astrologelvan.com\/magaza\/wp-content\/uploads\/2026\/04\/IMG_9734.webp","datePublished":"2026-04-21T13:14:31+00:00","dateModified":"2026-04-21T17:57:30+00:00","breadcrumb":{"@id":"https:\/\/astrologelvan.com\/magaza\/urun\/kendi-hayatini-yonet-atolyesi\/#breadcrumb"},"inLanguage":"tr","potentialAction":[{"@type":"ReadAction","target":["https:\/\/astrologelvan.com\/magaza\/urun\/kendi-hayatini-yonet-atolyesi\/"]}]},{"@type":"ImageObject","inLanguage":"tr","@id":"https:\/\/astrologelvan.com\/magaza\/urun\/kendi-hayatini-yonet-atolyesi\/#primaryimage","url":"https:\/\/astrologelvan.com\/magaza\/wp-content\/uploads\/2026\/04\/IMG_9734.webp","contentUrl":"https:\/\/astrologelvan.com\/magaza\/wp-content\/uploads\/2026\/04\/IMG_9734.webp","width":1000,"height":1300},{"@type":"BreadcrumbList","@id":"https:\/\/astrologelvan.com\/magaza\/urun\/kendi-hayatini-yonet-atolyesi\/#breadcrumb","itemListElement":[{"@type":"ListItem","position":1,"name":"Anasayfa","item":"https:\/\/astrologelvan.com\/magaza\/"},{"@type":"ListItem","position":2,"name":"Ma\u011faza","item":"https:\/\/astrologelvan.com\/magaza\/magaza\/"},{"@type":"ListItem","position":3,"name":"Kendi Hayat\u0131n\u0131 Y\u00f6net At\u00f6lyesi |\u00a0Bur\u00e7in Ko\u00e7lar"}]},{"@type":"WebSite","@id":"https:\/\/astrologelvan.com\/magaza\/#website","url":"https:\/\/astrologelvan.com\/magaza\/","name":"Astrolog Elvan","description":"","potentialAction":[{"@type":"SearchAction","target":{"@type":"EntryPoint","urlTemplate":"https:\/\/astrologelvan.com\/magaza\/?s={search_term_string}"},"query-input":{"@type":"PropertyValueSpecification","valueRequired":true,"valueName":"search_term_string"}}],"inLanguage":"tr"}]}},"_links":{"self":[{"href":"https:\/\/astrologelvan.com\/magaza\/wp-json\/wp\/v2\/product\/182553","targetHints":{"allow":["GET"]}}],"collection":[{"href":"https:\/\/astrologelvan.com\/magaza\/wp-json\/wp\/v2\/product"}],"about":[{"href":"https:\/\/astrologelvan.com\/magaza\/wp-json\/wp\/v2\/types\/product"}],"replies":[{"embeddable":true,"href":"https:\/\/astrologelvan.com\/magaza\/wp-json\/wp\/v2\/comments?post=182553"}],"wp:featuredmedia":[{"embeddable":true,"href":"https:\/\/astrologelvan.com\/magaza\/wp-json\/wp\/v2\/media\/182554"}],"wp:attachment":[{"href":"https:\/\/astrologelvan.com\/magaza\/wp-json\/wp\/v2\/media?parent=182553"}],"wp:term":[{"taxonomy":"product_brand","embeddable":true,"href":"https:\/\/astrologelvan.com\/magaza\/wp-json\/wp\/v2\/product_brand?post=182553"},{"taxonomy":"product_cat","embeddable":true,"href":"https:\/\/astrologelvan.com\/magaza\/wp-json\/wp\/v2\/product_cat?post=182553"},{"taxonomy":"product_tag","embeddable":true,"href":"https:\/\/astrologelvan.com\/magaza\/wp-json\/wp\/v2\/product_tag?post=182553"}],"curies":[{"name":"wp","href":"https:\/\/api.w.org\/{rel}","templated":true}]}}