{"id":17446,"date":"2024-10-22T17:44:10","date_gmt":"2024-10-22T14:44:10","guid":{"rendered":"https:\/\/astrologelvan.com\/magaza\/?post_type=product&#038;p=17446"},"modified":"2026-03-29T01:50:53","modified_gmt":"2026-03-28T22:50:53","slug":"mavi-topaz-antik-tasarim-kadin-sans-kolyesi","status":"publish","type":"product","link":"https:\/\/astrologelvan.com\/magaza\/urun\/mavi-topaz-antik-tasarim-kadin-sans-kolyesi\/","title":{"rendered":"MAV\u0130 TOPAZ ANT\u0130K TASARIM KADIN \u015eANS KOLYES\u0130"},"content":{"rendered":"<p>Kolye A\u011f\u0131rl\u0131\u011f\u0131: 6,8 Gram<\/p>\n<p>Kolye Uzunlu\u011fu: 60 CM<\/p>\n<p>925 Ayar G\u00fcm\u00fc\u015f \u00dczeri Alt\u0131n Kaplama<\/p>\n","protected":false},"excerpt":{"rendered":"<div>Mavi Topaz, J\u00fcpiter\u2019in enerjisini hayat\u0131m\u0131za \u00e7ekmeye yarayan en g\u00fc\u00e7l\u00fc ta\u015ft\u0131r. J\u00fcpiter\u2019in konular\u0131 olan; rahatl\u0131k, bereket, ne\u015fe, mutluluk ve \u015fans\u0131 hayat\u0131n\u0131za \u00e7eker. Bu konularda s\u0131k\u0131nt\u0131 ya\u015fayan herkes takmal\u0131d\u0131r.<\/div>\n<div><\/div>\n<div>Antik tasar\u0131m kolye, tamamen g\u00fcm\u00fc\u015f ustalar\u0131m\u0131z\u0131n el eme\u011fidir ve el d\u00f6vmesi usul\u00fcyle at\u00f6lyede tek tek haz\u0131rlanmaktad\u0131r.<\/div>\n<div><\/div>\n<div>Alan herkese, ThetaHealing ile his y\u00fcklemesiyle rahatl\u0131k, ne\u015fe, bereket, mutluluk ve \u015fans\u0131n Yaradan tan\u0131m\u0131 g\u00f6zlemlenir.<\/div>\n","protected":false},"featured_media":93651,"comment_status":"open","ping_status":"closed","template":"","meta":[],"product_brand":[596],"product_cat":[114,8106],"product_tag":[],"class_list":{"0":"post-17446","1":"product","2":"type-product","3":"status-publish","4":"has-post-thumbnail","6":"product_brand-astrolog-elvan","7":"product_cat-limited-edition","8":"product_cat--gumus-kolyeler","9":"rsfv-has-video","11":"first","12":"instock","13":"sale","14":"purchasable","15":"product-type-simple"},"yoast_head":"<!-- This site is optimized with the Yoast SEO plugin v27.3 - https:\/\/yoast.com\/product\/yoast-seo-wordpress\/ -->\n<title>MAV\u0130 TOPAZ ANT\u0130K TASARIM KADIN \u015eANS KOLYES\u0130 - Astrolog Elvan<\/title>\n<meta name=\"robots\" content=\"index, follow, max-snippet:-1, max-image-preview:large, max-video-preview:-1\" \/>\n<link rel=\"canonical\" href=\"https:\/\/astrologelvan.com\/magaza\/urun\/mavi-topaz-antik-tasarim-kadin-sans-kolyesi\/\" \/>\n<meta property=\"og:locale\" content=\"tr_TR\" \/>\n<meta property=\"og:type\" content=\"article\" \/>\n<meta property=\"og:title\" content=\"MAV\u0130 TOPAZ ANT\u0130K TASARIM KADIN \u015eANS KOLYES\u0130 - Astrolog Elvan\" \/>\n<meta property=\"og:description\" content=\"Mavi Topaz, J\u00fcpiter\u2019in enerjisini hayat\u0131m\u0131za \u00e7ekmeye yarayan en g\u00fc\u00e7l\u00fc ta\u015ft\u0131r. J\u00fcpiter\u2019in konular\u0131 olan; rahatl\u0131k, bereket, ne\u015fe, mutluluk ve \u015fans\u0131 hayat\u0131n\u0131za \u00e7eker. Bu konularda s\u0131k\u0131nt\u0131 ya\u015fayan herkes takmal\u0131d\u0131r.  Antik tasar\u0131m kolye, tamamen g\u00fcm\u00fc\u015f ustalar\u0131m\u0131z\u0131n el eme\u011fidir ve el d\u00f6vmesi usul\u00fcyle at\u00f6lyede tek tek haz\u0131rlanmaktad\u0131r.  Alan herkese, ThetaHealing ile his y\u00fcklemesiyle rahatl\u0131k, ne\u015fe, bereket, mutluluk ve \u015fans\u0131n Yaradan tan\u0131m\u0131 g\u00f6zlemlenir.\" \/>\n<meta property=\"og:url\" content=\"https:\/\/astrologelvan.com\/magaza\/urun\/mavi-topaz-antik-tasarim-kadin-sans-kolyesi\/\" \/>\n<meta property=\"og:site_name\" content=\"Astrolog Elvan\" \/>\n<meta property=\"article:modified_time\" content=\"2026-03-28T22:50:53+00:00\" \/>\n<meta property=\"og:image\" content=\"https:\/\/astrologelvan.com\/magaza\/wp-content\/uploads\/2024\/10\/Untitled-Session0043.jpg\" \/>\n\t<meta property=\"og:image:width\" content=\"591\" \/>\n\t<meta property=\"og:image:height\" content=\"1051\" \/>\n\t<meta property=\"og:image:type\" content=\"image\/jpeg\" \/>\n<meta name=\"twitter:card\" content=\"summary_large_image\" \/>\n<meta name=\"twitter:label1\" content=\"Tahmini okuma s\u00fcresi\" \/>\n\t<meta name=\"twitter:data1\" content=\"1 dakika\" \/>\n<script type=\"application\/ld+json\" class=\"yoast-schema-graph\">{\"@context\":\"https:\\\/\\\/schema.org\",\"@graph\":[{\"@type\":[\"WebPage\",\"ItemPage\"],\"@id\":\"https:\\\/\\\/astrologelvan.com\\\/magaza\\\/urun\\\/mavi-topaz-antik-tasarim-kadin-sans-kolyesi\\\/\",\"url\":\"https:\\\/\\\/astrologelvan.com\\\/magaza\\\/urun\\\/mavi-topaz-antik-tasarim-kadin-sans-kolyesi\\\/\",\"name\":\"MAV\u0130 TOPAZ ANT\u0130K TASARIM KADIN \u015eANS KOLYES\u0130 - Astrolog Elvan\",\"isPartOf\":{\"@id\":\"https:\\\/\\\/astrologelvan.com\\\/magaza\\\/#website\"},\"primaryImageOfPage\":{\"@id\":\"https:\\\/\\\/astrologelvan.com\\\/magaza\\\/urun\\\/mavi-topaz-antik-tasarim-kadin-sans-kolyesi\\\/#primaryimage\"},\"image\":{\"@id\":\"https:\\\/\\\/astrologelvan.com\\\/magaza\\\/urun\\\/mavi-topaz-antik-tasarim-kadin-sans-kolyesi\\\/#primaryimage\"},\"thumbnailUrl\":\"https:\\\/\\\/astrologelvan.com\\\/magaza\\\/wp-content\\\/uploads\\\/2024\\\/10\\\/Untitled-Session0043.jpg\",\"datePublished\":\"2024-10-22T14:44:10+00:00\",\"dateModified\":\"2026-03-28T22:50:53+00:00\",\"breadcrumb\":{\"@id\":\"https:\\\/\\\/astrologelvan.com\\\/magaza\\\/urun\\\/mavi-topaz-antik-tasarim-kadin-sans-kolyesi\\\/#breadcrumb\"},\"inLanguage\":\"tr\",\"potentialAction\":[{\"@type\":\"ReadAction\",\"target\":[\"https:\\\/\\\/astrologelvan.com\\\/magaza\\\/urun\\\/mavi-topaz-antik-tasarim-kadin-sans-kolyesi\\\/\"]}]},{\"@type\":\"ImageObject\",\"inLanguage\":\"tr\",\"@id\":\"https:\\\/\\\/astrologelvan.com\\\/magaza\\\/urun\\\/mavi-topaz-antik-tasarim-kadin-sans-kolyesi\\\/#primaryimage\",\"url\":\"https:\\\/\\\/astrologelvan.com\\\/magaza\\\/wp-content\\\/uploads\\\/2024\\\/10\\\/Untitled-Session0043.jpg\",\"contentUrl\":\"https:\\\/\\\/astrologelvan.com\\\/magaza\\\/wp-content\\\/uploads\\\/2024\\\/10\\\/Untitled-Session0043.jpg\",\"width\":591,\"height\":1051},{\"@type\":\"BreadcrumbList\",\"@id\":\"https:\\\/\\\/astrologelvan.com\\\/magaza\\\/urun\\\/mavi-topaz-antik-tasarim-kadin-sans-kolyesi\\\/#breadcrumb\",\"itemListElement\":[{\"@type\":\"ListItem\",\"position\":1,\"name\":\"Anasayfa\",\"item\":\"https:\\\/\\\/astrologelvan.com\\\/magaza\\\/\"},{\"@type\":\"ListItem\",\"position\":2,\"name\":\"Ma\u011faza\",\"item\":\"https:\\\/\\\/astrologelvan.com\\\/magaza\\\/magaza\\\/\"},{\"@type\":\"ListItem\",\"position\":3,\"name\":\"MAV\u0130 TOPAZ ANT\u0130K TASARIM KADIN \u015eANS KOLYES\u0130\"}]},{\"@type\":\"WebSite\",\"@id\":\"https:\\\/\\\/astrologelvan.com\\\/magaza\\\/#website\",\"url\":\"https:\\\/\\\/astrologelvan.com\\\/magaza\\\/\",\"name\":\"Astrolog Elvan\",\"description\":\"\",\"potentialAction\":[{\"@type\":\"SearchAction\",\"target\":{\"@type\":\"EntryPoint\",\"urlTemplate\":\"https:\\\/\\\/astrologelvan.com\\\/magaza\\\/?s={search_term_string}\"},\"query-input\":{\"@type\":\"PropertyValueSpecification\",\"valueRequired\":true,\"valueName\":\"search_term_string\"}}],\"inLanguage\":\"tr\"}]}<\/script>\n<!-- \/ Yoast SEO plugin. -->","yoast_head_json":{"title":"MAV\u0130 TOPAZ ANT\u0130K TASARIM KADIN \u015eANS KOLYES\u0130 - Astrolog Elvan","robots":{"index":"index","follow":"follow","max-snippet":"max-snippet:-1","max-image-preview":"max-image-preview:large","max-video-preview":"max-video-preview:-1"},"canonical":"https:\/\/astrologelvan.com\/magaza\/urun\/mavi-topaz-antik-tasarim-kadin-sans-kolyesi\/","og_locale":"tr_TR","og_type":"article","og_title":"MAV\u0130 TOPAZ ANT\u0130K TASARIM KADIN \u015eANS KOLYES\u0130 - Astrolog Elvan","og_description":"Mavi Topaz, J\u00fcpiter\u2019in enerjisini hayat\u0131m\u0131za \u00e7ekmeye yarayan en g\u00fc\u00e7l\u00fc ta\u015ft\u0131r. J\u00fcpiter\u2019in konular\u0131 olan; rahatl\u0131k, bereket, ne\u015fe, mutluluk ve \u015fans\u0131 hayat\u0131n\u0131za \u00e7eker. Bu konularda s\u0131k\u0131nt\u0131 ya\u015fayan herkes takmal\u0131d\u0131r.  Antik tasar\u0131m kolye, tamamen g\u00fcm\u00fc\u015f ustalar\u0131m\u0131z\u0131n el eme\u011fidir ve el d\u00f6vmesi usul\u00fcyle at\u00f6lyede tek tek haz\u0131rlanmaktad\u0131r.  Alan herkese, ThetaHealing ile his y\u00fcklemesiyle rahatl\u0131k, ne\u015fe, bereket, mutluluk ve \u015fans\u0131n Yaradan tan\u0131m\u0131 g\u00f6zlemlenir.","og_url":"https:\/\/astrologelvan.com\/magaza\/urun\/mavi-topaz-antik-tasarim-kadin-sans-kolyesi\/","og_site_name":"Astrolog Elvan","article_modified_time":"2026-03-28T22:50:53+00:00","og_image":[{"width":591,"height":1051,"url":"https:\/\/astrologelvan.com\/magaza\/wp-content\/uploads\/2024\/10\/Untitled-Session0043.jpg","type":"image\/jpeg"}],"twitter_card":"summary_large_image","twitter_misc":{"Tahmini okuma s\u00fcresi":"1 dakika"},"schema":{"@context":"https:\/\/schema.org","@graph":[{"@type":["WebPage","ItemPage"],"@id":"https:\/\/astrologelvan.com\/magaza\/urun\/mavi-topaz-antik-tasarim-kadin-sans-kolyesi\/","url":"https:\/\/astrologelvan.com\/magaza\/urun\/mavi-topaz-antik-tasarim-kadin-sans-kolyesi\/","name":"MAV\u0130 TOPAZ ANT\u0130K TASARIM KADIN \u015eANS KOLYES\u0130 - Astrolog Elvan","isPartOf":{"@id":"https:\/\/astrologelvan.com\/magaza\/#website"},"primaryImageOfPage":{"@id":"https:\/\/astrologelvan.com\/magaza\/urun\/mavi-topaz-antik-tasarim-kadin-sans-kolyesi\/#primaryimage"},"image":{"@id":"https:\/\/astrologelvan.com\/magaza\/urun\/mavi-topaz-antik-tasarim-kadin-sans-kolyesi\/#primaryimage"},"thumbnailUrl":"https:\/\/astrologelvan.com\/magaza\/wp-content\/uploads\/2024\/10\/Untitled-Session0043.jpg","datePublished":"2024-10-22T14:44:10+00:00","dateModified":"2026-03-28T22:50:53+00:00","breadcrumb":{"@id":"https:\/\/astrologelvan.com\/magaza\/urun\/mavi-topaz-antik-tasarim-kadin-sans-kolyesi\/#breadcrumb"},"inLanguage":"tr","potentialAction":[{"@type":"ReadAction","target":["https:\/\/astrologelvan.com\/magaza\/urun\/mavi-topaz-antik-tasarim-kadin-sans-kolyesi\/"]}]},{"@type":"ImageObject","inLanguage":"tr","@id":"https:\/\/astrologelvan.com\/magaza\/urun\/mavi-topaz-antik-tasarim-kadin-sans-kolyesi\/#primaryimage","url":"https:\/\/astrologelvan.com\/magaza\/wp-content\/uploads\/2024\/10\/Untitled-Session0043.jpg","contentUrl":"https:\/\/astrologelvan.com\/magaza\/wp-content\/uploads\/2024\/10\/Untitled-Session0043.jpg","width":591,"height":1051},{"@type":"BreadcrumbList","@id":"https:\/\/astrologelvan.com\/magaza\/urun\/mavi-topaz-antik-tasarim-kadin-sans-kolyesi\/#breadcrumb","itemListElement":[{"@type":"ListItem","position":1,"name":"Anasayfa","item":"https:\/\/astrologelvan.com\/magaza\/"},{"@type":"ListItem","position":2,"name":"Ma\u011faza","item":"https:\/\/astrologelvan.com\/magaza\/magaza\/"},{"@type":"ListItem","position":3,"name":"MAV\u0130 TOPAZ ANT\u0130K TASARIM KADIN \u015eANS KOLYES\u0130"}]},{"@type":"WebSite","@id":"https:\/\/astrologelvan.com\/magaza\/#website","url":"https:\/\/astrologelvan.com\/magaza\/","name":"Astrolog Elvan","description":"","potentialAction":[{"@type":"SearchAction","target":{"@type":"EntryPoint","urlTemplate":"https:\/\/astrologelvan.com\/magaza\/?s={search_term_string}"},"query-input":{"@type":"PropertyValueSpecification","valueRequired":true,"valueName":"search_term_string"}}],"inLanguage":"tr"}]}},"_links":{"self":[{"href":"https:\/\/astrologelvan.com\/magaza\/wp-json\/wp\/v2\/product\/17446","targetHints":{"allow":["GET"]}}],"collection":[{"href":"https:\/\/astrologelvan.com\/magaza\/wp-json\/wp\/v2\/product"}],"about":[{"href":"https:\/\/astrologelvan.com\/magaza\/wp-json\/wp\/v2\/types\/product"}],"replies":[{"embeddable":true,"href":"https:\/\/astrologelvan.com\/magaza\/wp-json\/wp\/v2\/comments?post=17446"}],"wp:featuredmedia":[{"embeddable":true,"href":"https:\/\/astrologelvan.com\/magaza\/wp-json\/wp\/v2\/media\/93651"}],"wp:attachment":[{"href":"https:\/\/astrologelvan.com\/magaza\/wp-json\/wp\/v2\/media?parent=17446"}],"wp:term":[{"taxonomy":"product_brand","embeddable":true,"href":"https:\/\/astrologelvan.com\/magaza\/wp-json\/wp\/v2\/product_brand?post=17446"},{"taxonomy":"product_cat","embeddable":true,"href":"https:\/\/astrologelvan.com\/magaza\/wp-json\/wp\/v2\/product_cat?post=17446"},{"taxonomy":"product_tag","embeddable":true,"href":"https:\/\/astrologelvan.com\/magaza\/wp-json\/wp\/v2\/product_tag?post=17446"}],"curies":[{"name":"wp","href":"https:\/\/api.w.org\/{rel}","templated":true}]}}