{"id":168955,"date":"2026-03-05T18:41:42","date_gmt":"2026-03-05T15:41:42","guid":{"rendered":"https:\/\/astrologelvan.com\/magaza\/?post_type=product&#038;p=168955"},"modified":"2026-03-12T17:57:23","modified_gmt":"2026-03-12T14:57:23","slug":"33luk-selenit-tesbih","status":"publish","type":"product","link":"https:\/\/astrologelvan.com\/magaza\/urun\/33luk-selenit-tesbih\/","title":{"rendered":"33\u2019l\u00fck Selenit Tesbih"},"content":{"rendered":"","protected":false},"excerpt":{"rendered":"<p>Ay \u0131\u015f\u0131\u011f\u0131n\u0131n saf ve dingin enerjisini ta\u015f\u0131yan Selenit ta\u015f\u0131, ad\u0131n\u0131 Ay tanr\u0131\u00e7as\u0131 Selene\u2019den al\u0131r. Y\u00fczy\u0131llard\u0131r ar\u0131nma, huzur ve enerji temizli\u011fi i\u00e7in kullan\u0131lan en \u00f6zel ta\u015flardan biridir.<\/p>\n<p>Selenit, di\u011fer do\u011fal ta\u015flar\u0131 tek ba\u015f\u0131na temizleyebilen \u00f6zel bir ta\u015ft\u0131r.<\/p>\n<p>Selenit olduk\u00e7a hassas bir ta\u015ft\u0131r.<br \/>\n\u00c7arpma ve darbelere kar\u015f\u0131 dikkatli kullan\u0131lmal\u0131d\u0131r; yap\u0131s\u0131 gere\u011fi k\u0131r\u0131labilir.<\/p>\n","protected":false},"featured_media":168956,"comment_status":"open","ping_status":"closed","template":"","meta":[],"product_brand":[596],"product_cat":[422,9602],"product_tag":[],"class_list":{"0":"post-168955","1":"product","2":"type-product","3":"status-publish","4":"has-post-thumbnail","6":"product_brand-astrolog-elvan","7":"product_cat-selenit-tasi","8":"product_cat-tesbih","10":"first","11":"instock","12":"taxable","13":"shipping-taxable","14":"purchasable","15":"product-type-simple"},"yoast_head":"<!-- This site is optimized with the Yoast SEO plugin v27.3 - https:\/\/yoast.com\/product\/yoast-seo-wordpress\/ -->\n<title>33\u2019l\u00fck Selenit Tesbih - Astrolog Elvan<\/title>\n<meta name=\"robots\" content=\"index, follow, max-snippet:-1, max-image-preview:large, max-video-preview:-1\" \/>\n<link rel=\"canonical\" href=\"https:\/\/astrologelvan.com\/magaza\/urun\/33luk-selenit-tesbih\/\" \/>\n<meta property=\"og:locale\" content=\"tr_TR\" \/>\n<meta property=\"og:type\" content=\"article\" \/>\n<meta property=\"og:title\" content=\"33\u2019l\u00fck Selenit Tesbih - Astrolog Elvan\" \/>\n<meta property=\"og:description\" content=\"Ay \u0131\u015f\u0131\u011f\u0131n\u0131n saf ve dingin enerjisini ta\u015f\u0131yan Selenit ta\u015f\u0131, ad\u0131n\u0131 Ay tanr\u0131\u00e7as\u0131 Selene\u2019den al\u0131r. Y\u00fczy\u0131llard\u0131r ar\u0131nma, huzur ve enerji temizli\u011fi i\u00e7in kullan\u0131lan en \u00f6zel ta\u015flardan biridir.  Selenit, di\u011fer do\u011fal ta\u015flar\u0131 tek ba\u015f\u0131na temizleyebilen \u00f6zel bir ta\u015ft\u0131r.  Selenit olduk\u00e7a hassas bir ta\u015ft\u0131r. \u00c7arpma ve darbelere kar\u015f\u0131 dikkatli kullan\u0131lmal\u0131d\u0131r; yap\u0131s\u0131 gere\u011fi k\u0131r\u0131labilir.\" \/>\n<meta property=\"og:url\" content=\"https:\/\/astrologelvan.com\/magaza\/urun\/33luk-selenit-tesbih\/\" \/>\n<meta property=\"og:site_name\" content=\"Astrolog Elvan\" \/>\n<meta property=\"article:modified_time\" content=\"2026-03-12T14:57:23+00:00\" \/>\n<meta property=\"og:image\" content=\"https:\/\/astrologelvan.com\/magaza\/wp-content\/uploads\/2026\/03\/selenit-tesbih.png\" \/>\n\t<meta property=\"og:image:width\" content=\"1024\" \/>\n\t<meta property=\"og:image:height\" content=\"1536\" \/>\n\t<meta property=\"og:image:type\" content=\"image\/png\" \/>\n<meta name=\"twitter:card\" content=\"summary_large_image\" \/>\n<meta name=\"twitter:label1\" content=\"Tahmini okuma s\u00fcresi\" \/>\n\t<meta name=\"twitter:data1\" content=\"1 dakika\" \/>\n<script type=\"application\/ld+json\" class=\"yoast-schema-graph\">{\"@context\":\"https:\\\/\\\/schema.org\",\"@graph\":[{\"@type\":[\"WebPage\",\"ItemPage\"],\"@id\":\"https:\\\/\\\/astrologelvan.com\\\/magaza\\\/urun\\\/33luk-selenit-tesbih\\\/\",\"url\":\"https:\\\/\\\/astrologelvan.com\\\/magaza\\\/urun\\\/33luk-selenit-tesbih\\\/\",\"name\":\"33\u2019l\u00fck Selenit Tesbih - Astrolog Elvan\",\"isPartOf\":{\"@id\":\"https:\\\/\\\/astrologelvan.com\\\/magaza\\\/#website\"},\"primaryImageOfPage\":{\"@id\":\"https:\\\/\\\/astrologelvan.com\\\/magaza\\\/urun\\\/33luk-selenit-tesbih\\\/#primaryimage\"},\"image\":{\"@id\":\"https:\\\/\\\/astrologelvan.com\\\/magaza\\\/urun\\\/33luk-selenit-tesbih\\\/#primaryimage\"},\"thumbnailUrl\":\"https:\\\/\\\/astrologelvan.com\\\/magaza\\\/wp-content\\\/uploads\\\/2026\\\/03\\\/selenit-tesbih.png\",\"datePublished\":\"2026-03-05T15:41:42+00:00\",\"dateModified\":\"2026-03-12T14:57:23+00:00\",\"breadcrumb\":{\"@id\":\"https:\\\/\\\/astrologelvan.com\\\/magaza\\\/urun\\\/33luk-selenit-tesbih\\\/#breadcrumb\"},\"inLanguage\":\"tr\",\"potentialAction\":[{\"@type\":\"ReadAction\",\"target\":[\"https:\\\/\\\/astrologelvan.com\\\/magaza\\\/urun\\\/33luk-selenit-tesbih\\\/\"]}]},{\"@type\":\"ImageObject\",\"inLanguage\":\"tr\",\"@id\":\"https:\\\/\\\/astrologelvan.com\\\/magaza\\\/urun\\\/33luk-selenit-tesbih\\\/#primaryimage\",\"url\":\"https:\\\/\\\/astrologelvan.com\\\/magaza\\\/wp-content\\\/uploads\\\/2026\\\/03\\\/selenit-tesbih.png\",\"contentUrl\":\"https:\\\/\\\/astrologelvan.com\\\/magaza\\\/wp-content\\\/uploads\\\/2026\\\/03\\\/selenit-tesbih.png\",\"width\":1024,\"height\":1536},{\"@type\":\"BreadcrumbList\",\"@id\":\"https:\\\/\\\/astrologelvan.com\\\/magaza\\\/urun\\\/33luk-selenit-tesbih\\\/#breadcrumb\",\"itemListElement\":[{\"@type\":\"ListItem\",\"position\":1,\"name\":\"Anasayfa\",\"item\":\"https:\\\/\\\/astrologelvan.com\\\/magaza\\\/\"},{\"@type\":\"ListItem\",\"position\":2,\"name\":\"Ma\u011faza\",\"item\":\"https:\\\/\\\/astrologelvan.com\\\/magaza\\\/magaza\\\/\"},{\"@type\":\"ListItem\",\"position\":3,\"name\":\"33\u2019l\u00fck Selenit Tesbih\"}]},{\"@type\":\"WebSite\",\"@id\":\"https:\\\/\\\/astrologelvan.com\\\/magaza\\\/#website\",\"url\":\"https:\\\/\\\/astrologelvan.com\\\/magaza\\\/\",\"name\":\"Astrolog Elvan\",\"description\":\"\",\"potentialAction\":[{\"@type\":\"SearchAction\",\"target\":{\"@type\":\"EntryPoint\",\"urlTemplate\":\"https:\\\/\\\/astrologelvan.com\\\/magaza\\\/?s={search_term_string}\"},\"query-input\":{\"@type\":\"PropertyValueSpecification\",\"valueRequired\":true,\"valueName\":\"search_term_string\"}}],\"inLanguage\":\"tr\"}]}<\/script>\n<!-- \/ Yoast SEO plugin. -->","yoast_head_json":{"title":"33\u2019l\u00fck Selenit Tesbih - Astrolog Elvan","robots":{"index":"index","follow":"follow","max-snippet":"max-snippet:-1","max-image-preview":"max-image-preview:large","max-video-preview":"max-video-preview:-1"},"canonical":"https:\/\/astrologelvan.com\/magaza\/urun\/33luk-selenit-tesbih\/","og_locale":"tr_TR","og_type":"article","og_title":"33\u2019l\u00fck Selenit Tesbih - Astrolog Elvan","og_description":"Ay \u0131\u015f\u0131\u011f\u0131n\u0131n saf ve dingin enerjisini ta\u015f\u0131yan Selenit ta\u015f\u0131, ad\u0131n\u0131 Ay tanr\u0131\u00e7as\u0131 Selene\u2019den al\u0131r. Y\u00fczy\u0131llard\u0131r ar\u0131nma, huzur ve enerji temizli\u011fi i\u00e7in kullan\u0131lan en \u00f6zel ta\u015flardan biridir.  Selenit, di\u011fer do\u011fal ta\u015flar\u0131 tek ba\u015f\u0131na temizleyebilen \u00f6zel bir ta\u015ft\u0131r.  Selenit olduk\u00e7a hassas bir ta\u015ft\u0131r. \u00c7arpma ve darbelere kar\u015f\u0131 dikkatli kullan\u0131lmal\u0131d\u0131r; yap\u0131s\u0131 gere\u011fi k\u0131r\u0131labilir.","og_url":"https:\/\/astrologelvan.com\/magaza\/urun\/33luk-selenit-tesbih\/","og_site_name":"Astrolog Elvan","article_modified_time":"2026-03-12T14:57:23+00:00","og_image":[{"width":1024,"height":1536,"url":"https:\/\/astrologelvan.com\/magaza\/wp-content\/uploads\/2026\/03\/selenit-tesbih.png","type":"image\/png"}],"twitter_card":"summary_large_image","twitter_misc":{"Tahmini okuma s\u00fcresi":"1 dakika"},"schema":{"@context":"https:\/\/schema.org","@graph":[{"@type":["WebPage","ItemPage"],"@id":"https:\/\/astrologelvan.com\/magaza\/urun\/33luk-selenit-tesbih\/","url":"https:\/\/astrologelvan.com\/magaza\/urun\/33luk-selenit-tesbih\/","name":"33\u2019l\u00fck Selenit Tesbih - Astrolog Elvan","isPartOf":{"@id":"https:\/\/astrologelvan.com\/magaza\/#website"},"primaryImageOfPage":{"@id":"https:\/\/astrologelvan.com\/magaza\/urun\/33luk-selenit-tesbih\/#primaryimage"},"image":{"@id":"https:\/\/astrologelvan.com\/magaza\/urun\/33luk-selenit-tesbih\/#primaryimage"},"thumbnailUrl":"https:\/\/astrologelvan.com\/magaza\/wp-content\/uploads\/2026\/03\/selenit-tesbih.png","datePublished":"2026-03-05T15:41:42+00:00","dateModified":"2026-03-12T14:57:23+00:00","breadcrumb":{"@id":"https:\/\/astrologelvan.com\/magaza\/urun\/33luk-selenit-tesbih\/#breadcrumb"},"inLanguage":"tr","potentialAction":[{"@type":"ReadAction","target":["https:\/\/astrologelvan.com\/magaza\/urun\/33luk-selenit-tesbih\/"]}]},{"@type":"ImageObject","inLanguage":"tr","@id":"https:\/\/astrologelvan.com\/magaza\/urun\/33luk-selenit-tesbih\/#primaryimage","url":"https:\/\/astrologelvan.com\/magaza\/wp-content\/uploads\/2026\/03\/selenit-tesbih.png","contentUrl":"https:\/\/astrologelvan.com\/magaza\/wp-content\/uploads\/2026\/03\/selenit-tesbih.png","width":1024,"height":1536},{"@type":"BreadcrumbList","@id":"https:\/\/astrologelvan.com\/magaza\/urun\/33luk-selenit-tesbih\/#breadcrumb","itemListElement":[{"@type":"ListItem","position":1,"name":"Anasayfa","item":"https:\/\/astrologelvan.com\/magaza\/"},{"@type":"ListItem","position":2,"name":"Ma\u011faza","item":"https:\/\/astrologelvan.com\/magaza\/magaza\/"},{"@type":"ListItem","position":3,"name":"33\u2019l\u00fck Selenit Tesbih"}]},{"@type":"WebSite","@id":"https:\/\/astrologelvan.com\/magaza\/#website","url":"https:\/\/astrologelvan.com\/magaza\/","name":"Astrolog Elvan","description":"","potentialAction":[{"@type":"SearchAction","target":{"@type":"EntryPoint","urlTemplate":"https:\/\/astrologelvan.com\/magaza\/?s={search_term_string}"},"query-input":{"@type":"PropertyValueSpecification","valueRequired":true,"valueName":"search_term_string"}}],"inLanguage":"tr"}]}},"_links":{"self":[{"href":"https:\/\/astrologelvan.com\/magaza\/wp-json\/wp\/v2\/product\/168955","targetHints":{"allow":["GET"]}}],"collection":[{"href":"https:\/\/astrologelvan.com\/magaza\/wp-json\/wp\/v2\/product"}],"about":[{"href":"https:\/\/astrologelvan.com\/magaza\/wp-json\/wp\/v2\/types\/product"}],"replies":[{"embeddable":true,"href":"https:\/\/astrologelvan.com\/magaza\/wp-json\/wp\/v2\/comments?post=168955"}],"wp:featuredmedia":[{"embeddable":true,"href":"https:\/\/astrologelvan.com\/magaza\/wp-json\/wp\/v2\/media\/168956"}],"wp:attachment":[{"href":"https:\/\/astrologelvan.com\/magaza\/wp-json\/wp\/v2\/media?parent=168955"}],"wp:term":[{"taxonomy":"product_brand","embeddable":true,"href":"https:\/\/astrologelvan.com\/magaza\/wp-json\/wp\/v2\/product_brand?post=168955"},{"taxonomy":"product_cat","embeddable":true,"href":"https:\/\/astrologelvan.com\/magaza\/wp-json\/wp\/v2\/product_cat?post=168955"},{"taxonomy":"product_tag","embeddable":true,"href":"https:\/\/astrologelvan.com\/magaza\/wp-json\/wp\/v2\/product_tag?post=168955"}],"curies":[{"name":"wp","href":"https:\/\/api.w.org\/{rel}","templated":true}]}}