{"id":149590,"date":"2026-01-22T17:20:39","date_gmt":"2026-01-22T14:20:39","guid":{"rendered":"https:\/\/astrologelvan.com\/magaza\/?post_type=product&#038;p=149590"},"modified":"2026-02-14T14:53:51","modified_gmt":"2026-02-14T11:53:51","slug":"lotus-kolye-ucu-925-ayar-gumus-uzeri-altin-kaplama-2","status":"publish","type":"product","link":"https:\/\/astrologelvan.com\/magaza\/urun\/lotus-kolye-ucu-925-ayar-gumus-uzeri-altin-kaplama-2\/","title":{"rendered":"LOTUS KOLYE UCU | 925 AYAR G\u00dcM\u00dc\u015e \u00dcZER\u0130 ALTIN KAPLAMA"},"content":{"rendered":"","protected":false},"excerpt":{"rendered":"<p>Lotus ve koruyucu eller sembol\u00fc; ruhsal uyan\u0131\u015f\u0131, i\u00e7sel g\u00fcc\u00fc ve ilahi korumay\u0131 temsil eder. Zorluklardan g\u00fc\u00e7lenerek \u00e7\u0131kmay\u0131, kalp enerjisini ve \u015fefkatle desteklenen yeni ba\u015flang\u0131\u00e7lar\u0131 simgeler. Arka taraf\u0131ndaki Om sembol\u00fc ise evrensel ya\u015fam frekans\u0131n\u0131, zihinsel sakinli\u011fi ve ruh\u2013beden dengesini ifade eder; meditasyon ve fark\u0131ndal\u0131k enerjisini y\u00fckseltti\u011fine inan\u0131l\u0131r.<\/p>\n<p>\u00d6n ve arka y\u00fcz\u00fcnde ta\u015f\u0131d\u0131\u011f\u0131 bu anlaml\u0131 sembollerle kolye, g\u00fcnl\u00fck kullan\u0131mda niyetini hat\u0131rlatan, i\u00e7 huzur ve dengeyi destekleyen g\u00fc\u00e7l\u00fc bir spirit\u00fcel tamamlay\u0131c\u0131d\u0131r.<\/p>\n<p>\u2728 \u00dcr\u00fcn \u00d6zellikleri<br \/>\n2,56 gr 925 Ayar G\u00fcm\u00fc\u015f<\/p>\n","protected":false},"featured_media":149570,"comment_status":"open","ping_status":"closed","template":"","meta":[],"product_brand":[596],"product_cat":[522,9561],"product_tag":[],"class_list":{"0":"post-149590","1":"product","2":"type-product","3":"status-publish","4":"has-post-thumbnail","6":"product_brand-astrolog-elvan","7":"product_cat-kolye-ucu","8":"product_cat-mistik-hazineler-koleksiyonu","10":"first","11":"instock","12":"purchasable","13":"product-type-simple"},"yoast_head":"<!-- This site is optimized with the Yoast SEO plugin v27.3 - https:\/\/yoast.com\/product\/yoast-seo-wordpress\/ -->\n<title>LOTUS KOLYE UCU | 925 AYAR G\u00dcM\u00dc\u015e \u00dcZER\u0130 ALTIN KAPLAMA - Astrolog Elvan<\/title>\n<meta name=\"robots\" content=\"index, follow, max-snippet:-1, max-image-preview:large, max-video-preview:-1\" \/>\n<link rel=\"canonical\" href=\"https:\/\/astrologelvan.com\/magaza\/urun\/lotus-kolye-ucu-925-ayar-gumus-uzeri-altin-kaplama-2\/\" \/>\n<meta property=\"og:locale\" content=\"tr_TR\" \/>\n<meta property=\"og:type\" content=\"article\" \/>\n<meta property=\"og:title\" content=\"LOTUS KOLYE UCU | 925 AYAR G\u00dcM\u00dc\u015e \u00dcZER\u0130 ALTIN KAPLAMA - Astrolog Elvan\" \/>\n<meta property=\"og:description\" content=\"Lotus ve koruyucu eller sembol\u00fc; ruhsal uyan\u0131\u015f\u0131, i\u00e7sel g\u00fcc\u00fc ve ilahi korumay\u0131 temsil eder. Zorluklardan g\u00fc\u00e7lenerek \u00e7\u0131kmay\u0131, kalp enerjisini ve \u015fefkatle desteklenen yeni ba\u015flang\u0131\u00e7lar\u0131 simgeler. Arka taraf\u0131ndaki Om sembol\u00fc ise evrensel ya\u015fam frekans\u0131n\u0131, zihinsel sakinli\u011fi ve ruh\u2013beden dengesini ifade eder; meditasyon ve fark\u0131ndal\u0131k enerjisini y\u00fckseltti\u011fine inan\u0131l\u0131r.  \u00d6n ve arka y\u00fcz\u00fcnde ta\u015f\u0131d\u0131\u011f\u0131 bu anlaml\u0131 sembollerle kolye, g\u00fcnl\u00fck kullan\u0131mda niyetini hat\u0131rlatan, i\u00e7 huzur ve dengeyi destekleyen g\u00fc\u00e7l\u00fc bir spirit\u00fcel tamamlay\u0131c\u0131d\u0131r.  \u2728 \u00dcr\u00fcn \u00d6zellikleri 2,56 gr 925 Ayar G\u00fcm\u00fc\u015f\" \/>\n<meta property=\"og:url\" content=\"https:\/\/astrologelvan.com\/magaza\/urun\/lotus-kolye-ucu-925-ayar-gumus-uzeri-altin-kaplama-2\/\" \/>\n<meta property=\"og:site_name\" content=\"Astrolog Elvan\" \/>\n<meta property=\"article:modified_time\" content=\"2026-02-14T11:53:51+00:00\" \/>\n<meta property=\"og:image\" content=\"https:\/\/astrologelvan.com\/magaza\/wp-content\/uploads\/2026\/01\/Lotus-1.-Foto.webp\" \/>\n\t<meta property=\"og:image:width\" content=\"1024\" \/>\n\t<meta property=\"og:image:height\" content=\"1536\" \/>\n\t<meta property=\"og:image:type\" content=\"image\/webp\" \/>\n<meta name=\"twitter:card\" content=\"summary_large_image\" \/>\n<meta name=\"twitter:label1\" content=\"Tahmini okuma s\u00fcresi\" \/>\n\t<meta name=\"twitter:data1\" content=\"1 dakika\" \/>\n<script type=\"application\/ld+json\" class=\"yoast-schema-graph\">{\"@context\":\"https:\\\/\\\/schema.org\",\"@graph\":[{\"@type\":[\"WebPage\",\"ItemPage\"],\"@id\":\"https:\\\/\\\/astrologelvan.com\\\/magaza\\\/urun\\\/lotus-kolye-ucu-925-ayar-gumus-uzeri-altin-kaplama-2\\\/\",\"url\":\"https:\\\/\\\/astrologelvan.com\\\/magaza\\\/urun\\\/lotus-kolye-ucu-925-ayar-gumus-uzeri-altin-kaplama-2\\\/\",\"name\":\"LOTUS KOLYE UCU | 925 AYAR G\u00dcM\u00dc\u015e \u00dcZER\u0130 ALTIN KAPLAMA - Astrolog Elvan\",\"isPartOf\":{\"@id\":\"https:\\\/\\\/astrologelvan.com\\\/magaza\\\/#website\"},\"primaryImageOfPage\":{\"@id\":\"https:\\\/\\\/astrologelvan.com\\\/magaza\\\/urun\\\/lotus-kolye-ucu-925-ayar-gumus-uzeri-altin-kaplama-2\\\/#primaryimage\"},\"image\":{\"@id\":\"https:\\\/\\\/astrologelvan.com\\\/magaza\\\/urun\\\/lotus-kolye-ucu-925-ayar-gumus-uzeri-altin-kaplama-2\\\/#primaryimage\"},\"thumbnailUrl\":\"https:\\\/\\\/astrologelvan.com\\\/magaza\\\/wp-content\\\/uploads\\\/2026\\\/01\\\/Lotus-1.-Foto.webp\",\"datePublished\":\"2026-01-22T14:20:39+00:00\",\"dateModified\":\"2026-02-14T11:53:51+00:00\",\"breadcrumb\":{\"@id\":\"https:\\\/\\\/astrologelvan.com\\\/magaza\\\/urun\\\/lotus-kolye-ucu-925-ayar-gumus-uzeri-altin-kaplama-2\\\/#breadcrumb\"},\"inLanguage\":\"tr\",\"potentialAction\":[{\"@type\":\"ReadAction\",\"target\":[\"https:\\\/\\\/astrologelvan.com\\\/magaza\\\/urun\\\/lotus-kolye-ucu-925-ayar-gumus-uzeri-altin-kaplama-2\\\/\"]}]},{\"@type\":\"ImageObject\",\"inLanguage\":\"tr\",\"@id\":\"https:\\\/\\\/astrologelvan.com\\\/magaza\\\/urun\\\/lotus-kolye-ucu-925-ayar-gumus-uzeri-altin-kaplama-2\\\/#primaryimage\",\"url\":\"https:\\\/\\\/astrologelvan.com\\\/magaza\\\/wp-content\\\/uploads\\\/2026\\\/01\\\/Lotus-1.-Foto.webp\",\"contentUrl\":\"https:\\\/\\\/astrologelvan.com\\\/magaza\\\/wp-content\\\/uploads\\\/2026\\\/01\\\/Lotus-1.-Foto.webp\",\"width\":1024,\"height\":1536},{\"@type\":\"BreadcrumbList\",\"@id\":\"https:\\\/\\\/astrologelvan.com\\\/magaza\\\/urun\\\/lotus-kolye-ucu-925-ayar-gumus-uzeri-altin-kaplama-2\\\/#breadcrumb\",\"itemListElement\":[{\"@type\":\"ListItem\",\"position\":1,\"name\":\"Anasayfa\",\"item\":\"https:\\\/\\\/astrologelvan.com\\\/magaza\\\/\"},{\"@type\":\"ListItem\",\"position\":2,\"name\":\"Ma\u011faza\",\"item\":\"https:\\\/\\\/astrologelvan.com\\\/magaza\\\/magaza\\\/\"},{\"@type\":\"ListItem\",\"position\":3,\"name\":\"LOTUS KOLYE UCU | 925 AYAR G\u00dcM\u00dc\u015e \u00dcZER\u0130 ALTIN KAPLAMA\"}]},{\"@type\":\"WebSite\",\"@id\":\"https:\\\/\\\/astrologelvan.com\\\/magaza\\\/#website\",\"url\":\"https:\\\/\\\/astrologelvan.com\\\/magaza\\\/\",\"name\":\"Astrolog Elvan\",\"description\":\"\",\"potentialAction\":[{\"@type\":\"SearchAction\",\"target\":{\"@type\":\"EntryPoint\",\"urlTemplate\":\"https:\\\/\\\/astrologelvan.com\\\/magaza\\\/?s={search_term_string}\"},\"query-input\":{\"@type\":\"PropertyValueSpecification\",\"valueRequired\":true,\"valueName\":\"search_term_string\"}}],\"inLanguage\":\"tr\"}]}<\/script>\n<!-- \/ Yoast SEO plugin. -->","yoast_head_json":{"title":"LOTUS KOLYE UCU | 925 AYAR G\u00dcM\u00dc\u015e \u00dcZER\u0130 ALTIN KAPLAMA - Astrolog Elvan","robots":{"index":"index","follow":"follow","max-snippet":"max-snippet:-1","max-image-preview":"max-image-preview:large","max-video-preview":"max-video-preview:-1"},"canonical":"https:\/\/astrologelvan.com\/magaza\/urun\/lotus-kolye-ucu-925-ayar-gumus-uzeri-altin-kaplama-2\/","og_locale":"tr_TR","og_type":"article","og_title":"LOTUS KOLYE UCU | 925 AYAR G\u00dcM\u00dc\u015e \u00dcZER\u0130 ALTIN KAPLAMA - Astrolog Elvan","og_description":"Lotus ve koruyucu eller sembol\u00fc; ruhsal uyan\u0131\u015f\u0131, i\u00e7sel g\u00fcc\u00fc ve ilahi korumay\u0131 temsil eder. Zorluklardan g\u00fc\u00e7lenerek \u00e7\u0131kmay\u0131, kalp enerjisini ve \u015fefkatle desteklenen yeni ba\u015flang\u0131\u00e7lar\u0131 simgeler. Arka taraf\u0131ndaki Om sembol\u00fc ise evrensel ya\u015fam frekans\u0131n\u0131, zihinsel sakinli\u011fi ve ruh\u2013beden dengesini ifade eder; meditasyon ve fark\u0131ndal\u0131k enerjisini y\u00fckseltti\u011fine inan\u0131l\u0131r.  \u00d6n ve arka y\u00fcz\u00fcnde ta\u015f\u0131d\u0131\u011f\u0131 bu anlaml\u0131 sembollerle kolye, g\u00fcnl\u00fck kullan\u0131mda niyetini hat\u0131rlatan, i\u00e7 huzur ve dengeyi destekleyen g\u00fc\u00e7l\u00fc bir spirit\u00fcel tamamlay\u0131c\u0131d\u0131r.  \u2728 \u00dcr\u00fcn \u00d6zellikleri 2,56 gr 925 Ayar G\u00fcm\u00fc\u015f","og_url":"https:\/\/astrologelvan.com\/magaza\/urun\/lotus-kolye-ucu-925-ayar-gumus-uzeri-altin-kaplama-2\/","og_site_name":"Astrolog Elvan","article_modified_time":"2026-02-14T11:53:51+00:00","og_image":[{"width":1024,"height":1536,"url":"https:\/\/astrologelvan.com\/magaza\/wp-content\/uploads\/2026\/01\/Lotus-1.-Foto.webp","type":"image\/webp"}],"twitter_card":"summary_large_image","twitter_misc":{"Tahmini okuma s\u00fcresi":"1 dakika"},"schema":{"@context":"https:\/\/schema.org","@graph":[{"@type":["WebPage","ItemPage"],"@id":"https:\/\/astrologelvan.com\/magaza\/urun\/lotus-kolye-ucu-925-ayar-gumus-uzeri-altin-kaplama-2\/","url":"https:\/\/astrologelvan.com\/magaza\/urun\/lotus-kolye-ucu-925-ayar-gumus-uzeri-altin-kaplama-2\/","name":"LOTUS KOLYE UCU | 925 AYAR G\u00dcM\u00dc\u015e \u00dcZER\u0130 ALTIN KAPLAMA - Astrolog Elvan","isPartOf":{"@id":"https:\/\/astrologelvan.com\/magaza\/#website"},"primaryImageOfPage":{"@id":"https:\/\/astrologelvan.com\/magaza\/urun\/lotus-kolye-ucu-925-ayar-gumus-uzeri-altin-kaplama-2\/#primaryimage"},"image":{"@id":"https:\/\/astrologelvan.com\/magaza\/urun\/lotus-kolye-ucu-925-ayar-gumus-uzeri-altin-kaplama-2\/#primaryimage"},"thumbnailUrl":"https:\/\/astrologelvan.com\/magaza\/wp-content\/uploads\/2026\/01\/Lotus-1.-Foto.webp","datePublished":"2026-01-22T14:20:39+00:00","dateModified":"2026-02-14T11:53:51+00:00","breadcrumb":{"@id":"https:\/\/astrologelvan.com\/magaza\/urun\/lotus-kolye-ucu-925-ayar-gumus-uzeri-altin-kaplama-2\/#breadcrumb"},"inLanguage":"tr","potentialAction":[{"@type":"ReadAction","target":["https:\/\/astrologelvan.com\/magaza\/urun\/lotus-kolye-ucu-925-ayar-gumus-uzeri-altin-kaplama-2\/"]}]},{"@type":"ImageObject","inLanguage":"tr","@id":"https:\/\/astrologelvan.com\/magaza\/urun\/lotus-kolye-ucu-925-ayar-gumus-uzeri-altin-kaplama-2\/#primaryimage","url":"https:\/\/astrologelvan.com\/magaza\/wp-content\/uploads\/2026\/01\/Lotus-1.-Foto.webp","contentUrl":"https:\/\/astrologelvan.com\/magaza\/wp-content\/uploads\/2026\/01\/Lotus-1.-Foto.webp","width":1024,"height":1536},{"@type":"BreadcrumbList","@id":"https:\/\/astrologelvan.com\/magaza\/urun\/lotus-kolye-ucu-925-ayar-gumus-uzeri-altin-kaplama-2\/#breadcrumb","itemListElement":[{"@type":"ListItem","position":1,"name":"Anasayfa","item":"https:\/\/astrologelvan.com\/magaza\/"},{"@type":"ListItem","position":2,"name":"Ma\u011faza","item":"https:\/\/astrologelvan.com\/magaza\/magaza\/"},{"@type":"ListItem","position":3,"name":"LOTUS KOLYE UCU | 925 AYAR G\u00dcM\u00dc\u015e \u00dcZER\u0130 ALTIN KAPLAMA"}]},{"@type":"WebSite","@id":"https:\/\/astrologelvan.com\/magaza\/#website","url":"https:\/\/astrologelvan.com\/magaza\/","name":"Astrolog Elvan","description":"","potentialAction":[{"@type":"SearchAction","target":{"@type":"EntryPoint","urlTemplate":"https:\/\/astrologelvan.com\/magaza\/?s={search_term_string}"},"query-input":{"@type":"PropertyValueSpecification","valueRequired":true,"valueName":"search_term_string"}}],"inLanguage":"tr"}]}},"_links":{"self":[{"href":"https:\/\/astrologelvan.com\/magaza\/wp-json\/wp\/v2\/product\/149590","targetHints":{"allow":["GET"]}}],"collection":[{"href":"https:\/\/astrologelvan.com\/magaza\/wp-json\/wp\/v2\/product"}],"about":[{"href":"https:\/\/astrologelvan.com\/magaza\/wp-json\/wp\/v2\/types\/product"}],"replies":[{"embeddable":true,"href":"https:\/\/astrologelvan.com\/magaza\/wp-json\/wp\/v2\/comments?post=149590"}],"wp:featuredmedia":[{"embeddable":true,"href":"https:\/\/astrologelvan.com\/magaza\/wp-json\/wp\/v2\/media\/149570"}],"wp:attachment":[{"href":"https:\/\/astrologelvan.com\/magaza\/wp-json\/wp\/v2\/media?parent=149590"}],"wp:term":[{"taxonomy":"product_brand","embeddable":true,"href":"https:\/\/astrologelvan.com\/magaza\/wp-json\/wp\/v2\/product_brand?post=149590"},{"taxonomy":"product_cat","embeddable":true,"href":"https:\/\/astrologelvan.com\/magaza\/wp-json\/wp\/v2\/product_cat?post=149590"},{"taxonomy":"product_tag","embeddable":true,"href":"https:\/\/astrologelvan.com\/magaza\/wp-json\/wp\/v2\/product_tag?post=149590"}],"curies":[{"name":"wp","href":"https:\/\/api.w.org\/{rel}","templated":true}]}}