{"id":148504,"date":"2026-01-19T11:42:17","date_gmt":"2026-01-19T08:42:17","guid":{"rendered":"https:\/\/astrologelvan.com\/magaza\/?post_type=product&#038;p=148504"},"modified":"2026-02-21T14:27:08","modified_gmt":"2026-02-21T11:27:08","slug":"aska-kalbini-acma-atolyesi-sema-tavsanli-burcin-koclar","status":"publish","type":"product","link":"https:\/\/astrologelvan.com\/magaza\/urun\/aska-kalbini-acma-atolyesi-sema-tavsanli-burcin-koclar\/","title":{"rendered":"A\u015fka Kalbini A\u00e7 At\u00f6lyesi | Sema Tav\u015fanl\u0131 &#038; Bur\u00e7in Ko\u00e7lar"},"content":{"rendered":"","protected":false},"excerpt":{"rendered":"<p>Pek \u00e7o\u011fumuz zaman zaman a\u015fk\u0131 bulur ama bir \u015fekilde mutlulu\u011funu s\u00fcrekli halde tutamaz. Oysa a\u015fk, bir ini\u015f \u00e7\u0131k\u0131\u015f hali de\u011fildir, ili\u015fkide s\u00fcreklilik kazanma halidir.<\/p>\n<p>\ud83e\udde1<\/p>\n<p>E\u011fer, arad\u0131\u011f\u0131n a\u015fk\u0131 bir t\u00fcrl\u00fc bulam\u0131yorsan, bir g\u00fcn var olup di\u011fer g\u00fcn kaybolan partnerlere \u00e7ekiliyorsan belki de a\u015fka bak\u0131\u015f a\u00e7\u0131n\u0131n tamamen de\u011fi\u015fmesi gerekir! Bu at\u00f6lye, Sevgililer G\u00fcn\u00fc \u00f6ncesi tam da sana g\u00f6re!<\/p>\n<p>\ud83d\udc78\ud83c\udffbBur\u00e7in Ko\u00e7lar ve \ud83d\udc78Sema Tav\u015fanl\u0131&#8217;n\u0131n Ortak Kat\u0131l\u0131m\u0131yla Ger\u00e7ekle\u015ftirilecektir<\/p>\n<p>\ud83d\udcab<strong>\u0130\u00e7erik:<\/strong><\/p>\n<p>&#8211; Ko\u015fulsuz sevgi<br \/>\n&#8211; Sevgi dili<br \/>\n&#8211; Sevilmeme korkusu<br \/>\n&#8211; Kabul g\u00f6rmeme korkusu<br \/>\n&#8211; De\u011fersizlik hissi<br \/>\n&#8211; Sevgi kodu<\/p>\n<p><strong><div class=\"message-box relative dark\" style=\"padding-top:15px;padding-bottom:15px;\"><div class=\"message-box-bg-image bg-fill fill\" style=\"background-image:url(#hex or http:\/\/imageurl);\"><\/div><div class=\"message-box-bg-overlay bg-fill fill\" ><\/div><div class=\"container relative\"><div class=\"inner last-reset\"> At\u00f6lye 9 \u015eubat ak\u015fam\u0131 T\u00fcrkiye saati ile 21:00\u2019da Zoom \u00fczerinden Bur\u00e7in Ko\u00e7lar ve Sema Tav\u015fanl\u0131 e\u015fli\u011finde canl\u0131 olarak yap\u0131lacakt\u0131r.<br \/>\n<\/div><\/div><\/div><\/strong><strong>At\u00f6lye kat\u0131l\u0131m linkleri<\/strong>\u00a0<u>belirtti\u011finiz telefon numaras\u0131na SMS olarak ve belirtti\u011finiz e-mail adresine e-mail olarak g\u00f6nderilecektir. Sipari\u015flerinizi olu\u015ftururken aktif kulland\u0131\u011f\u0131n\u0131z telefon numaran\u0131z\u0131 ve e-mail adresinizi girmelisiniz.\u00a0<\/u>E-mail adresinizi do\u011fru yazd\u0131\u011f\u0131n\u0131za ve e-mail kutunuzun dolu olmad\u0131\u011f\u0131na dikkat ediniz.<\/p>\n<p>At\u00f6lye kay\u0131tlar\u0131 sat\u0131n alan ki\u015filere canl\u0131 yay\u0131n sonras\u0131ndaki g\u00fcnlerde yine ayn\u0131 kanallardan iletilecektir.<br \/>\n<strong>Her at\u00f6lye kayd\u0131 yasal olarak yaln\u0131zca bir ki\u015fi i\u00e7in ge\u00e7erlidir, bir ba\u015fkas\u0131 ile payla\u015f\u0131lamaz.<\/strong><br \/>\n<div class=\"sales-counter\" style=\" margin: 1em 0; padding: 10px; background-color: #fff; border: 1px solid #ddd;\">\u2728 89 Ki\u015fi Yerini Ay\u0131rd\u0131!<\/div>\n","protected":false},"featured_media":148542,"comment_status":"open","ping_status":"closed","template":"","meta":[],"product_brand":[596],"product_cat":[494],"product_tag":[],"class_list":{"0":"post-148504","1":"product","2":"type-product","3":"status-publish","4":"has-post-thumbnail","6":"product_brand-astrolog-elvan","7":"product_cat-atolyeler","9":"first","10":"instock","11":"virtual","12":"taxable","13":"purchasable","14":"product-type-simple"},"yoast_head":"<!-- This site is optimized with the Yoast SEO plugin v27.3 - https:\/\/yoast.com\/product\/yoast-seo-wordpress\/ -->\n<title>A\u015fka Kalbini A\u00e7 At\u00f6lyesi | Sema Tav\u015fanl\u0131 &amp; Bur\u00e7in Ko\u00e7lar - Astrolog Elvan<\/title>\n<meta name=\"robots\" content=\"index, follow, max-snippet:-1, max-image-preview:large, max-video-preview:-1\" \/>\n<link rel=\"canonical\" href=\"https:\/\/astrologelvan.com\/magaza\/urun\/aska-kalbini-acma-atolyesi-sema-tavsanli-burcin-koclar\/\" \/>\n<meta property=\"og:locale\" content=\"tr_TR\" \/>\n<meta property=\"og:type\" content=\"article\" \/>\n<meta property=\"og:title\" content=\"A\u015fka Kalbini A\u00e7 At\u00f6lyesi | Sema Tav\u015fanl\u0131 &amp; Bur\u00e7in Ko\u00e7lar - Astrolog Elvan\" \/>\n<meta property=\"og:description\" content=\"Pek \u00e7o\u011fumuz zaman zaman a\u015fk\u0131 bulur ama bir \u015fekilde mutlulu\u011funu s\u00fcrekli halde tutamaz. Oysa a\u015fk, bir ini\u015f \u00e7\u0131k\u0131\u015f hali de\u011fildir, ili\u015fkide s\u00fcreklilik kazanma halidir.  \ud83e\udde1  E\u011fer, arad\u0131\u011f\u0131n a\u015fk\u0131 bir t\u00fcrl\u00fc bulam\u0131yorsan, bir g\u00fcn var olup di\u011fer g\u00fcn kaybolan partnerlere \u00e7ekiliyorsan belki de a\u015fka bak\u0131\u015f a\u00e7\u0131n\u0131n tamamen de\u011fi\u015fmesi gerekir! Bu at\u00f6lye, Sevgililer G\u00fcn\u00fc \u00f6ncesi tam da sana g\u00f6re!  \ud83d\udc78\ud83c\udffbBur\u00e7in Ko\u00e7lar ve \ud83d\udc78Sema Tav\u015fanl\u0131&#039;n\u0131n Ortak Kat\u0131l\u0131m\u0131yla Ger\u00e7ekle\u015ftirilecektir  \ud83d\udcab\u0130\u00e7erik:  - Ko\u015fulsuz sevgi - Sevgi dili - Sevilmeme korkusu - Kabul g\u00f6rmeme korkusu - De\u011fersizlik hissi - Sevgi kodu  At\u00f6lye kat\u0131l\u0131m linkleri\u00a0belirtti\u011finiz telefon numaras\u0131na SMS olarak ve belirtti\u011finiz e-mail adresine e-mail olarak g\u00f6nderilecektir. Sipari\u015flerinizi olu\u015ftururken aktif kulland\u0131\u011f\u0131n\u0131z telefon numaran\u0131z\u0131 ve e-mail adresinizi girmelisiniz.\u00a0E-mail adresinizi do\u011fru yazd\u0131\u011f\u0131n\u0131za ve e-mail kutunuzun dolu olmad\u0131\u011f\u0131na dikkat ediniz.  At\u00f6lye kay\u0131tlar\u0131 sat\u0131n alan ki\u015filere canl\u0131 yay\u0131n sonras\u0131ndaki g\u00fcnlerde yine ayn\u0131 kanallardan iletilecektir. Her at\u00f6lye kayd\u0131 yasal olarak yaln\u0131zca bir ki\u015fi i\u00e7in ge\u00e7erlidir, bir ba\u015fkas\u0131 ile payla\u015f\u0131lamaz.\" \/>\n<meta property=\"og:url\" content=\"https:\/\/astrologelvan.com\/magaza\/urun\/aska-kalbini-acma-atolyesi-sema-tavsanli-burcin-koclar\/\" \/>\n<meta property=\"og:site_name\" content=\"Astrolog Elvan\" \/>\n<meta property=\"article:modified_time\" content=\"2026-02-21T11:27:08+00:00\" \/>\n<meta property=\"og:image\" content=\"https:\/\/astrologelvan.com\/magaza\/wp-content\/uploads\/2026\/01\/urun-2.webp\" \/>\n\t<meta property=\"og:image:width\" content=\"1000\" \/>\n\t<meta property=\"og:image:height\" content=\"1300\" \/>\n\t<meta property=\"og:image:type\" content=\"image\/webp\" \/>\n<meta name=\"twitter:card\" content=\"summary_large_image\" \/>\n<meta name=\"twitter:label1\" content=\"Tahmini okuma s\u00fcresi\" \/>\n\t<meta name=\"twitter:data1\" content=\"1 dakika\" \/>\n<script type=\"application\/ld+json\" class=\"yoast-schema-graph\">{\"@context\":\"https:\\\/\\\/schema.org\",\"@graph\":[{\"@type\":[\"WebPage\",\"ItemPage\"],\"@id\":\"https:\\\/\\\/astrologelvan.com\\\/magaza\\\/urun\\\/aska-kalbini-acma-atolyesi-sema-tavsanli-burcin-koclar\\\/\",\"url\":\"https:\\\/\\\/astrologelvan.com\\\/magaza\\\/urun\\\/aska-kalbini-acma-atolyesi-sema-tavsanli-burcin-koclar\\\/\",\"name\":\"A\u015fka Kalbini A\u00e7 At\u00f6lyesi | Sema Tav\u015fanl\u0131 & Bur\u00e7in Ko\u00e7lar - Astrolog Elvan\",\"isPartOf\":{\"@id\":\"https:\\\/\\\/astrologelvan.com\\\/magaza\\\/#website\"},\"primaryImageOfPage\":{\"@id\":\"https:\\\/\\\/astrologelvan.com\\\/magaza\\\/urun\\\/aska-kalbini-acma-atolyesi-sema-tavsanli-burcin-koclar\\\/#primaryimage\"},\"image\":{\"@id\":\"https:\\\/\\\/astrologelvan.com\\\/magaza\\\/urun\\\/aska-kalbini-acma-atolyesi-sema-tavsanli-burcin-koclar\\\/#primaryimage\"},\"thumbnailUrl\":\"https:\\\/\\\/astrologelvan.com\\\/magaza\\\/wp-content\\\/uploads\\\/2026\\\/01\\\/urun-2.webp\",\"datePublished\":\"2026-01-19T08:42:17+00:00\",\"dateModified\":\"2026-02-21T11:27:08+00:00\",\"breadcrumb\":{\"@id\":\"https:\\\/\\\/astrologelvan.com\\\/magaza\\\/urun\\\/aska-kalbini-acma-atolyesi-sema-tavsanli-burcin-koclar\\\/#breadcrumb\"},\"inLanguage\":\"tr\",\"potentialAction\":[{\"@type\":\"ReadAction\",\"target\":[\"https:\\\/\\\/astrologelvan.com\\\/magaza\\\/urun\\\/aska-kalbini-acma-atolyesi-sema-tavsanli-burcin-koclar\\\/\"]}]},{\"@type\":\"ImageObject\",\"inLanguage\":\"tr\",\"@id\":\"https:\\\/\\\/astrologelvan.com\\\/magaza\\\/urun\\\/aska-kalbini-acma-atolyesi-sema-tavsanli-burcin-koclar\\\/#primaryimage\",\"url\":\"https:\\\/\\\/astrologelvan.com\\\/magaza\\\/wp-content\\\/uploads\\\/2026\\\/01\\\/urun-2.webp\",\"contentUrl\":\"https:\\\/\\\/astrologelvan.com\\\/magaza\\\/wp-content\\\/uploads\\\/2026\\\/01\\\/urun-2.webp\",\"width\":1000,\"height\":1300},{\"@type\":\"BreadcrumbList\",\"@id\":\"https:\\\/\\\/astrologelvan.com\\\/magaza\\\/urun\\\/aska-kalbini-acma-atolyesi-sema-tavsanli-burcin-koclar\\\/#breadcrumb\",\"itemListElement\":[{\"@type\":\"ListItem\",\"position\":1,\"name\":\"Anasayfa\",\"item\":\"https:\\\/\\\/astrologelvan.com\\\/magaza\\\/\"},{\"@type\":\"ListItem\",\"position\":2,\"name\":\"Ma\u011faza\",\"item\":\"https:\\\/\\\/astrologelvan.com\\\/magaza\\\/magaza\\\/\"},{\"@type\":\"ListItem\",\"position\":3,\"name\":\"A\u015fka Kalbini A\u00e7 At\u00f6lyesi | Sema Tav\u015fanl\u0131 &#038; Bur\u00e7in Ko\u00e7lar\"}]},{\"@type\":\"WebSite\",\"@id\":\"https:\\\/\\\/astrologelvan.com\\\/magaza\\\/#website\",\"url\":\"https:\\\/\\\/astrologelvan.com\\\/magaza\\\/\",\"name\":\"Astrolog Elvan\",\"description\":\"\",\"potentialAction\":[{\"@type\":\"SearchAction\",\"target\":{\"@type\":\"EntryPoint\",\"urlTemplate\":\"https:\\\/\\\/astrologelvan.com\\\/magaza\\\/?s={search_term_string}\"},\"query-input\":{\"@type\":\"PropertyValueSpecification\",\"valueRequired\":true,\"valueName\":\"search_term_string\"}}],\"inLanguage\":\"tr\"}]}<\/script>\n<!-- \/ Yoast SEO plugin. -->","yoast_head_json":{"title":"A\u015fka Kalbini A\u00e7 At\u00f6lyesi | Sema Tav\u015fanl\u0131 & Bur\u00e7in Ko\u00e7lar - Astrolog Elvan","robots":{"index":"index","follow":"follow","max-snippet":"max-snippet:-1","max-image-preview":"max-image-preview:large","max-video-preview":"max-video-preview:-1"},"canonical":"https:\/\/astrologelvan.com\/magaza\/urun\/aska-kalbini-acma-atolyesi-sema-tavsanli-burcin-koclar\/","og_locale":"tr_TR","og_type":"article","og_title":"A\u015fka Kalbini A\u00e7 At\u00f6lyesi | Sema Tav\u015fanl\u0131 & Bur\u00e7in Ko\u00e7lar - Astrolog Elvan","og_description":"Pek \u00e7o\u011fumuz zaman zaman a\u015fk\u0131 bulur ama bir \u015fekilde mutlulu\u011funu s\u00fcrekli halde tutamaz. Oysa a\u015fk, bir ini\u015f \u00e7\u0131k\u0131\u015f hali de\u011fildir, ili\u015fkide s\u00fcreklilik kazanma halidir.  \ud83e\udde1  E\u011fer, arad\u0131\u011f\u0131n a\u015fk\u0131 bir t\u00fcrl\u00fc bulam\u0131yorsan, bir g\u00fcn var olup di\u011fer g\u00fcn kaybolan partnerlere \u00e7ekiliyorsan belki de a\u015fka bak\u0131\u015f a\u00e7\u0131n\u0131n tamamen de\u011fi\u015fmesi gerekir! Bu at\u00f6lye, Sevgililer G\u00fcn\u00fc \u00f6ncesi tam da sana g\u00f6re!  \ud83d\udc78\ud83c\udffbBur\u00e7in Ko\u00e7lar ve \ud83d\udc78Sema Tav\u015fanl\u0131'n\u0131n Ortak Kat\u0131l\u0131m\u0131yla Ger\u00e7ekle\u015ftirilecektir  \ud83d\udcab\u0130\u00e7erik:  - Ko\u015fulsuz sevgi - Sevgi dili - Sevilmeme korkusu - Kabul g\u00f6rmeme korkusu - De\u011fersizlik hissi - Sevgi kodu  At\u00f6lye kat\u0131l\u0131m linkleri\u00a0belirtti\u011finiz telefon numaras\u0131na SMS olarak ve belirtti\u011finiz e-mail adresine e-mail olarak g\u00f6nderilecektir. Sipari\u015flerinizi olu\u015ftururken aktif kulland\u0131\u011f\u0131n\u0131z telefon numaran\u0131z\u0131 ve e-mail adresinizi girmelisiniz.\u00a0E-mail adresinizi do\u011fru yazd\u0131\u011f\u0131n\u0131za ve e-mail kutunuzun dolu olmad\u0131\u011f\u0131na dikkat ediniz.  At\u00f6lye kay\u0131tlar\u0131 sat\u0131n alan ki\u015filere canl\u0131 yay\u0131n sonras\u0131ndaki g\u00fcnlerde yine ayn\u0131 kanallardan iletilecektir. Her at\u00f6lye kayd\u0131 yasal olarak yaln\u0131zca bir ki\u015fi i\u00e7in ge\u00e7erlidir, bir ba\u015fkas\u0131 ile payla\u015f\u0131lamaz.","og_url":"https:\/\/astrologelvan.com\/magaza\/urun\/aska-kalbini-acma-atolyesi-sema-tavsanli-burcin-koclar\/","og_site_name":"Astrolog Elvan","article_modified_time":"2026-02-21T11:27:08+00:00","og_image":[{"width":1000,"height":1300,"url":"https:\/\/astrologelvan.com\/magaza\/wp-content\/uploads\/2026\/01\/urun-2.webp","type":"image\/webp"}],"twitter_card":"summary_large_image","twitter_misc":{"Tahmini okuma s\u00fcresi":"1 dakika"},"schema":{"@context":"https:\/\/schema.org","@graph":[{"@type":["WebPage","ItemPage"],"@id":"https:\/\/astrologelvan.com\/magaza\/urun\/aska-kalbini-acma-atolyesi-sema-tavsanli-burcin-koclar\/","url":"https:\/\/astrologelvan.com\/magaza\/urun\/aska-kalbini-acma-atolyesi-sema-tavsanli-burcin-koclar\/","name":"A\u015fka Kalbini A\u00e7 At\u00f6lyesi | Sema Tav\u015fanl\u0131 & Bur\u00e7in Ko\u00e7lar - Astrolog Elvan","isPartOf":{"@id":"https:\/\/astrologelvan.com\/magaza\/#website"},"primaryImageOfPage":{"@id":"https:\/\/astrologelvan.com\/magaza\/urun\/aska-kalbini-acma-atolyesi-sema-tavsanli-burcin-koclar\/#primaryimage"},"image":{"@id":"https:\/\/astrologelvan.com\/magaza\/urun\/aska-kalbini-acma-atolyesi-sema-tavsanli-burcin-koclar\/#primaryimage"},"thumbnailUrl":"https:\/\/astrologelvan.com\/magaza\/wp-content\/uploads\/2026\/01\/urun-2.webp","datePublished":"2026-01-19T08:42:17+00:00","dateModified":"2026-02-21T11:27:08+00:00","breadcrumb":{"@id":"https:\/\/astrologelvan.com\/magaza\/urun\/aska-kalbini-acma-atolyesi-sema-tavsanli-burcin-koclar\/#breadcrumb"},"inLanguage":"tr","potentialAction":[{"@type":"ReadAction","target":["https:\/\/astrologelvan.com\/magaza\/urun\/aska-kalbini-acma-atolyesi-sema-tavsanli-burcin-koclar\/"]}]},{"@type":"ImageObject","inLanguage":"tr","@id":"https:\/\/astrologelvan.com\/magaza\/urun\/aska-kalbini-acma-atolyesi-sema-tavsanli-burcin-koclar\/#primaryimage","url":"https:\/\/astrologelvan.com\/magaza\/wp-content\/uploads\/2026\/01\/urun-2.webp","contentUrl":"https:\/\/astrologelvan.com\/magaza\/wp-content\/uploads\/2026\/01\/urun-2.webp","width":1000,"height":1300},{"@type":"BreadcrumbList","@id":"https:\/\/astrologelvan.com\/magaza\/urun\/aska-kalbini-acma-atolyesi-sema-tavsanli-burcin-koclar\/#breadcrumb","itemListElement":[{"@type":"ListItem","position":1,"name":"Anasayfa","item":"https:\/\/astrologelvan.com\/magaza\/"},{"@type":"ListItem","position":2,"name":"Ma\u011faza","item":"https:\/\/astrologelvan.com\/magaza\/magaza\/"},{"@type":"ListItem","position":3,"name":"A\u015fka Kalbini A\u00e7 At\u00f6lyesi | Sema Tav\u015fanl\u0131 &#038; Bur\u00e7in Ko\u00e7lar"}]},{"@type":"WebSite","@id":"https:\/\/astrologelvan.com\/magaza\/#website","url":"https:\/\/astrologelvan.com\/magaza\/","name":"Astrolog Elvan","description":"","potentialAction":[{"@type":"SearchAction","target":{"@type":"EntryPoint","urlTemplate":"https:\/\/astrologelvan.com\/magaza\/?s={search_term_string}"},"query-input":{"@type":"PropertyValueSpecification","valueRequired":true,"valueName":"search_term_string"}}],"inLanguage":"tr"}]}},"_links":{"self":[{"href":"https:\/\/astrologelvan.com\/magaza\/wp-json\/wp\/v2\/product\/148504","targetHints":{"allow":["GET"]}}],"collection":[{"href":"https:\/\/astrologelvan.com\/magaza\/wp-json\/wp\/v2\/product"}],"about":[{"href":"https:\/\/astrologelvan.com\/magaza\/wp-json\/wp\/v2\/types\/product"}],"replies":[{"embeddable":true,"href":"https:\/\/astrologelvan.com\/magaza\/wp-json\/wp\/v2\/comments?post=148504"}],"wp:featuredmedia":[{"embeddable":true,"href":"https:\/\/astrologelvan.com\/magaza\/wp-json\/wp\/v2\/media\/148542"}],"wp:attachment":[{"href":"https:\/\/astrologelvan.com\/magaza\/wp-json\/wp\/v2\/media?parent=148504"}],"wp:term":[{"taxonomy":"product_brand","embeddable":true,"href":"https:\/\/astrologelvan.com\/magaza\/wp-json\/wp\/v2\/product_brand?post=148504"},{"taxonomy":"product_cat","embeddable":true,"href":"https:\/\/astrologelvan.com\/magaza\/wp-json\/wp\/v2\/product_cat?post=148504"},{"taxonomy":"product_tag","embeddable":true,"href":"https:\/\/astrologelvan.com\/magaza\/wp-json\/wp\/v2\/product_tag?post=148504"}],"curies":[{"name":"wp","href":"https:\/\/api.w.org\/{rel}","templated":true}]}}