{"id":141095,"date":"2025-12-24T15:55:46","date_gmt":"2025-12-24T12:55:46","guid":{"rendered":"https:\/\/astrologelvan.com\/magaza\/?post_type=product&#038;p=141095"},"modified":"2026-03-17T11:15:24","modified_gmt":"2026-03-17T08:15:24","slug":"2026-yilbasi-ozel-yakut-kolye","status":"publish","type":"product","link":"https:\/\/astrologelvan.com\/magaza\/urun\/2026-yilbasi-ozel-yakut-kolye\/","title":{"rendered":"2026 Y\u0131lba\u015f\u0131 \u00d6zel \u2013 Yakut Kolye"},"content":{"rendered":"","protected":false},"excerpt":{"rendered":"<p>Yakut, y\u00fczy\u0131llard\u0131r cesaret, ya\u015fam enerjisi ve motivasyon ile an\u0131lan g\u00fc\u00e7l\u00fc bir ta\u015ft\u0131r. Astrolojide ise geleneksel olarak Mars temas\u0131yla ili\u015fkilendiririz.<\/p>\n<p>Mars\u2019\u0131 sembolik olarak \u201chareket, kararl\u0131l\u0131k ve s\u0131n\u0131rlar\u201dla ba\u011fda\u015ft\u0131ranlar i\u00e7in yakut, niyet \u00e7al\u0131\u015fmalar\u0131 ve g\u00fcnl\u00fck kullan\u0131mda g\u00fc\u00e7lendirici bir e\u015flik\u00e7i olabilir.<\/p>\n<p>Do\u011fum haritas\u0131nda Mars\u2019\u0131 retro olanlar ya da Mars\u2019\u0131 zorland\u0131\u011f\u0131n\u0131 d\u00fc\u015f\u00fcnenler (\u00f6r. Terazi, Bo\u011fa, Yenge\u00e7 yerle\u015fimleri) i\u00e7in yakut, kendini daha kararl\u0131 ve g\u00fcvende hissetmeye yard\u0131mc\u0131 bir \u201chat\u0131rlat\u0131c\u0131\u201d olarak tercih edilir. Zorlu d\u00f6nemlerde, hedeflerine odaklanmak isteyenlere i\u00e7sel g\u00fc\u00e7 ve \u00f6zg\u00fcven duygusunu destekledi\u011fine inan\u0131l\u0131r.<\/p>\n<p>Yakut, kad\u0131n enerjisiyle ili\u015fkilendirilen d\u00f6nemlerde (menapoz d\u00f6nemi, yo\u011fun stres, duygusal ini\u015f \u00e7\u0131k\u0131\u015flar, a\u011fr\u0131l\u0131 adet s\u00fcre\u00e7leri vs. ) g\u00fc\u00e7lenme ve toparlanma hissini destekledi\u011fine inan\u0131lan bir ta\u015ft\u0131r. G\u00fcnl\u00fck hayatta \u00f6zg\u00fcven ve motivasyon i\u00e7in tercih edilir.<\/p>\n","protected":false},"featured_media":141097,"comment_status":"open","ping_status":"closed","template":"","meta":[],"product_brand":[596],"product_cat":[48,403],"product_tag":[],"class_list":{"0":"post-141095","1":"product","2":"type-product","3":"status-publish","4":"has-post-thumbnail","6":"product_brand-astrolog-elvan","7":"product_cat-kolyeler","8":"product_cat-yakut-tasi","10":"first","11":"instock","12":"taxable","13":"shipping-taxable","14":"purchasable","15":"product-type-simple"},"yoast_head":"<!-- This site is optimized with the Yoast SEO plugin v27.3 - https:\/\/yoast.com\/product\/yoast-seo-wordpress\/ -->\n<title>2026 Y\u0131lba\u015f\u0131 \u00d6zel \u2013 Yakut Kolye - Astrolog Elvan<\/title>\n<meta name=\"robots\" content=\"index, follow, max-snippet:-1, max-image-preview:large, max-video-preview:-1\" \/>\n<link rel=\"canonical\" href=\"https:\/\/astrologelvan.com\/magaza\/urun\/2026-yilbasi-ozel-yakut-kolye\/\" \/>\n<meta property=\"og:locale\" content=\"tr_TR\" \/>\n<meta property=\"og:type\" content=\"article\" \/>\n<meta property=\"og:title\" content=\"2026 Y\u0131lba\u015f\u0131 \u00d6zel \u2013 Yakut Kolye - Astrolog Elvan\" \/>\n<meta property=\"og:description\" content=\"Yakut, y\u00fczy\u0131llard\u0131r cesaret, ya\u015fam enerjisi ve motivasyon ile an\u0131lan g\u00fc\u00e7l\u00fc bir ta\u015ft\u0131r. Astrolojide ise geleneksel olarak Mars temas\u0131yla ili\u015fkilendiririz.  Mars\u2019\u0131 sembolik olarak \u201chareket, kararl\u0131l\u0131k ve s\u0131n\u0131rlar\u201dla ba\u011fda\u015ft\u0131ranlar i\u00e7in yakut, niyet \u00e7al\u0131\u015fmalar\u0131 ve g\u00fcnl\u00fck kullan\u0131mda g\u00fc\u00e7lendirici bir e\u015flik\u00e7i olabilir.  Do\u011fum haritas\u0131nda Mars\u2019\u0131 retro olanlar ya da Mars\u2019\u0131 zorland\u0131\u011f\u0131n\u0131 d\u00fc\u015f\u00fcnenler (\u00f6r. Terazi, Bo\u011fa, Yenge\u00e7 yerle\u015fimleri) i\u00e7in yakut, kendini daha kararl\u0131 ve g\u00fcvende hissetmeye yard\u0131mc\u0131 bir \u201chat\u0131rlat\u0131c\u0131\u201d olarak tercih edilir. Zorlu d\u00f6nemlerde, hedeflerine odaklanmak isteyenlere i\u00e7sel g\u00fc\u00e7 ve \u00f6zg\u00fcven duygusunu destekledi\u011fine inan\u0131l\u0131r.  Yakut, kad\u0131n enerjisiyle ili\u015fkilendirilen d\u00f6nemlerde (menapoz d\u00f6nemi, yo\u011fun stres, duygusal ini\u015f \u00e7\u0131k\u0131\u015flar, a\u011fr\u0131l\u0131 adet s\u00fcre\u00e7leri vs. ) g\u00fc\u00e7lenme ve toparlanma hissini destekledi\u011fine inan\u0131lan bir ta\u015ft\u0131r. G\u00fcnl\u00fck hayatta \u00f6zg\u00fcven ve motivasyon i\u00e7in tercih edilir.\" \/>\n<meta property=\"og:url\" content=\"https:\/\/astrologelvan.com\/magaza\/urun\/2026-yilbasi-ozel-yakut-kolye\/\" \/>\n<meta property=\"og:site_name\" content=\"Astrolog Elvan\" \/>\n<meta property=\"article:modified_time\" content=\"2026-03-17T08:15:24+00:00\" \/>\n<meta property=\"og:image\" content=\"https:\/\/astrologelvan.com\/magaza\/wp-content\/uploads\/2025\/12\/66B2B3AD-91D3-461B-B55A-B7A2E3104378.png\" \/>\n\t<meta property=\"og:image:width\" content=\"1024\" \/>\n\t<meta property=\"og:image:height\" content=\"1536\" \/>\n\t<meta property=\"og:image:type\" content=\"image\/png\" \/>\n<meta name=\"twitter:card\" content=\"summary_large_image\" \/>\n<script type=\"application\/ld+json\" class=\"yoast-schema-graph\">{\"@context\":\"https:\\\/\\\/schema.org\",\"@graph\":[{\"@type\":[\"WebPage\",\"ItemPage\"],\"@id\":\"https:\\\/\\\/astrologelvan.com\\\/magaza\\\/urun\\\/2026-yilbasi-ozel-yakut-kolye\\\/\",\"url\":\"https:\\\/\\\/astrologelvan.com\\\/magaza\\\/urun\\\/2026-yilbasi-ozel-yakut-kolye\\\/\",\"name\":\"2026 Y\u0131lba\u015f\u0131 \u00d6zel \u2013 Yakut Kolye - Astrolog Elvan\",\"isPartOf\":{\"@id\":\"https:\\\/\\\/astrologelvan.com\\\/magaza\\\/#website\"},\"primaryImageOfPage\":{\"@id\":\"https:\\\/\\\/astrologelvan.com\\\/magaza\\\/urun\\\/2026-yilbasi-ozel-yakut-kolye\\\/#primaryimage\"},\"image\":{\"@id\":\"https:\\\/\\\/astrologelvan.com\\\/magaza\\\/urun\\\/2026-yilbasi-ozel-yakut-kolye\\\/#primaryimage\"},\"thumbnailUrl\":\"https:\\\/\\\/astrologelvan.com\\\/magaza\\\/wp-content\\\/uploads\\\/2025\\\/12\\\/66B2B3AD-91D3-461B-B55A-B7A2E3104378.png\",\"datePublished\":\"2025-12-24T12:55:46+00:00\",\"dateModified\":\"2026-03-17T08:15:24+00:00\",\"breadcrumb\":{\"@id\":\"https:\\\/\\\/astrologelvan.com\\\/magaza\\\/urun\\\/2026-yilbasi-ozel-yakut-kolye\\\/#breadcrumb\"},\"inLanguage\":\"tr\",\"potentialAction\":[{\"@type\":\"ReadAction\",\"target\":[\"https:\\\/\\\/astrologelvan.com\\\/magaza\\\/urun\\\/2026-yilbasi-ozel-yakut-kolye\\\/\"]}]},{\"@type\":\"ImageObject\",\"inLanguage\":\"tr\",\"@id\":\"https:\\\/\\\/astrologelvan.com\\\/magaza\\\/urun\\\/2026-yilbasi-ozel-yakut-kolye\\\/#primaryimage\",\"url\":\"https:\\\/\\\/astrologelvan.com\\\/magaza\\\/wp-content\\\/uploads\\\/2025\\\/12\\\/66B2B3AD-91D3-461B-B55A-B7A2E3104378.png\",\"contentUrl\":\"https:\\\/\\\/astrologelvan.com\\\/magaza\\\/wp-content\\\/uploads\\\/2025\\\/12\\\/66B2B3AD-91D3-461B-B55A-B7A2E3104378.png\",\"width\":1024,\"height\":1536},{\"@type\":\"BreadcrumbList\",\"@id\":\"https:\\\/\\\/astrologelvan.com\\\/magaza\\\/urun\\\/2026-yilbasi-ozel-yakut-kolye\\\/#breadcrumb\",\"itemListElement\":[{\"@type\":\"ListItem\",\"position\":1,\"name\":\"Anasayfa\",\"item\":\"https:\\\/\\\/astrologelvan.com\\\/magaza\\\/\"},{\"@type\":\"ListItem\",\"position\":2,\"name\":\"Ma\u011faza\",\"item\":\"https:\\\/\\\/astrologelvan.com\\\/magaza\\\/magaza\\\/\"},{\"@type\":\"ListItem\",\"position\":3,\"name\":\"2026 Y\u0131lba\u015f\u0131 \u00d6zel \u2013 Yakut Kolye\"}]},{\"@type\":\"WebSite\",\"@id\":\"https:\\\/\\\/astrologelvan.com\\\/magaza\\\/#website\",\"url\":\"https:\\\/\\\/astrologelvan.com\\\/magaza\\\/\",\"name\":\"Astrolog Elvan\",\"description\":\"\",\"potentialAction\":[{\"@type\":\"SearchAction\",\"target\":{\"@type\":\"EntryPoint\",\"urlTemplate\":\"https:\\\/\\\/astrologelvan.com\\\/magaza\\\/?s={search_term_string}\"},\"query-input\":{\"@type\":\"PropertyValueSpecification\",\"valueRequired\":true,\"valueName\":\"search_term_string\"}}],\"inLanguage\":\"tr\"}]}<\/script>\n<!-- \/ Yoast SEO plugin. -->","yoast_head_json":{"title":"2026 Y\u0131lba\u015f\u0131 \u00d6zel \u2013 Yakut Kolye - Astrolog Elvan","robots":{"index":"index","follow":"follow","max-snippet":"max-snippet:-1","max-image-preview":"max-image-preview:large","max-video-preview":"max-video-preview:-1"},"canonical":"https:\/\/astrologelvan.com\/magaza\/urun\/2026-yilbasi-ozel-yakut-kolye\/","og_locale":"tr_TR","og_type":"article","og_title":"2026 Y\u0131lba\u015f\u0131 \u00d6zel \u2013 Yakut Kolye - Astrolog Elvan","og_description":"Yakut, y\u00fczy\u0131llard\u0131r cesaret, ya\u015fam enerjisi ve motivasyon ile an\u0131lan g\u00fc\u00e7l\u00fc bir ta\u015ft\u0131r. Astrolojide ise geleneksel olarak Mars temas\u0131yla ili\u015fkilendiririz.  Mars\u2019\u0131 sembolik olarak \u201chareket, kararl\u0131l\u0131k ve s\u0131n\u0131rlar\u201dla ba\u011fda\u015ft\u0131ranlar i\u00e7in yakut, niyet \u00e7al\u0131\u015fmalar\u0131 ve g\u00fcnl\u00fck kullan\u0131mda g\u00fc\u00e7lendirici bir e\u015flik\u00e7i olabilir.  Do\u011fum haritas\u0131nda Mars\u2019\u0131 retro olanlar ya da Mars\u2019\u0131 zorland\u0131\u011f\u0131n\u0131 d\u00fc\u015f\u00fcnenler (\u00f6r. Terazi, Bo\u011fa, Yenge\u00e7 yerle\u015fimleri) i\u00e7in yakut, kendini daha kararl\u0131 ve g\u00fcvende hissetmeye yard\u0131mc\u0131 bir \u201chat\u0131rlat\u0131c\u0131\u201d olarak tercih edilir. Zorlu d\u00f6nemlerde, hedeflerine odaklanmak isteyenlere i\u00e7sel g\u00fc\u00e7 ve \u00f6zg\u00fcven duygusunu destekledi\u011fine inan\u0131l\u0131r.  Yakut, kad\u0131n enerjisiyle ili\u015fkilendirilen d\u00f6nemlerde (menapoz d\u00f6nemi, yo\u011fun stres, duygusal ini\u015f \u00e7\u0131k\u0131\u015flar, a\u011fr\u0131l\u0131 adet s\u00fcre\u00e7leri vs. ) g\u00fc\u00e7lenme ve toparlanma hissini destekledi\u011fine inan\u0131lan bir ta\u015ft\u0131r. G\u00fcnl\u00fck hayatta \u00f6zg\u00fcven ve motivasyon i\u00e7in tercih edilir.","og_url":"https:\/\/astrologelvan.com\/magaza\/urun\/2026-yilbasi-ozel-yakut-kolye\/","og_site_name":"Astrolog Elvan","article_modified_time":"2026-03-17T08:15:24+00:00","og_image":[{"width":1024,"height":1536,"url":"https:\/\/astrologelvan.com\/magaza\/wp-content\/uploads\/2025\/12\/66B2B3AD-91D3-461B-B55A-B7A2E3104378.png","type":"image\/png"}],"twitter_card":"summary_large_image","schema":{"@context":"https:\/\/schema.org","@graph":[{"@type":["WebPage","ItemPage"],"@id":"https:\/\/astrologelvan.com\/magaza\/urun\/2026-yilbasi-ozel-yakut-kolye\/","url":"https:\/\/astrologelvan.com\/magaza\/urun\/2026-yilbasi-ozel-yakut-kolye\/","name":"2026 Y\u0131lba\u015f\u0131 \u00d6zel \u2013 Yakut Kolye - Astrolog Elvan","isPartOf":{"@id":"https:\/\/astrologelvan.com\/magaza\/#website"},"primaryImageOfPage":{"@id":"https:\/\/astrologelvan.com\/magaza\/urun\/2026-yilbasi-ozel-yakut-kolye\/#primaryimage"},"image":{"@id":"https:\/\/astrologelvan.com\/magaza\/urun\/2026-yilbasi-ozel-yakut-kolye\/#primaryimage"},"thumbnailUrl":"https:\/\/astrologelvan.com\/magaza\/wp-content\/uploads\/2025\/12\/66B2B3AD-91D3-461B-B55A-B7A2E3104378.png","datePublished":"2025-12-24T12:55:46+00:00","dateModified":"2026-03-17T08:15:24+00:00","breadcrumb":{"@id":"https:\/\/astrologelvan.com\/magaza\/urun\/2026-yilbasi-ozel-yakut-kolye\/#breadcrumb"},"inLanguage":"tr","potentialAction":[{"@type":"ReadAction","target":["https:\/\/astrologelvan.com\/magaza\/urun\/2026-yilbasi-ozel-yakut-kolye\/"]}]},{"@type":"ImageObject","inLanguage":"tr","@id":"https:\/\/astrologelvan.com\/magaza\/urun\/2026-yilbasi-ozel-yakut-kolye\/#primaryimage","url":"https:\/\/astrologelvan.com\/magaza\/wp-content\/uploads\/2025\/12\/66B2B3AD-91D3-461B-B55A-B7A2E3104378.png","contentUrl":"https:\/\/astrologelvan.com\/magaza\/wp-content\/uploads\/2025\/12\/66B2B3AD-91D3-461B-B55A-B7A2E3104378.png","width":1024,"height":1536},{"@type":"BreadcrumbList","@id":"https:\/\/astrologelvan.com\/magaza\/urun\/2026-yilbasi-ozel-yakut-kolye\/#breadcrumb","itemListElement":[{"@type":"ListItem","position":1,"name":"Anasayfa","item":"https:\/\/astrologelvan.com\/magaza\/"},{"@type":"ListItem","position":2,"name":"Ma\u011faza","item":"https:\/\/astrologelvan.com\/magaza\/magaza\/"},{"@type":"ListItem","position":3,"name":"2026 Y\u0131lba\u015f\u0131 \u00d6zel \u2013 Yakut Kolye"}]},{"@type":"WebSite","@id":"https:\/\/astrologelvan.com\/magaza\/#website","url":"https:\/\/astrologelvan.com\/magaza\/","name":"Astrolog Elvan","description":"","potentialAction":[{"@type":"SearchAction","target":{"@type":"EntryPoint","urlTemplate":"https:\/\/astrologelvan.com\/magaza\/?s={search_term_string}"},"query-input":{"@type":"PropertyValueSpecification","valueRequired":true,"valueName":"search_term_string"}}],"inLanguage":"tr"}]}},"_links":{"self":[{"href":"https:\/\/astrologelvan.com\/magaza\/wp-json\/wp\/v2\/product\/141095","targetHints":{"allow":["GET"]}}],"collection":[{"href":"https:\/\/astrologelvan.com\/magaza\/wp-json\/wp\/v2\/product"}],"about":[{"href":"https:\/\/astrologelvan.com\/magaza\/wp-json\/wp\/v2\/types\/product"}],"replies":[{"embeddable":true,"href":"https:\/\/astrologelvan.com\/magaza\/wp-json\/wp\/v2\/comments?post=141095"}],"wp:featuredmedia":[{"embeddable":true,"href":"https:\/\/astrologelvan.com\/magaza\/wp-json\/wp\/v2\/media\/141097"}],"wp:attachment":[{"href":"https:\/\/astrologelvan.com\/magaza\/wp-json\/wp\/v2\/media?parent=141095"}],"wp:term":[{"taxonomy":"product_brand","embeddable":true,"href":"https:\/\/astrologelvan.com\/magaza\/wp-json\/wp\/v2\/product_brand?post=141095"},{"taxonomy":"product_cat","embeddable":true,"href":"https:\/\/astrologelvan.com\/magaza\/wp-json\/wp\/v2\/product_cat?post=141095"},{"taxonomy":"product_tag","embeddable":true,"href":"https:\/\/astrologelvan.com\/magaza\/wp-json\/wp\/v2\/product_tag?post=141095"}],"curies":[{"name":"wp","href":"https:\/\/api.w.org\/{rel}","templated":true}]}}