{"id":138598,"date":"2025-12-18T16:03:45","date_gmt":"2025-12-18T13:03:45","guid":{"rendered":"https:\/\/astrologelvan.com\/magaza\/?post_type=product&#038;p=138598"},"modified":"2025-12-27T07:14:39","modified_gmt":"2025-12-27T04:14:39","slug":"2026-yilbasi-ozel-faset-kesim-sitrin-kolye","status":"publish","type":"product","link":"https:\/\/astrologelvan.com\/magaza\/urun\/2026-yilbasi-ozel-faset-kesim-sitrin-kolye\/","title":{"rendered":"2026 Y\u0131lba\u015f\u0131 \u00d6zel \u2013 Faset Kesim Sitrin Kolye"},"content":{"rendered":"","protected":false},"excerpt":{"rendered":"<p><strong>\ud83d\udc9b Para \u2022 \u015eans \u2022 Bereket<\/strong><\/p>\n<p>Yeni y\u0131la bolluk, bereket ve \u015fans enerjisiyle girin.<br \/>\nPara ta\u015f\u0131 olarak bilinen Sitrin, bolluk, ba\u015far\u0131 ve zenginlik enerjisini hayat\u0131na \u00e7ekmek isteyenlerin vazge\u00e7ilmez ta\u015f\u0131d\u0131r.<\/p>\n<p>2026\u2019ya \u00f6zel haz\u0131rlanan faset kesim Sitrin kolye, \u0131\u015f\u0131\u011f\u0131 yans\u0131tan \u00f6zel kesimiyle hem enerjisi hem de \u015f\u0131k g\u00f6r\u00fcn\u00fcm\u00fcyle g\u00fc\u00e7l\u00fc bir etki yarat\u0131r.<\/p>\n<p>Sitrin, Ayn\u0131 zamanda motivasyonu y\u00fckseltir, kendine g\u00fcveni art\u0131r\u0131r ve i\u00e7indeki ne\u015feyi yeniden uyand\u0131r\u0131r.<\/p>\n<p><strong>Do\u011fal Faset Kesim Sitrin Ta\u015f\u0131<\/strong><\/p>\n<p>Arka Aparat:<br \/>\n<strong>925 Ayar G\u00fcm\u00fc\u015f Gold Alt\u0131n Kaplama<\/strong><\/p>\n<p><strong>2026 Y\u0131lba\u015f\u0131 \u00d6zel Tasar\u0131m<\/strong><\/p>\n","protected":false},"featured_media":138638,"comment_status":"open","ping_status":"closed","template":"","meta":[],"product_brand":[596],"product_cat":[48,65],"product_tag":[],"class_list":{"0":"post-138598","1":"product","2":"type-product","3":"status-publish","4":"has-post-thumbnail","6":"product_brand-astrolog-elvan","7":"product_cat-kolyeler","8":"product_cat-sitrin-dogal-tas","10":"first","11":"instock","12":"purchasable","13":"product-type-simple"},"yoast_head":"<!-- This site is optimized with the Yoast SEO plugin v27.3 - https:\/\/yoast.com\/product\/yoast-seo-wordpress\/ -->\n<title>2026 Y\u0131lba\u015f\u0131 \u00d6zel \u2013 Faset Kesim Sitrin Kolye - Astrolog Elvan<\/title>\n<meta name=\"robots\" content=\"index, follow, max-snippet:-1, max-image-preview:large, max-video-preview:-1\" \/>\n<link rel=\"canonical\" href=\"https:\/\/astrologelvan.com\/magaza\/urun\/2026-yilbasi-ozel-faset-kesim-sitrin-kolye\/\" \/>\n<meta property=\"og:locale\" content=\"tr_TR\" \/>\n<meta property=\"og:type\" content=\"article\" \/>\n<meta property=\"og:title\" content=\"2026 Y\u0131lba\u015f\u0131 \u00d6zel \u2013 Faset Kesim Sitrin Kolye - Astrolog Elvan\" \/>\n<meta property=\"og:description\" content=\"\ud83d\udc9b Para \u2022 \u015eans \u2022 Bereket  Yeni y\u0131la bolluk, bereket ve \u015fans enerjisiyle girin. Para ta\u015f\u0131 olarak bilinen Sitrin, bolluk, ba\u015far\u0131 ve zenginlik enerjisini hayat\u0131na \u00e7ekmek isteyenlerin vazge\u00e7ilmez ta\u015f\u0131d\u0131r.  2026\u2019ya \u00f6zel haz\u0131rlanan faset kesim Sitrin kolye, \u0131\u015f\u0131\u011f\u0131 yans\u0131tan \u00f6zel kesimiyle hem enerjisi hem de \u015f\u0131k g\u00f6r\u00fcn\u00fcm\u00fcyle g\u00fc\u00e7l\u00fc bir etki yarat\u0131r.  Sitrin, Ayn\u0131 zamanda motivasyonu y\u00fckseltir, kendine g\u00fcveni art\u0131r\u0131r ve i\u00e7indeki ne\u015feyi yeniden uyand\u0131r\u0131r.  Do\u011fal Faset Kesim Sitrin Ta\u015f\u0131  Arka Aparat: 925 Ayar G\u00fcm\u00fc\u015f Gold Alt\u0131n Kaplama  2026 Y\u0131lba\u015f\u0131 \u00d6zel Tasar\u0131m\" \/>\n<meta property=\"og:url\" content=\"https:\/\/astrologelvan.com\/magaza\/urun\/2026-yilbasi-ozel-faset-kesim-sitrin-kolye\/\" \/>\n<meta property=\"og:site_name\" content=\"Astrolog Elvan\" \/>\n<meta property=\"article:modified_time\" content=\"2025-12-27T04:14:39+00:00\" \/>\n<meta property=\"og:image\" content=\"https:\/\/astrologelvan.com\/magaza\/wp-content\/uploads\/2025\/12\/IMG_7192-scaled.webp\" \/>\n\t<meta property=\"og:image:width\" content=\"1920\" \/>\n\t<meta property=\"og:image:height\" content=\"2560\" \/>\n\t<meta property=\"og:image:type\" content=\"image\/webp\" \/>\n<meta name=\"twitter:card\" content=\"summary_large_image\" \/>\n<script type=\"application\/ld+json\" class=\"yoast-schema-graph\">{\"@context\":\"https:\\\/\\\/schema.org\",\"@graph\":[{\"@type\":[\"WebPage\",\"ItemPage\"],\"@id\":\"https:\\\/\\\/astrologelvan.com\\\/magaza\\\/urun\\\/2026-yilbasi-ozel-faset-kesim-sitrin-kolye\\\/\",\"url\":\"https:\\\/\\\/astrologelvan.com\\\/magaza\\\/urun\\\/2026-yilbasi-ozel-faset-kesim-sitrin-kolye\\\/\",\"name\":\"2026 Y\u0131lba\u015f\u0131 \u00d6zel \u2013 Faset Kesim Sitrin Kolye - Astrolog Elvan\",\"isPartOf\":{\"@id\":\"https:\\\/\\\/astrologelvan.com\\\/magaza\\\/#website\"},\"primaryImageOfPage\":{\"@id\":\"https:\\\/\\\/astrologelvan.com\\\/magaza\\\/urun\\\/2026-yilbasi-ozel-faset-kesim-sitrin-kolye\\\/#primaryimage\"},\"image\":{\"@id\":\"https:\\\/\\\/astrologelvan.com\\\/magaza\\\/urun\\\/2026-yilbasi-ozel-faset-kesim-sitrin-kolye\\\/#primaryimage\"},\"thumbnailUrl\":\"https:\\\/\\\/astrologelvan.com\\\/magaza\\\/wp-content\\\/uploads\\\/2025\\\/12\\\/IMG_7192-scaled.webp\",\"datePublished\":\"2025-12-18T13:03:45+00:00\",\"dateModified\":\"2025-12-27T04:14:39+00:00\",\"breadcrumb\":{\"@id\":\"https:\\\/\\\/astrologelvan.com\\\/magaza\\\/urun\\\/2026-yilbasi-ozel-faset-kesim-sitrin-kolye\\\/#breadcrumb\"},\"inLanguage\":\"tr\",\"potentialAction\":[{\"@type\":\"ReadAction\",\"target\":[\"https:\\\/\\\/astrologelvan.com\\\/magaza\\\/urun\\\/2026-yilbasi-ozel-faset-kesim-sitrin-kolye\\\/\"]}]},{\"@type\":\"ImageObject\",\"inLanguage\":\"tr\",\"@id\":\"https:\\\/\\\/astrologelvan.com\\\/magaza\\\/urun\\\/2026-yilbasi-ozel-faset-kesim-sitrin-kolye\\\/#primaryimage\",\"url\":\"https:\\\/\\\/astrologelvan.com\\\/magaza\\\/wp-content\\\/uploads\\\/2025\\\/12\\\/IMG_7192-scaled.webp\",\"contentUrl\":\"https:\\\/\\\/astrologelvan.com\\\/magaza\\\/wp-content\\\/uploads\\\/2025\\\/12\\\/IMG_7192-scaled.webp\",\"width\":1920,\"height\":2560},{\"@type\":\"BreadcrumbList\",\"@id\":\"https:\\\/\\\/astrologelvan.com\\\/magaza\\\/urun\\\/2026-yilbasi-ozel-faset-kesim-sitrin-kolye\\\/#breadcrumb\",\"itemListElement\":[{\"@type\":\"ListItem\",\"position\":1,\"name\":\"Anasayfa\",\"item\":\"https:\\\/\\\/astrologelvan.com\\\/magaza\\\/\"},{\"@type\":\"ListItem\",\"position\":2,\"name\":\"Ma\u011faza\",\"item\":\"https:\\\/\\\/astrologelvan.com\\\/magaza\\\/magaza\\\/\"},{\"@type\":\"ListItem\",\"position\":3,\"name\":\"2026 Y\u0131lba\u015f\u0131 \u00d6zel \u2013 Faset Kesim Sitrin Kolye\"}]},{\"@type\":\"WebSite\",\"@id\":\"https:\\\/\\\/astrologelvan.com\\\/magaza\\\/#website\",\"url\":\"https:\\\/\\\/astrologelvan.com\\\/magaza\\\/\",\"name\":\"Astrolog Elvan\",\"description\":\"\",\"potentialAction\":[{\"@type\":\"SearchAction\",\"target\":{\"@type\":\"EntryPoint\",\"urlTemplate\":\"https:\\\/\\\/astrologelvan.com\\\/magaza\\\/?s={search_term_string}\"},\"query-input\":{\"@type\":\"PropertyValueSpecification\",\"valueRequired\":true,\"valueName\":\"search_term_string\"}}],\"inLanguage\":\"tr\"}]}<\/script>\n<!-- \/ Yoast SEO plugin. -->","yoast_head_json":{"title":"2026 Y\u0131lba\u015f\u0131 \u00d6zel \u2013 Faset Kesim Sitrin Kolye - Astrolog Elvan","robots":{"index":"index","follow":"follow","max-snippet":"max-snippet:-1","max-image-preview":"max-image-preview:large","max-video-preview":"max-video-preview:-1"},"canonical":"https:\/\/astrologelvan.com\/magaza\/urun\/2026-yilbasi-ozel-faset-kesim-sitrin-kolye\/","og_locale":"tr_TR","og_type":"article","og_title":"2026 Y\u0131lba\u015f\u0131 \u00d6zel \u2013 Faset Kesim Sitrin Kolye - Astrolog Elvan","og_description":"\ud83d\udc9b Para \u2022 \u015eans \u2022 Bereket  Yeni y\u0131la bolluk, bereket ve \u015fans enerjisiyle girin. Para ta\u015f\u0131 olarak bilinen Sitrin, bolluk, ba\u015far\u0131 ve zenginlik enerjisini hayat\u0131na \u00e7ekmek isteyenlerin vazge\u00e7ilmez ta\u015f\u0131d\u0131r.  2026\u2019ya \u00f6zel haz\u0131rlanan faset kesim Sitrin kolye, \u0131\u015f\u0131\u011f\u0131 yans\u0131tan \u00f6zel kesimiyle hem enerjisi hem de \u015f\u0131k g\u00f6r\u00fcn\u00fcm\u00fcyle g\u00fc\u00e7l\u00fc bir etki yarat\u0131r.  Sitrin, Ayn\u0131 zamanda motivasyonu y\u00fckseltir, kendine g\u00fcveni art\u0131r\u0131r ve i\u00e7indeki ne\u015feyi yeniden uyand\u0131r\u0131r.  Do\u011fal Faset Kesim Sitrin Ta\u015f\u0131  Arka Aparat: 925 Ayar G\u00fcm\u00fc\u015f Gold Alt\u0131n Kaplama  2026 Y\u0131lba\u015f\u0131 \u00d6zel Tasar\u0131m","og_url":"https:\/\/astrologelvan.com\/magaza\/urun\/2026-yilbasi-ozel-faset-kesim-sitrin-kolye\/","og_site_name":"Astrolog Elvan","article_modified_time":"2025-12-27T04:14:39+00:00","og_image":[{"width":1920,"height":2560,"url":"https:\/\/astrologelvan.com\/magaza\/wp-content\/uploads\/2025\/12\/IMG_7192-scaled.webp","type":"image\/webp"}],"twitter_card":"summary_large_image","schema":{"@context":"https:\/\/schema.org","@graph":[{"@type":["WebPage","ItemPage"],"@id":"https:\/\/astrologelvan.com\/magaza\/urun\/2026-yilbasi-ozel-faset-kesim-sitrin-kolye\/","url":"https:\/\/astrologelvan.com\/magaza\/urun\/2026-yilbasi-ozel-faset-kesim-sitrin-kolye\/","name":"2026 Y\u0131lba\u015f\u0131 \u00d6zel \u2013 Faset Kesim Sitrin Kolye - Astrolog Elvan","isPartOf":{"@id":"https:\/\/astrologelvan.com\/magaza\/#website"},"primaryImageOfPage":{"@id":"https:\/\/astrologelvan.com\/magaza\/urun\/2026-yilbasi-ozel-faset-kesim-sitrin-kolye\/#primaryimage"},"image":{"@id":"https:\/\/astrologelvan.com\/magaza\/urun\/2026-yilbasi-ozel-faset-kesim-sitrin-kolye\/#primaryimage"},"thumbnailUrl":"https:\/\/astrologelvan.com\/magaza\/wp-content\/uploads\/2025\/12\/IMG_7192-scaled.webp","datePublished":"2025-12-18T13:03:45+00:00","dateModified":"2025-12-27T04:14:39+00:00","breadcrumb":{"@id":"https:\/\/astrologelvan.com\/magaza\/urun\/2026-yilbasi-ozel-faset-kesim-sitrin-kolye\/#breadcrumb"},"inLanguage":"tr","potentialAction":[{"@type":"ReadAction","target":["https:\/\/astrologelvan.com\/magaza\/urun\/2026-yilbasi-ozel-faset-kesim-sitrin-kolye\/"]}]},{"@type":"ImageObject","inLanguage":"tr","@id":"https:\/\/astrologelvan.com\/magaza\/urun\/2026-yilbasi-ozel-faset-kesim-sitrin-kolye\/#primaryimage","url":"https:\/\/astrologelvan.com\/magaza\/wp-content\/uploads\/2025\/12\/IMG_7192-scaled.webp","contentUrl":"https:\/\/astrologelvan.com\/magaza\/wp-content\/uploads\/2025\/12\/IMG_7192-scaled.webp","width":1920,"height":2560},{"@type":"BreadcrumbList","@id":"https:\/\/astrologelvan.com\/magaza\/urun\/2026-yilbasi-ozel-faset-kesim-sitrin-kolye\/#breadcrumb","itemListElement":[{"@type":"ListItem","position":1,"name":"Anasayfa","item":"https:\/\/astrologelvan.com\/magaza\/"},{"@type":"ListItem","position":2,"name":"Ma\u011faza","item":"https:\/\/astrologelvan.com\/magaza\/magaza\/"},{"@type":"ListItem","position":3,"name":"2026 Y\u0131lba\u015f\u0131 \u00d6zel \u2013 Faset Kesim Sitrin Kolye"}]},{"@type":"WebSite","@id":"https:\/\/astrologelvan.com\/magaza\/#website","url":"https:\/\/astrologelvan.com\/magaza\/","name":"Astrolog Elvan","description":"","potentialAction":[{"@type":"SearchAction","target":{"@type":"EntryPoint","urlTemplate":"https:\/\/astrologelvan.com\/magaza\/?s={search_term_string}"},"query-input":{"@type":"PropertyValueSpecification","valueRequired":true,"valueName":"search_term_string"}}],"inLanguage":"tr"}]}},"_links":{"self":[{"href":"https:\/\/astrologelvan.com\/magaza\/wp-json\/wp\/v2\/product\/138598","targetHints":{"allow":["GET"]}}],"collection":[{"href":"https:\/\/astrologelvan.com\/magaza\/wp-json\/wp\/v2\/product"}],"about":[{"href":"https:\/\/astrologelvan.com\/magaza\/wp-json\/wp\/v2\/types\/product"}],"replies":[{"embeddable":true,"href":"https:\/\/astrologelvan.com\/magaza\/wp-json\/wp\/v2\/comments?post=138598"}],"wp:featuredmedia":[{"embeddable":true,"href":"https:\/\/astrologelvan.com\/magaza\/wp-json\/wp\/v2\/media\/138638"}],"wp:attachment":[{"href":"https:\/\/astrologelvan.com\/magaza\/wp-json\/wp\/v2\/media?parent=138598"}],"wp:term":[{"taxonomy":"product_brand","embeddable":true,"href":"https:\/\/astrologelvan.com\/magaza\/wp-json\/wp\/v2\/product_brand?post=138598"},{"taxonomy":"product_cat","embeddable":true,"href":"https:\/\/astrologelvan.com\/magaza\/wp-json\/wp\/v2\/product_cat?post=138598"},{"taxonomy":"product_tag","embeddable":true,"href":"https:\/\/astrologelvan.com\/magaza\/wp-json\/wp\/v2\/product_tag?post=138598"}],"curies":[{"name":"wp","href":"https:\/\/api.w.org\/{rel}","templated":true}]}}