{"id":133210,"date":"2025-12-07T16:24:06","date_gmt":"2025-12-07T13:24:06","guid":{"rendered":"https:\/\/astrologelvan.com\/magaza\/?post_type=product&#038;p=133210"},"modified":"2026-03-18T15:28:38","modified_gmt":"2026-03-18T12:28:38","slug":"pembe-kuvars-ask-agaci","status":"publish","type":"product","link":"https:\/\/astrologelvan.com\/magaza\/urun\/pembe-kuvars-ask-agaci\/","title":{"rendered":"Pembe Kuvars A\u015fk A\u011fac\u0131"},"content":{"rendered":"","protected":false},"excerpt":{"rendered":"<div>Pembe kuvars\u0131n kalp \u00e7akras\u0131n\u0131 a\u00e7an zarif titre\u015fimi, bu kaya\u00e7 formundaki a\u015fk a\u011fac\u0131nda hayat buluyor. Evin \u00f6zellikle yatak odas\u0131nda konumland\u0131r\u0131ld\u0131\u011f\u0131nda, ili\u015fkilerde sevgi ak\u0131\u015f\u0131n\u0131 art\u0131rd\u0131\u011f\u0131na, romantizmi canland\u0131rd\u0131\u011f\u0131na ve aradaki ba\u011f\u0131 yumu\u015fac\u0131k bir enerjiyle besledi\u011fine inan\u0131l\u0131r.<\/div>\n<div><\/div>\n<div>Her bir dal\u0131, a\u015fk\u0131n \u00e7o\u011falmas\u0131n\u0131; her bir kristal yapra\u011f\u0131, kalbin yeniden a\u00e7\u0131l\u0131\u015f\u0131n\u0131 temsil eder.<\/div>\n<div><\/div>\n<div>A\u015fk hayat\u0131n\u0131 canland\u0131rmak isteyen herkes i\u00e7in ideal.<\/div>\n<div>Hemen sahip olun, a\u015fk enerjisini evinize davet edin.<\/div>\n","protected":false},"featured_media":133213,"comment_status":"open","ping_status":"closed","template":"","meta":[],"product_brand":[596],"product_cat":[65,8336],"product_tag":[],"class_list":{"0":"post-133210","1":"product","2":"type-product","3":"status-publish","4":"has-post-thumbnail","6":"product_brand-astrolog-elvan","7":"product_cat-sitrin-dogal-tas","8":"product_cat--dekoratif-objeler","10":"first","11":"instock","12":"taxable","13":"shipping-taxable","14":"purchasable","15":"product-type-simple"},"yoast_head":"<!-- This site is optimized with the Yoast SEO plugin v27.3 - https:\/\/yoast.com\/product\/yoast-seo-wordpress\/ -->\n<title>Pembe Kuvars A\u015fk A\u011fac\u0131 - Astrolog Elvan<\/title>\n<meta name=\"robots\" content=\"index, follow, max-snippet:-1, max-image-preview:large, max-video-preview:-1\" \/>\n<link rel=\"canonical\" href=\"https:\/\/astrologelvan.com\/magaza\/urun\/pembe-kuvars-ask-agaci\/\" \/>\n<meta property=\"og:locale\" content=\"tr_TR\" \/>\n<meta property=\"og:type\" content=\"article\" \/>\n<meta property=\"og:title\" content=\"Pembe Kuvars A\u015fk A\u011fac\u0131 - Astrolog Elvan\" \/>\n<meta property=\"og:description\" content=\"Pembe kuvars\u0131n kalp \u00e7akras\u0131n\u0131 a\u00e7an zarif titre\u015fimi, bu kaya\u00e7 formundaki a\u015fk a\u011fac\u0131nda hayat buluyor. Evin \u00f6zellikle yatak odas\u0131nda konumland\u0131r\u0131ld\u0131\u011f\u0131nda, ili\u015fkilerde sevgi ak\u0131\u015f\u0131n\u0131 art\u0131rd\u0131\u011f\u0131na, romantizmi canland\u0131rd\u0131\u011f\u0131na ve aradaki ba\u011f\u0131 yumu\u015fac\u0131k bir enerjiyle besledi\u011fine inan\u0131l\u0131r.  Her bir dal\u0131, a\u015fk\u0131n \u00e7o\u011falmas\u0131n\u0131; her bir kristal yapra\u011f\u0131, kalbin yeniden a\u00e7\u0131l\u0131\u015f\u0131n\u0131 temsil eder.  A\u015fk hayat\u0131n\u0131 canland\u0131rmak isteyen herkes i\u00e7in ideal. Hemen sahip olun, a\u015fk enerjisini evinize davet edin.\" \/>\n<meta property=\"og:url\" content=\"https:\/\/astrologelvan.com\/magaza\/urun\/pembe-kuvars-ask-agaci\/\" \/>\n<meta property=\"og:site_name\" content=\"Astrolog Elvan\" \/>\n<meta property=\"article:modified_time\" content=\"2026-03-18T12:28:38+00:00\" \/>\n<meta name=\"twitter:card\" content=\"summary_large_image\" \/>\n<meta name=\"twitter:label1\" content=\"Tahmini okuma s\u00fcresi\" \/>\n\t<meta name=\"twitter:data1\" content=\"1 dakika\" \/>\n<script type=\"application\/ld+json\" class=\"yoast-schema-graph\">{\"@context\":\"https:\\\/\\\/schema.org\",\"@graph\":[{\"@type\":[\"WebPage\",\"ItemPage\"],\"@id\":\"https:\\\/\\\/astrologelvan.com\\\/magaza\\\/urun\\\/pembe-kuvars-ask-agaci\\\/\",\"url\":\"https:\\\/\\\/astrologelvan.com\\\/magaza\\\/urun\\\/pembe-kuvars-ask-agaci\\\/\",\"name\":\"Pembe Kuvars A\u015fk A\u011fac\u0131 - Astrolog Elvan\",\"isPartOf\":{\"@id\":\"https:\\\/\\\/astrologelvan.com\\\/magaza\\\/#website\"},\"primaryImageOfPage\":{\"@id\":\"https:\\\/\\\/astrologelvan.com\\\/magaza\\\/urun\\\/pembe-kuvars-ask-agaci\\\/#primaryimage\"},\"image\":{\"@id\":\"https:\\\/\\\/astrologelvan.com\\\/magaza\\\/urun\\\/pembe-kuvars-ask-agaci\\\/#primaryimage\"},\"thumbnailUrl\":\"https:\\\/\\\/astrologelvan.com\\\/magaza\\\/wp-content\\\/uploads\\\/2025\\\/12\\\/IMG_6107-scaled.jpg\",\"datePublished\":\"2025-12-07T13:24:06+00:00\",\"dateModified\":\"2026-03-18T12:28:38+00:00\",\"breadcrumb\":{\"@id\":\"https:\\\/\\\/astrologelvan.com\\\/magaza\\\/urun\\\/pembe-kuvars-ask-agaci\\\/#breadcrumb\"},\"inLanguage\":\"tr\",\"potentialAction\":[{\"@type\":\"ReadAction\",\"target\":[\"https:\\\/\\\/astrologelvan.com\\\/magaza\\\/urun\\\/pembe-kuvars-ask-agaci\\\/\"]}]},{\"@type\":\"ImageObject\",\"inLanguage\":\"tr\",\"@id\":\"https:\\\/\\\/astrologelvan.com\\\/magaza\\\/urun\\\/pembe-kuvars-ask-agaci\\\/#primaryimage\",\"url\":\"https:\\\/\\\/astrologelvan.com\\\/magaza\\\/wp-content\\\/uploads\\\/2025\\\/12\\\/IMG_6107-scaled.jpg\",\"contentUrl\":\"https:\\\/\\\/astrologelvan.com\\\/magaza\\\/wp-content\\\/uploads\\\/2025\\\/12\\\/IMG_6107-scaled.jpg\",\"width\":1440,\"height\":2560},{\"@type\":\"BreadcrumbList\",\"@id\":\"https:\\\/\\\/astrologelvan.com\\\/magaza\\\/urun\\\/pembe-kuvars-ask-agaci\\\/#breadcrumb\",\"itemListElement\":[{\"@type\":\"ListItem\",\"position\":1,\"name\":\"Anasayfa\",\"item\":\"https:\\\/\\\/astrologelvan.com\\\/magaza\\\/\"},{\"@type\":\"ListItem\",\"position\":2,\"name\":\"Ma\u011faza\",\"item\":\"https:\\\/\\\/astrologelvan.com\\\/magaza\\\/magaza\\\/\"},{\"@type\":\"ListItem\",\"position\":3,\"name\":\"Pembe Kuvars A\u015fk A\u011fac\u0131\"}]},{\"@type\":\"WebSite\",\"@id\":\"https:\\\/\\\/astrologelvan.com\\\/magaza\\\/#website\",\"url\":\"https:\\\/\\\/astrologelvan.com\\\/magaza\\\/\",\"name\":\"Astrolog Elvan\",\"description\":\"\",\"potentialAction\":[{\"@type\":\"SearchAction\",\"target\":{\"@type\":\"EntryPoint\",\"urlTemplate\":\"https:\\\/\\\/astrologelvan.com\\\/magaza\\\/?s={search_term_string}\"},\"query-input\":{\"@type\":\"PropertyValueSpecification\",\"valueRequired\":true,\"valueName\":\"search_term_string\"}}],\"inLanguage\":\"tr\"}]}<\/script>\n<!-- \/ Yoast SEO plugin. -->","yoast_head_json":{"title":"Pembe Kuvars A\u015fk A\u011fac\u0131 - Astrolog Elvan","robots":{"index":"index","follow":"follow","max-snippet":"max-snippet:-1","max-image-preview":"max-image-preview:large","max-video-preview":"max-video-preview:-1"},"canonical":"https:\/\/astrologelvan.com\/magaza\/urun\/pembe-kuvars-ask-agaci\/","og_locale":"tr_TR","og_type":"article","og_title":"Pembe Kuvars A\u015fk A\u011fac\u0131 - Astrolog Elvan","og_description":"Pembe kuvars\u0131n kalp \u00e7akras\u0131n\u0131 a\u00e7an zarif titre\u015fimi, bu kaya\u00e7 formundaki a\u015fk a\u011fac\u0131nda hayat buluyor. Evin \u00f6zellikle yatak odas\u0131nda konumland\u0131r\u0131ld\u0131\u011f\u0131nda, ili\u015fkilerde sevgi ak\u0131\u015f\u0131n\u0131 art\u0131rd\u0131\u011f\u0131na, romantizmi canland\u0131rd\u0131\u011f\u0131na ve aradaki ba\u011f\u0131 yumu\u015fac\u0131k bir enerjiyle besledi\u011fine inan\u0131l\u0131r.  Her bir dal\u0131, a\u015fk\u0131n \u00e7o\u011falmas\u0131n\u0131; her bir kristal yapra\u011f\u0131, kalbin yeniden a\u00e7\u0131l\u0131\u015f\u0131n\u0131 temsil eder.  A\u015fk hayat\u0131n\u0131 canland\u0131rmak isteyen herkes i\u00e7in ideal. Hemen sahip olun, a\u015fk enerjisini evinize davet edin.","og_url":"https:\/\/astrologelvan.com\/magaza\/urun\/pembe-kuvars-ask-agaci\/","og_site_name":"Astrolog Elvan","article_modified_time":"2026-03-18T12:28:38+00:00","twitter_card":"summary_large_image","twitter_misc":{"Tahmini okuma s\u00fcresi":"1 dakika"},"schema":{"@context":"https:\/\/schema.org","@graph":[{"@type":["WebPage","ItemPage"],"@id":"https:\/\/astrologelvan.com\/magaza\/urun\/pembe-kuvars-ask-agaci\/","url":"https:\/\/astrologelvan.com\/magaza\/urun\/pembe-kuvars-ask-agaci\/","name":"Pembe Kuvars A\u015fk A\u011fac\u0131 - Astrolog Elvan","isPartOf":{"@id":"https:\/\/astrologelvan.com\/magaza\/#website"},"primaryImageOfPage":{"@id":"https:\/\/astrologelvan.com\/magaza\/urun\/pembe-kuvars-ask-agaci\/#primaryimage"},"image":{"@id":"https:\/\/astrologelvan.com\/magaza\/urun\/pembe-kuvars-ask-agaci\/#primaryimage"},"thumbnailUrl":"https:\/\/astrologelvan.com\/magaza\/wp-content\/uploads\/2025\/12\/IMG_6107-scaled.jpg","datePublished":"2025-12-07T13:24:06+00:00","dateModified":"2026-03-18T12:28:38+00:00","breadcrumb":{"@id":"https:\/\/astrologelvan.com\/magaza\/urun\/pembe-kuvars-ask-agaci\/#breadcrumb"},"inLanguage":"tr","potentialAction":[{"@type":"ReadAction","target":["https:\/\/astrologelvan.com\/magaza\/urun\/pembe-kuvars-ask-agaci\/"]}]},{"@type":"ImageObject","inLanguage":"tr","@id":"https:\/\/astrologelvan.com\/magaza\/urun\/pembe-kuvars-ask-agaci\/#primaryimage","url":"https:\/\/astrologelvan.com\/magaza\/wp-content\/uploads\/2025\/12\/IMG_6107-scaled.jpg","contentUrl":"https:\/\/astrologelvan.com\/magaza\/wp-content\/uploads\/2025\/12\/IMG_6107-scaled.jpg","width":1440,"height":2560},{"@type":"BreadcrumbList","@id":"https:\/\/astrologelvan.com\/magaza\/urun\/pembe-kuvars-ask-agaci\/#breadcrumb","itemListElement":[{"@type":"ListItem","position":1,"name":"Anasayfa","item":"https:\/\/astrologelvan.com\/magaza\/"},{"@type":"ListItem","position":2,"name":"Ma\u011faza","item":"https:\/\/astrologelvan.com\/magaza\/magaza\/"},{"@type":"ListItem","position":3,"name":"Pembe Kuvars A\u015fk A\u011fac\u0131"}]},{"@type":"WebSite","@id":"https:\/\/astrologelvan.com\/magaza\/#website","url":"https:\/\/astrologelvan.com\/magaza\/","name":"Astrolog Elvan","description":"","potentialAction":[{"@type":"SearchAction","target":{"@type":"EntryPoint","urlTemplate":"https:\/\/astrologelvan.com\/magaza\/?s={search_term_string}"},"query-input":{"@type":"PropertyValueSpecification","valueRequired":true,"valueName":"search_term_string"}}],"inLanguage":"tr"}]}},"_links":{"self":[{"href":"https:\/\/astrologelvan.com\/magaza\/wp-json\/wp\/v2\/product\/133210","targetHints":{"allow":["GET"]}}],"collection":[{"href":"https:\/\/astrologelvan.com\/magaza\/wp-json\/wp\/v2\/product"}],"about":[{"href":"https:\/\/astrologelvan.com\/magaza\/wp-json\/wp\/v2\/types\/product"}],"replies":[{"embeddable":true,"href":"https:\/\/astrologelvan.com\/magaza\/wp-json\/wp\/v2\/comments?post=133210"}],"wp:featuredmedia":[{"embeddable":true,"href":"https:\/\/astrologelvan.com\/magaza\/wp-json\/wp\/v2\/media\/133213"}],"wp:attachment":[{"href":"https:\/\/astrologelvan.com\/magaza\/wp-json\/wp\/v2\/media?parent=133210"}],"wp:term":[{"taxonomy":"product_brand","embeddable":true,"href":"https:\/\/astrologelvan.com\/magaza\/wp-json\/wp\/v2\/product_brand?post=133210"},{"taxonomy":"product_cat","embeddable":true,"href":"https:\/\/astrologelvan.com\/magaza\/wp-json\/wp\/v2\/product_cat?post=133210"},{"taxonomy":"product_tag","embeddable":true,"href":"https:\/\/astrologelvan.com\/magaza\/wp-json\/wp\/v2\/product_tag?post=133210"}],"curies":[{"name":"wp","href":"https:\/\/api.w.org\/{rel}","templated":true}]}}