{"id":132127,"date":"2025-12-03T18:48:43","date_gmt":"2025-12-03T15:48:43","guid":{"rendered":"https:\/\/astrologelvan.com\/magaza\/?post_type=product&#038;p=132127"},"modified":"2026-01-12T13:19:16","modified_gmt":"2026-01-12T10:19:16","slug":"uyanis-ajandasi-2026-3-baski","status":"publish","type":"product","link":"https:\/\/astrologelvan.com\/magaza\/urun\/uyanis-ajandasi-2026-3-baski\/","title":{"rendered":"Uyan\u0131\u015f Ajandas\u0131 2026 \ud83c\udf1f 3. BASKI"},"content":{"rendered":"","protected":false},"excerpt":{"rendered":"<div><em><strong>Bu ajanday\u0131 sadece uyanmaya karar verenler alabilecek.\u00a0<\/strong><\/em><\/div>\n<div><strong>7777<\/strong> adet \u00fcretildi. Bu say\u0131 bilerek se\u00e7ildi; d\u00f6n\u00fc\u015f\u00fcm, fark\u0131ndal\u0131k, mucizeleri g\u00f6rme ve yeni ba\u015flang\u0131\u00e7lar\u0131n titre\u015fimini ta\u015f\u0131yor. Peki sen kendi uyan\u0131\u015f\u0131na haz\u0131r m\u0131s\u0131n?<\/div>\n<div><\/div>\n<div>Ajandan\u0131n ana sembol\u00fc Merkaba, Kabala ve Antik M\u0131s\u0131r\u2019da ba\u015fka d\u00fcnyalar ile ba\u011f kurman\u0131z\u0131 sa\u011flayacak. Ruhun, bu ajanday\u0131 ald\u0131\u011f\u0131 andan itibaren kendi yolculu\u011funa ba\u015flayacak. Ve rotas\u0131 bu ajandan\u0131n sayfalar\u0131nda gizli.<\/div>\n<div><\/div>\n<div>\ud83e\uddda\ud83c\udffb\u200d\u2642\ufe0f 7 \u00c7akray\u0131 sembolize eden periler, bu ajandan\u0131n girdi\u011fi her alanda ne\u015fe titre\u015fimi sa\u011flayacak.<\/div>\n<div>\u2600\ufe0f\ud83c\udf19 G\u00fcne\u015f ve Ay, ne zaman i\u00e7indeki erili ve di\u015fili unutursan sana hat\u0131rlats\u0131n diye.<\/div>\n<div>\ud83e\ude90 Sat\u00fcrn ve Nept\u00fcn ise sorumluluk ald\u0131k\u00e7a hayallerinin ad\u0131m ad\u0131m ger\u00e7e\u011fin oldu\u011funu g\u00f6sterecek.<\/div>\n<div>\ud83d\udc0b Bal\u0131k, bollu\u011fun ve bereketin bilin\u00e7alt\u0131nla bar\u0131\u015ft\u0131k\u00e7a su y\u00fcz\u00fcne \u00e7\u0131kmas\u0131na yard\u0131m edecek.<\/div>\n<div>\ud83d\udc0e Bu senenin sembol\u00fc at. \u00d6zg\u00fcrl\u00fck, hareket ve de\u011fi\u015fim y\u0131l\u0131. At; kendi yolunda \u00f6zg\u00fcrle\u015fmek isteyen herkese, yol g\u00f6sterecek.<\/div>\n<div><\/div>\n<div><strong>Uyan\u0131\u015f Ajandas\u0131\u2019n\u0131 Nas\u0131l Kullanacaks\u0131n?\u00a0<\/strong><\/div>\n<div><\/div>\n<div>Ve bu ajanday\u0131 eline ald\u0131\u011f\u0131n an senin uyan\u0131\u015f yolculu\u011fun ba\u015flayacak. Ve yazd\u0131\u011f\u0131n her niyetin, ger\u00e7e\u011fin olacak.<\/div>\n<div><\/div>\n<div>\n<p>\ud83d\udcdd <strong>Yapman gereken:<\/strong> Ajanda i\u00e7indeki U\u011furlu G\u00fcnler\u2019de mutlaka ajandan\u0131 eline alman ve g\u00f6zleri kapay\u0131p, rasgele sayfalar\u0131 kar\u0131\u015ft\u0131r\u0131p, i\u00e7inden bir sayfa se\u00e7men. Ve dile\u011fini o sayfaya, \u201cBu \u015fimdi senin hayat\u0131nda var gibi\u201d yazman. Sahip oldu\u011funu hissetmen. Ve g\u00fcn\u00fc geldi\u011finde, dile\u011fini yazd\u0131\u011f\u0131n sayfaya bak. Mucizenin, kendi zihninde ba\u015flad\u0131\u011f\u0131n\u0131 sana hat\u0131rlatacak. \u00c7\u00fcnk\u00fc, bu ajandaya iyi niyetle yaz\u0131lan her \u015fey ger\u00e7e\u011fin olacak!<\/p>\n<\/div>\n<p>3986497851<br \/>\n54121381948<\/p>\n","protected":false},"featured_media":132128,"comment_status":"open","ping_status":"closed","template":"","meta":[],"product_brand":[596],"product_cat":[388,9494],"product_tag":[9545,9542,9544,9543],"class_list":{"0":"post-132127","1":"product","2":"type-product","3":"status-publish","4":"has-post-thumbnail","6":"product_brand-astrolog-elvan","7":"product_cat-astroloji-ajandasi","8":"product_cat--ajandalar","9":"product_tag-9545","10":"product_tag-ajanda","11":"product_tag-astroloji","12":"product_tag-uyanis","14":"first","15":"outofstock","16":"sale","17":"taxable","18":"shipping-taxable","19":"purchasable","20":"product-type-simple"},"yoast_head":"<!-- This site is optimized with the Yoast SEO plugin v27.3 - https:\/\/yoast.com\/product\/yoast-seo-wordpress\/ -->\n<title>Uyan\u0131\u015f Ajandas\u0131 2026 \ud83c\udf1f 3. BASKI - Astrolog Elvan<\/title>\n<meta name=\"robots\" content=\"index, follow, max-snippet:-1, max-image-preview:large, max-video-preview:-1\" \/>\n<link rel=\"canonical\" href=\"https:\/\/astrologelvan.com\/magaza\/urun\/uyanis-ajandasi-2026-3-baski\/\" \/>\n<meta property=\"og:locale\" content=\"tr_TR\" \/>\n<meta property=\"og:type\" content=\"article\" \/>\n<meta property=\"og:title\" content=\"Uyan\u0131\u015f Ajandas\u0131 2026 \ud83c\udf1f 3. BASKI - Astrolog Elvan\" \/>\n<meta property=\"og:description\" content=\"Bu ajanday\u0131 sadece uyanmaya karar verenler alabilecek.\u00a0 7777 adet \u00fcretildi. Bu say\u0131 bilerek se\u00e7ildi; d\u00f6n\u00fc\u015f\u00fcm, fark\u0131ndal\u0131k, mucizeleri g\u00f6rme ve yeni ba\u015flang\u0131\u00e7lar\u0131n titre\u015fimini ta\u015f\u0131yor. Peki sen kendi uyan\u0131\u015f\u0131na haz\u0131r m\u0131s\u0131n?  Ajandan\u0131n ana sembol\u00fc Merkaba, Kabala ve Antik M\u0131s\u0131r\u2019da ba\u015fka d\u00fcnyalar ile ba\u011f kurman\u0131z\u0131 sa\u011flayacak. Ruhun, bu ajanday\u0131 ald\u0131\u011f\u0131 andan itibaren kendi yolculu\u011funa ba\u015flayacak. Ve rotas\u0131 bu ajandan\u0131n sayfalar\u0131nda gizli.  \ud83e\uddda\ud83c\udffb\u200d\u2642\ufe0f 7 \u00c7akray\u0131 sembolize eden periler, bu ajandan\u0131n girdi\u011fi her alanda ne\u015fe titre\u015fimi sa\u011flayacak. \u2600\ufe0f\ud83c\udf19 G\u00fcne\u015f ve Ay, ne zaman i\u00e7indeki erili ve di\u015fili unutursan sana hat\u0131rlats\u0131n diye. \ud83e\ude90 Sat\u00fcrn ve Nept\u00fcn ise sorumluluk ald\u0131k\u00e7a hayallerinin ad\u0131m ad\u0131m ger\u00e7e\u011fin oldu\u011funu g\u00f6sterecek. \ud83d\udc0b Bal\u0131k, bollu\u011fun ve bereketin bilin\u00e7alt\u0131nla bar\u0131\u015ft\u0131k\u00e7a su y\u00fcz\u00fcne \u00e7\u0131kmas\u0131na yard\u0131m edecek. \ud83d\udc0e Bu senenin sembol\u00fc at. \u00d6zg\u00fcrl\u00fck, hareket ve de\u011fi\u015fim y\u0131l\u0131. At; kendi yolunda \u00f6zg\u00fcrle\u015fmek isteyen herkese, yol g\u00f6sterecek.  Uyan\u0131\u015f Ajandas\u0131\u2019n\u0131 Nas\u0131l Kullanacaks\u0131n?\u00a0  Ve bu ajanday\u0131 eline ald\u0131\u011f\u0131n an senin uyan\u0131\u015f yolculu\u011fun ba\u015flayacak. Ve yazd\u0131\u011f\u0131n her niyetin, ger\u00e7e\u011fin olacak.    \ud83d\udcdd Yapman gereken: Ajanda i\u00e7indeki U\u011furlu G\u00fcnler\u2019de mutlaka ajandan\u0131 eline alman ve g\u00f6zleri kapay\u0131p, rasgele sayfalar\u0131 kar\u0131\u015ft\u0131r\u0131p, i\u00e7inden bir sayfa se\u00e7men. Ve dile\u011fini o sayfaya, \u201cBu \u015fimdi senin hayat\u0131nda var gibi\u201d yazman. Sahip oldu\u011funu hissetmen. Ve g\u00fcn\u00fc geldi\u011finde, dile\u011fini yazd\u0131\u011f\u0131n sayfaya bak. Mucizenin, kendi zihninde ba\u015flad\u0131\u011f\u0131n\u0131 sana hat\u0131rlatacak. \u00c7\u00fcnk\u00fc, bu ajandaya iyi niyetle yaz\u0131lan her \u015fey ger\u00e7e\u011fin olacak!   3986497851 54121381948\" \/>\n<meta property=\"og:url\" content=\"https:\/\/astrologelvan.com\/magaza\/urun\/uyanis-ajandasi-2026-3-baski\/\" \/>\n<meta property=\"og:site_name\" content=\"Astrolog Elvan\" \/>\n<meta property=\"article:modified_time\" content=\"2026-01-12T10:19:16+00:00\" \/>\n<meta property=\"og:image\" content=\"https:\/\/astrologelvan.com\/magaza\/wp-content\/uploads\/2025\/12\/3.Baski_Listeleme.webp\" \/>\n\t<meta property=\"og:image:width\" content=\"1000\" \/>\n\t<meta property=\"og:image:height\" content=\"1250\" \/>\n\t<meta property=\"og:image:type\" content=\"image\/webp\" \/>\n<meta name=\"twitter:card\" content=\"summary_large_image\" \/>\n<meta name=\"twitter:label1\" content=\"Tahmini okuma s\u00fcresi\" \/>\n\t<meta name=\"twitter:data1\" content=\"1 dakika\" \/>\n<script type=\"application\/ld+json\" class=\"yoast-schema-graph\">{\"@context\":\"https:\\\/\\\/schema.org\",\"@graph\":[{\"@type\":[\"WebPage\",\"ItemPage\"],\"@id\":\"https:\\\/\\\/astrologelvan.com\\\/magaza\\\/urun\\\/uyanis-ajandasi-2026-3-baski\\\/\",\"url\":\"https:\\\/\\\/astrologelvan.com\\\/magaza\\\/urun\\\/uyanis-ajandasi-2026-3-baski\\\/\",\"name\":\"Uyan\u0131\u015f Ajandas\u0131 2026 \ud83c\udf1f 3. BASKI - Astrolog Elvan\",\"isPartOf\":{\"@id\":\"https:\\\/\\\/astrologelvan.com\\\/magaza\\\/#website\"},\"primaryImageOfPage\":{\"@id\":\"https:\\\/\\\/astrologelvan.com\\\/magaza\\\/urun\\\/uyanis-ajandasi-2026-3-baski\\\/#primaryimage\"},\"image\":{\"@id\":\"https:\\\/\\\/astrologelvan.com\\\/magaza\\\/urun\\\/uyanis-ajandasi-2026-3-baski\\\/#primaryimage\"},\"thumbnailUrl\":\"https:\\\/\\\/astrologelvan.com\\\/magaza\\\/wp-content\\\/uploads\\\/2025\\\/12\\\/3.Baski_Listeleme.webp\",\"datePublished\":\"2025-12-03T15:48:43+00:00\",\"dateModified\":\"2026-01-12T10:19:16+00:00\",\"breadcrumb\":{\"@id\":\"https:\\\/\\\/astrologelvan.com\\\/magaza\\\/urun\\\/uyanis-ajandasi-2026-3-baski\\\/#breadcrumb\"},\"inLanguage\":\"tr\",\"potentialAction\":[{\"@type\":\"ReadAction\",\"target\":[\"https:\\\/\\\/astrologelvan.com\\\/magaza\\\/urun\\\/uyanis-ajandasi-2026-3-baski\\\/\"]}]},{\"@type\":\"ImageObject\",\"inLanguage\":\"tr\",\"@id\":\"https:\\\/\\\/astrologelvan.com\\\/magaza\\\/urun\\\/uyanis-ajandasi-2026-3-baski\\\/#primaryimage\",\"url\":\"https:\\\/\\\/astrologelvan.com\\\/magaza\\\/wp-content\\\/uploads\\\/2025\\\/12\\\/3.Baski_Listeleme.webp\",\"contentUrl\":\"https:\\\/\\\/astrologelvan.com\\\/magaza\\\/wp-content\\\/uploads\\\/2025\\\/12\\\/3.Baski_Listeleme.webp\",\"width\":1000,\"height\":1250},{\"@type\":\"BreadcrumbList\",\"@id\":\"https:\\\/\\\/astrologelvan.com\\\/magaza\\\/urun\\\/uyanis-ajandasi-2026-3-baski\\\/#breadcrumb\",\"itemListElement\":[{\"@type\":\"ListItem\",\"position\":1,\"name\":\"Anasayfa\",\"item\":\"https:\\\/\\\/astrologelvan.com\\\/magaza\\\/\"},{\"@type\":\"ListItem\",\"position\":2,\"name\":\"Ma\u011faza\",\"item\":\"https:\\\/\\\/astrologelvan.com\\\/magaza\\\/magaza\\\/\"},{\"@type\":\"ListItem\",\"position\":3,\"name\":\"Uyan\u0131\u015f Ajandas\u0131 2026 \ud83c\udf1f 3. BASKI\"}]},{\"@type\":\"WebSite\",\"@id\":\"https:\\\/\\\/astrologelvan.com\\\/magaza\\\/#website\",\"url\":\"https:\\\/\\\/astrologelvan.com\\\/magaza\\\/\",\"name\":\"Astrolog Elvan\",\"description\":\"\",\"potentialAction\":[{\"@type\":\"SearchAction\",\"target\":{\"@type\":\"EntryPoint\",\"urlTemplate\":\"https:\\\/\\\/astrologelvan.com\\\/magaza\\\/?s={search_term_string}\"},\"query-input\":{\"@type\":\"PropertyValueSpecification\",\"valueRequired\":true,\"valueName\":\"search_term_string\"}}],\"inLanguage\":\"tr\"}]}<\/script>\n<!-- \/ Yoast SEO plugin. -->","yoast_head_json":{"title":"Uyan\u0131\u015f Ajandas\u0131 2026 \ud83c\udf1f 3. BASKI - Astrolog Elvan","robots":{"index":"index","follow":"follow","max-snippet":"max-snippet:-1","max-image-preview":"max-image-preview:large","max-video-preview":"max-video-preview:-1"},"canonical":"https:\/\/astrologelvan.com\/magaza\/urun\/uyanis-ajandasi-2026-3-baski\/","og_locale":"tr_TR","og_type":"article","og_title":"Uyan\u0131\u015f Ajandas\u0131 2026 \ud83c\udf1f 3. BASKI - Astrolog Elvan","og_description":"Bu ajanday\u0131 sadece uyanmaya karar verenler alabilecek.\u00a0 7777 adet \u00fcretildi. Bu say\u0131 bilerek se\u00e7ildi; d\u00f6n\u00fc\u015f\u00fcm, fark\u0131ndal\u0131k, mucizeleri g\u00f6rme ve yeni ba\u015flang\u0131\u00e7lar\u0131n titre\u015fimini ta\u015f\u0131yor. Peki sen kendi uyan\u0131\u015f\u0131na haz\u0131r m\u0131s\u0131n?  Ajandan\u0131n ana sembol\u00fc Merkaba, Kabala ve Antik M\u0131s\u0131r\u2019da ba\u015fka d\u00fcnyalar ile ba\u011f kurman\u0131z\u0131 sa\u011flayacak. Ruhun, bu ajanday\u0131 ald\u0131\u011f\u0131 andan itibaren kendi yolculu\u011funa ba\u015flayacak. Ve rotas\u0131 bu ajandan\u0131n sayfalar\u0131nda gizli.  \ud83e\uddda\ud83c\udffb\u200d\u2642\ufe0f 7 \u00c7akray\u0131 sembolize eden periler, bu ajandan\u0131n girdi\u011fi her alanda ne\u015fe titre\u015fimi sa\u011flayacak. \u2600\ufe0f\ud83c\udf19 G\u00fcne\u015f ve Ay, ne zaman i\u00e7indeki erili ve di\u015fili unutursan sana hat\u0131rlats\u0131n diye. \ud83e\ude90 Sat\u00fcrn ve Nept\u00fcn ise sorumluluk ald\u0131k\u00e7a hayallerinin ad\u0131m ad\u0131m ger\u00e7e\u011fin oldu\u011funu g\u00f6sterecek. \ud83d\udc0b Bal\u0131k, bollu\u011fun ve bereketin bilin\u00e7alt\u0131nla bar\u0131\u015ft\u0131k\u00e7a su y\u00fcz\u00fcne \u00e7\u0131kmas\u0131na yard\u0131m edecek. \ud83d\udc0e Bu senenin sembol\u00fc at. \u00d6zg\u00fcrl\u00fck, hareket ve de\u011fi\u015fim y\u0131l\u0131. At; kendi yolunda \u00f6zg\u00fcrle\u015fmek isteyen herkese, yol g\u00f6sterecek.  Uyan\u0131\u015f Ajandas\u0131\u2019n\u0131 Nas\u0131l Kullanacaks\u0131n?\u00a0  Ve bu ajanday\u0131 eline ald\u0131\u011f\u0131n an senin uyan\u0131\u015f yolculu\u011fun ba\u015flayacak. Ve yazd\u0131\u011f\u0131n her niyetin, ger\u00e7e\u011fin olacak.    \ud83d\udcdd Yapman gereken: Ajanda i\u00e7indeki U\u011furlu G\u00fcnler\u2019de mutlaka ajandan\u0131 eline alman ve g\u00f6zleri kapay\u0131p, rasgele sayfalar\u0131 kar\u0131\u015ft\u0131r\u0131p, i\u00e7inden bir sayfa se\u00e7men. Ve dile\u011fini o sayfaya, \u201cBu \u015fimdi senin hayat\u0131nda var gibi\u201d yazman. Sahip oldu\u011funu hissetmen. Ve g\u00fcn\u00fc geldi\u011finde, dile\u011fini yazd\u0131\u011f\u0131n sayfaya bak. Mucizenin, kendi zihninde ba\u015flad\u0131\u011f\u0131n\u0131 sana hat\u0131rlatacak. \u00c7\u00fcnk\u00fc, bu ajandaya iyi niyetle yaz\u0131lan her \u015fey ger\u00e7e\u011fin olacak!   3986497851 54121381948","og_url":"https:\/\/astrologelvan.com\/magaza\/urun\/uyanis-ajandasi-2026-3-baski\/","og_site_name":"Astrolog Elvan","article_modified_time":"2026-01-12T10:19:16+00:00","og_image":[{"width":1000,"height":1250,"url":"https:\/\/astrologelvan.com\/magaza\/wp-content\/uploads\/2025\/12\/3.Baski_Listeleme.webp","type":"image\/webp"}],"twitter_card":"summary_large_image","twitter_misc":{"Tahmini okuma s\u00fcresi":"1 dakika"},"schema":{"@context":"https:\/\/schema.org","@graph":[{"@type":["WebPage","ItemPage"],"@id":"https:\/\/astrologelvan.com\/magaza\/urun\/uyanis-ajandasi-2026-3-baski\/","url":"https:\/\/astrologelvan.com\/magaza\/urun\/uyanis-ajandasi-2026-3-baski\/","name":"Uyan\u0131\u015f Ajandas\u0131 2026 \ud83c\udf1f 3. BASKI - Astrolog Elvan","isPartOf":{"@id":"https:\/\/astrologelvan.com\/magaza\/#website"},"primaryImageOfPage":{"@id":"https:\/\/astrologelvan.com\/magaza\/urun\/uyanis-ajandasi-2026-3-baski\/#primaryimage"},"image":{"@id":"https:\/\/astrologelvan.com\/magaza\/urun\/uyanis-ajandasi-2026-3-baski\/#primaryimage"},"thumbnailUrl":"https:\/\/astrologelvan.com\/magaza\/wp-content\/uploads\/2025\/12\/3.Baski_Listeleme.webp","datePublished":"2025-12-03T15:48:43+00:00","dateModified":"2026-01-12T10:19:16+00:00","breadcrumb":{"@id":"https:\/\/astrologelvan.com\/magaza\/urun\/uyanis-ajandasi-2026-3-baski\/#breadcrumb"},"inLanguage":"tr","potentialAction":[{"@type":"ReadAction","target":["https:\/\/astrologelvan.com\/magaza\/urun\/uyanis-ajandasi-2026-3-baski\/"]}]},{"@type":"ImageObject","inLanguage":"tr","@id":"https:\/\/astrologelvan.com\/magaza\/urun\/uyanis-ajandasi-2026-3-baski\/#primaryimage","url":"https:\/\/astrologelvan.com\/magaza\/wp-content\/uploads\/2025\/12\/3.Baski_Listeleme.webp","contentUrl":"https:\/\/astrologelvan.com\/magaza\/wp-content\/uploads\/2025\/12\/3.Baski_Listeleme.webp","width":1000,"height":1250},{"@type":"BreadcrumbList","@id":"https:\/\/astrologelvan.com\/magaza\/urun\/uyanis-ajandasi-2026-3-baski\/#breadcrumb","itemListElement":[{"@type":"ListItem","position":1,"name":"Anasayfa","item":"https:\/\/astrologelvan.com\/magaza\/"},{"@type":"ListItem","position":2,"name":"Ma\u011faza","item":"https:\/\/astrologelvan.com\/magaza\/magaza\/"},{"@type":"ListItem","position":3,"name":"Uyan\u0131\u015f Ajandas\u0131 2026 \ud83c\udf1f 3. BASKI"}]},{"@type":"WebSite","@id":"https:\/\/astrologelvan.com\/magaza\/#website","url":"https:\/\/astrologelvan.com\/magaza\/","name":"Astrolog Elvan","description":"","potentialAction":[{"@type":"SearchAction","target":{"@type":"EntryPoint","urlTemplate":"https:\/\/astrologelvan.com\/magaza\/?s={search_term_string}"},"query-input":{"@type":"PropertyValueSpecification","valueRequired":true,"valueName":"search_term_string"}}],"inLanguage":"tr"}]}},"_links":{"self":[{"href":"https:\/\/astrologelvan.com\/magaza\/wp-json\/wp\/v2\/product\/132127","targetHints":{"allow":["GET"]}}],"collection":[{"href":"https:\/\/astrologelvan.com\/magaza\/wp-json\/wp\/v2\/product"}],"about":[{"href":"https:\/\/astrologelvan.com\/magaza\/wp-json\/wp\/v2\/types\/product"}],"replies":[{"embeddable":true,"href":"https:\/\/astrologelvan.com\/magaza\/wp-json\/wp\/v2\/comments?post=132127"}],"wp:featuredmedia":[{"embeddable":true,"href":"https:\/\/astrologelvan.com\/magaza\/wp-json\/wp\/v2\/media\/132128"}],"wp:attachment":[{"href":"https:\/\/astrologelvan.com\/magaza\/wp-json\/wp\/v2\/media?parent=132127"}],"wp:term":[{"taxonomy":"product_brand","embeddable":true,"href":"https:\/\/astrologelvan.com\/magaza\/wp-json\/wp\/v2\/product_brand?post=132127"},{"taxonomy":"product_cat","embeddable":true,"href":"https:\/\/astrologelvan.com\/magaza\/wp-json\/wp\/v2\/product_cat?post=132127"},{"taxonomy":"product_tag","embeddable":true,"href":"https:\/\/astrologelvan.com\/magaza\/wp-json\/wp\/v2\/product_tag?post=132127"}],"curies":[{"name":"wp","href":"https:\/\/api.w.org\/{rel}","templated":true}]}}