{"id":127985,"date":"2025-11-26T11:49:52","date_gmt":"2025-11-26T08:49:52","guid":{"rendered":"https:\/\/astrologelvan.com\/magaza\/?post_type=product&#038;p=127985"},"modified":"2025-12-29T10:39:00","modified_gmt":"2025-12-29T07:39:00","slug":"korku-ve-kaygilari-temizleme-atolyesi-burcin-koclar","status":"publish","type":"product","link":"https:\/\/astrologelvan.com\/magaza\/urun\/korku-ve-kaygilari-temizleme-atolyesi-burcin-koclar\/","title":{"rendered":"Korkular\u0131 ve Kayg\u0131lar\u0131 Temizleme At\u00f6lyesi |\u00a0ThetaHealer Bur\u00e7in Ko\u00e7lar"},"content":{"rendered":"","protected":false},"excerpt":{"rendered":"<p data-start=\"139\" data-end=\"330\">Hayat\u0131n\u0131 k\u0131s\u0131tlayan, ad\u0131m atman\u0131 zorla\u015ft\u0131ran korkular\u0131n veya kayg\u0131lar\u0131n m\u0131 var?<br data-start=\"232\" data-end=\"235\" \/><em><strong>Bu at\u00f6lyede, zihnini ve kalbini rahatlatmana destek olacak g\u00fc\u00e7l\u00fc bir i\u00e7 d\u00f6n\u00fc\u015f\u00fcm alan\u0131 a\u00e7aca\u011f\u0131z.<\/strong><\/em><\/p>\n<blockquote>\n<p data-start=\"139\" data-end=\"330\"><strong>At\u00f6lye 2 Aral\u0131k ak\u015fam\u0131 T\u00fcrkiye saati ile 21:00\u2019da Zoom \u00fczerinden ThetaHealer Bur\u00e7in Ko\u00e7lar e\u015fli\u011finde canl\u0131 olarak yap\u0131lacak.<\/strong><\/p>\n<\/blockquote>\n<p data-start=\"332\" data-end=\"351\"><strong data-start=\"332\" data-end=\"351\">At\u00f6lye \u0130\u00e7eri\u011fi:<\/strong><\/p>\n<ul data-start=\"353\" data-end=\"844\">\n<li data-start=\"353\" data-end=\"470\">\n<p data-start=\"355\" data-end=\"470\">Kayg\u0131 &amp; Kontrol \u0130li\u015fkisi: S\u00fcrekli kontrol etme ihtiyac\u0131n\u0131n alt\u0131nda yatan kayg\u0131lar\u0131 fark etme ve serbest b\u0131rakma d\u00f6n\u00fc\u015f\u00fcm\u00fc.<\/p>\n<\/li>\n<li data-start=\"472\" data-end=\"583\">\n<p data-start=\"474\" data-end=\"583\">Gelecek Korkusu: \u201cYa olmazsa?\u201d d\u00fc\u015f\u00fcncelerini, daha g\u00fcvenli ve umutlu bir gelecek alg\u0131s\u0131na d\u00f6n\u00fc\u015ft\u00fcrme \u00e7al\u0131\u015fmalar\u0131<\/p>\n<\/li>\n<li data-start=\"585\" data-end=\"716\">\n<p data-start=\"587\" data-end=\"716\">Ba\u015far\u0131s\u0131zl\u0131k ve Yetersizlik Kodlar\u0131: \u201cBen yapamam\u201d, \u201cBen yeterli de\u011filim\u201d gibi bilin\u00e7alt\u0131 inan\u00e7lar\u0131 fark edip d\u00f6n\u00fc\u015ft\u00fcrme \u00e7al\u0131\u015fmalar\u0131<\/p>\n<\/li>\n<li data-start=\"718\" data-end=\"844\">\n<p data-start=\"720\" data-end=\"844\">\u201cG\u00fcvendeyim\u201d Y\u00fcklemeleri: Zihne ve bedene g\u00fcven, desteklenme ve i\u00e7 huzur hislerini yerle\u015ftirmeye y\u00f6nelik \u00e7al\u0131\u015fmalar.<\/p>\n<\/li>\n<\/ul>\n<p style=\"padding-left: 40px;\" data-start=\"846\" data-end=\"1060\"><em><strong>At\u00f6lyemiz kendini daha sakin, g\u00fcvende ve merkezde hissetmek isteyen herkese hitap ediyor. \u00c7\u00fcnk\u00fc as\u0131l amac\u0131m\u0131z; hayat\u0131n\u0131z\u0131 daraltan korku ve kayg\u0131lar\u0131n yerine, daha fazla g\u00fcven, i\u00e7 huzur ve ak\u0131\u015f hissi koyman\u0131za destek olmak.<\/strong><\/em><br \/>\n<em><strong>2 Aral\u0131k&#8217;ta g\u00f6r\u00fc\u015fmek \u00fczere \u2728\u00a0<\/strong><\/em><br \/>\n<em><strong>ThetaHealer Bur\u00e7in Ko\u00e7lar<\/strong><\/em><\/p>\n<div>\n<p>&nbsp;<\/p>\n<p>&nbsp;<\/p>\n<p><strong>At\u00f6lye kat\u0131l\u0131m linkleri<\/strong>\u00a0<u>belirtti\u011finiz telefon numaras\u0131na SMS olarak ve belirtti\u011finiz e-mail adresine e-mail olarak g\u00f6nderilecektir. Sipari\u015flerinizi olu\u015ftururken aktif kulland\u0131\u011f\u0131n\u0131z telefon numaran\u0131z\u0131 ve e-mail adresinizi girmelisiniz. <\/u>E-mail adresinizi do\u011fru yazd\u0131\u011f\u0131n\u0131za ve e-mail kutunuzun dolu olmad\u0131\u011f\u0131na dikkat ediniz.<\/p>\n<p>At\u00f6lye kay\u0131tlar\u0131 sat\u0131n alan ki\u015filere canl\u0131 yay\u0131n sonras\u0131ndaki g\u00fcnlerde yine ayn\u0131 kanallardan iletilecektir.<br \/>\n<strong>Her at\u00f6lye kayd\u0131 yasal olarak yaln\u0131zca bir ki\u015fi i\u00e7in ge\u00e7erlidir, bir ba\u015fkas\u0131 ile payla\u015f\u0131lamaz.<\/strong><\/p>\n<\/div>\n<div class=\"sales-counter\" style=\" margin: 1em 0; padding: 10px; background-color: #fff; border: 1px solid #ddd;\">\u2728 32 Ki\u015fi Yerini Ay\u0131rd\u0131!<\/div>\n","protected":false},"featured_media":127996,"comment_status":"open","ping_status":"closed","template":"","meta":[],"product_brand":[596],"product_cat":[494],"product_tag":[496,629,9552,9551,9550],"class_list":{"0":"post-127985","1":"product","2":"type-product","3":"status-publish","4":"has-post-thumbnail","6":"product_brand-astrolog-elvan","7":"product_cat-atolyeler","8":"product_tag-atolye","9":"product_tag-burcin","10":"product_tag-burcin-koclar","11":"product_tag-kaygi","12":"product_tag-korku","14":"first","15":"instock","16":"virtual","17":"taxable","18":"purchasable","19":"product-type-simple"},"yoast_head":"<!-- This site is optimized with the Yoast SEO plugin v27.3 - https:\/\/yoast.com\/product\/yoast-seo-wordpress\/ -->\n<title>Korkular\u0131 ve Kayg\u0131lar\u0131 Temizleme At\u00f6lyesi |\u00a0ThetaHealer Bur\u00e7in Ko\u00e7lar - Astrolog Elvan<\/title>\n<meta name=\"robots\" content=\"index, follow, max-snippet:-1, max-image-preview:large, max-video-preview:-1\" \/>\n<link rel=\"canonical\" href=\"https:\/\/astrologelvan.com\/magaza\/urun\/korku-ve-kaygilari-temizleme-atolyesi-burcin-koclar\/\" \/>\n<meta property=\"og:locale\" content=\"tr_TR\" \/>\n<meta property=\"og:type\" content=\"article\" \/>\n<meta property=\"og:title\" content=\"Korkular\u0131 ve Kayg\u0131lar\u0131 Temizleme At\u00f6lyesi |\u00a0ThetaHealer Bur\u00e7in Ko\u00e7lar - Astrolog Elvan\" \/>\n<meta property=\"og:description\" content=\"Hayat\u0131n\u0131 k\u0131s\u0131tlayan, ad\u0131m atman\u0131 zorla\u015ft\u0131ran korkular\u0131n veya kayg\u0131lar\u0131n m\u0131 var?Bu at\u00f6lyede, zihnini ve kalbini rahatlatmana destek olacak g\u00fc\u00e7l\u00fc bir i\u00e7 d\u00f6n\u00fc\u015f\u00fcm alan\u0131 a\u00e7aca\u011f\u0131z.   At\u00f6lye 2 Aral\u0131k ak\u015fam\u0131 T\u00fcrkiye saati ile 21:00\u2019da Zoom \u00fczerinden ThetaHealer Bur\u00e7in Ko\u00e7lar e\u015fli\u011finde canl\u0131 olarak yap\u0131lacak.  At\u00f6lye \u0130\u00e7eri\u011fi:     Kayg\u0131 &amp; Kontrol \u0130li\u015fkisi: S\u00fcrekli kontrol etme ihtiyac\u0131n\u0131n alt\u0131nda yatan kayg\u0131lar\u0131 fark etme ve serbest b\u0131rakma d\u00f6n\u00fc\u015f\u00fcm\u00fc.    Gelecek Korkusu: \u201cYa olmazsa?\u201d d\u00fc\u015f\u00fcncelerini, daha g\u00fcvenli ve umutlu bir gelecek alg\u0131s\u0131na d\u00f6n\u00fc\u015ft\u00fcrme \u00e7al\u0131\u015fmalar\u0131    Ba\u015far\u0131s\u0131zl\u0131k ve Yetersizlik Kodlar\u0131: \u201cBen yapamam\u201d, \u201cBen yeterli de\u011filim\u201d gibi bilin\u00e7alt\u0131 inan\u00e7lar\u0131 fark edip d\u00f6n\u00fc\u015ft\u00fcrme \u00e7al\u0131\u015fmalar\u0131    \u201cG\u00fcvendeyim\u201d Y\u00fcklemeleri: Zihne ve bedene g\u00fcven, desteklenme ve i\u00e7 huzur hislerini yerle\u015ftirmeye y\u00f6nelik \u00e7al\u0131\u015fmalar.   At\u00f6lyemiz kendini daha sakin, g\u00fcvende ve merkezde hissetmek isteyen herkese hitap ediyor. \u00c7\u00fcnk\u00fc as\u0131l amac\u0131m\u0131z; hayat\u0131n\u0131z\u0131 daraltan korku ve kayg\u0131lar\u0131n yerine, daha fazla g\u00fcven, i\u00e7 huzur ve ak\u0131\u015f hissi koyman\u0131za destek olmak. 2 Aral\u0131k&#039;ta g\u00f6r\u00fc\u015fmek \u00fczere \u2728\u00a0 ThetaHealer Bur\u00e7in Ko\u00e7lar    &nbsp;  &nbsp;  At\u00f6lye kat\u0131l\u0131m linkleri\u00a0belirtti\u011finiz telefon numaras\u0131na SMS olarak ve belirtti\u011finiz e-mail adresine e-mail olarak g\u00f6nderilecektir. Sipari\u015flerinizi olu\u015ftururken aktif kulland\u0131\u011f\u0131n\u0131z telefon numaran\u0131z\u0131 ve e-mail adresinizi girmelisiniz. E-mail adresinizi do\u011fru yazd\u0131\u011f\u0131n\u0131za ve e-mail kutunuzun dolu olmad\u0131\u011f\u0131na dikkat ediniz.  At\u00f6lye kay\u0131tlar\u0131 sat\u0131n alan ki\u015filere canl\u0131 yay\u0131n sonras\u0131ndaki g\u00fcnlerde yine ayn\u0131 kanallardan iletilecektir. Her at\u00f6lye kayd\u0131 yasal olarak yaln\u0131zca bir ki\u015fi i\u00e7in ge\u00e7erlidir, bir ba\u015fkas\u0131 ile payla\u015f\u0131lamaz.\" \/>\n<meta property=\"og:url\" content=\"https:\/\/astrologelvan.com\/magaza\/urun\/korku-ve-kaygilari-temizleme-atolyesi-burcin-koclar\/\" \/>\n<meta property=\"og:site_name\" content=\"Astrolog Elvan\" \/>\n<meta property=\"article:modified_time\" content=\"2025-12-29T07:39:00+00:00\" \/>\n<meta property=\"og:image\" content=\"https:\/\/astrologelvan.com\/magaza\/wp-content\/uploads\/2025\/11\/burcinkoclar_1125atolye.jpg\" \/>\n\t<meta property=\"og:image:width\" content=\"1000\" \/>\n\t<meta property=\"og:image:height\" content=\"1300\" \/>\n\t<meta property=\"og:image:type\" content=\"image\/jpeg\" \/>\n<meta name=\"twitter:card\" content=\"summary_large_image\" \/>\n<meta name=\"twitter:label1\" content=\"Tahmini okuma s\u00fcresi\" \/>\n\t<meta name=\"twitter:data1\" content=\"1 dakika\" \/>\n<script type=\"application\/ld+json\" class=\"yoast-schema-graph\">{\"@context\":\"https:\\\/\\\/schema.org\",\"@graph\":[{\"@type\":[\"WebPage\",\"ItemPage\"],\"@id\":\"https:\\\/\\\/astrologelvan.com\\\/magaza\\\/urun\\\/korku-ve-kaygilari-temizleme-atolyesi-burcin-koclar\\\/\",\"url\":\"https:\\\/\\\/astrologelvan.com\\\/magaza\\\/urun\\\/korku-ve-kaygilari-temizleme-atolyesi-burcin-koclar\\\/\",\"name\":\"Korkular\u0131 ve Kayg\u0131lar\u0131 Temizleme At\u00f6lyesi |\u00a0ThetaHealer Bur\u00e7in Ko\u00e7lar - Astrolog Elvan\",\"isPartOf\":{\"@id\":\"https:\\\/\\\/astrologelvan.com\\\/magaza\\\/#website\"},\"primaryImageOfPage\":{\"@id\":\"https:\\\/\\\/astrologelvan.com\\\/magaza\\\/urun\\\/korku-ve-kaygilari-temizleme-atolyesi-burcin-koclar\\\/#primaryimage\"},\"image\":{\"@id\":\"https:\\\/\\\/astrologelvan.com\\\/magaza\\\/urun\\\/korku-ve-kaygilari-temizleme-atolyesi-burcin-koclar\\\/#primaryimage\"},\"thumbnailUrl\":\"https:\\\/\\\/astrologelvan.com\\\/magaza\\\/wp-content\\\/uploads\\\/2025\\\/11\\\/burcinkoclar_1125atolye.jpg\",\"datePublished\":\"2025-11-26T08:49:52+00:00\",\"dateModified\":\"2025-12-29T07:39:00+00:00\",\"breadcrumb\":{\"@id\":\"https:\\\/\\\/astrologelvan.com\\\/magaza\\\/urun\\\/korku-ve-kaygilari-temizleme-atolyesi-burcin-koclar\\\/#breadcrumb\"},\"inLanguage\":\"tr\",\"potentialAction\":[{\"@type\":\"ReadAction\",\"target\":[\"https:\\\/\\\/astrologelvan.com\\\/magaza\\\/urun\\\/korku-ve-kaygilari-temizleme-atolyesi-burcin-koclar\\\/\"]}]},{\"@type\":\"ImageObject\",\"inLanguage\":\"tr\",\"@id\":\"https:\\\/\\\/astrologelvan.com\\\/magaza\\\/urun\\\/korku-ve-kaygilari-temizleme-atolyesi-burcin-koclar\\\/#primaryimage\",\"url\":\"https:\\\/\\\/astrologelvan.com\\\/magaza\\\/wp-content\\\/uploads\\\/2025\\\/11\\\/burcinkoclar_1125atolye.jpg\",\"contentUrl\":\"https:\\\/\\\/astrologelvan.com\\\/magaza\\\/wp-content\\\/uploads\\\/2025\\\/11\\\/burcinkoclar_1125atolye.jpg\",\"width\":1000,\"height\":1300},{\"@type\":\"BreadcrumbList\",\"@id\":\"https:\\\/\\\/astrologelvan.com\\\/magaza\\\/urun\\\/korku-ve-kaygilari-temizleme-atolyesi-burcin-koclar\\\/#breadcrumb\",\"itemListElement\":[{\"@type\":\"ListItem\",\"position\":1,\"name\":\"Anasayfa\",\"item\":\"https:\\\/\\\/astrologelvan.com\\\/magaza\\\/\"},{\"@type\":\"ListItem\",\"position\":2,\"name\":\"Ma\u011faza\",\"item\":\"https:\\\/\\\/astrologelvan.com\\\/magaza\\\/magaza\\\/\"},{\"@type\":\"ListItem\",\"position\":3,\"name\":\"Korkular\u0131 ve Kayg\u0131lar\u0131 Temizleme At\u00f6lyesi |\u00a0ThetaHealer Bur\u00e7in Ko\u00e7lar\"}]},{\"@type\":\"WebSite\",\"@id\":\"https:\\\/\\\/astrologelvan.com\\\/magaza\\\/#website\",\"url\":\"https:\\\/\\\/astrologelvan.com\\\/magaza\\\/\",\"name\":\"Astrolog Elvan\",\"description\":\"\",\"potentialAction\":[{\"@type\":\"SearchAction\",\"target\":{\"@type\":\"EntryPoint\",\"urlTemplate\":\"https:\\\/\\\/astrologelvan.com\\\/magaza\\\/?s={search_term_string}\"},\"query-input\":{\"@type\":\"PropertyValueSpecification\",\"valueRequired\":true,\"valueName\":\"search_term_string\"}}],\"inLanguage\":\"tr\"}]}<\/script>\n<!-- \/ Yoast SEO plugin. -->","yoast_head_json":{"title":"Korkular\u0131 ve Kayg\u0131lar\u0131 Temizleme At\u00f6lyesi |\u00a0ThetaHealer Bur\u00e7in Ko\u00e7lar - Astrolog Elvan","robots":{"index":"index","follow":"follow","max-snippet":"max-snippet:-1","max-image-preview":"max-image-preview:large","max-video-preview":"max-video-preview:-1"},"canonical":"https:\/\/astrologelvan.com\/magaza\/urun\/korku-ve-kaygilari-temizleme-atolyesi-burcin-koclar\/","og_locale":"tr_TR","og_type":"article","og_title":"Korkular\u0131 ve Kayg\u0131lar\u0131 Temizleme At\u00f6lyesi |\u00a0ThetaHealer Bur\u00e7in Ko\u00e7lar - Astrolog Elvan","og_description":"Hayat\u0131n\u0131 k\u0131s\u0131tlayan, ad\u0131m atman\u0131 zorla\u015ft\u0131ran korkular\u0131n veya kayg\u0131lar\u0131n m\u0131 var?Bu at\u00f6lyede, zihnini ve kalbini rahatlatmana destek olacak g\u00fc\u00e7l\u00fc bir i\u00e7 d\u00f6n\u00fc\u015f\u00fcm alan\u0131 a\u00e7aca\u011f\u0131z.   At\u00f6lye 2 Aral\u0131k ak\u015fam\u0131 T\u00fcrkiye saati ile 21:00\u2019da Zoom \u00fczerinden ThetaHealer Bur\u00e7in Ko\u00e7lar e\u015fli\u011finde canl\u0131 olarak yap\u0131lacak.  At\u00f6lye \u0130\u00e7eri\u011fi:     Kayg\u0131 &amp; Kontrol \u0130li\u015fkisi: S\u00fcrekli kontrol etme ihtiyac\u0131n\u0131n alt\u0131nda yatan kayg\u0131lar\u0131 fark etme ve serbest b\u0131rakma d\u00f6n\u00fc\u015f\u00fcm\u00fc.    Gelecek Korkusu: \u201cYa olmazsa?\u201d d\u00fc\u015f\u00fcncelerini, daha g\u00fcvenli ve umutlu bir gelecek alg\u0131s\u0131na d\u00f6n\u00fc\u015ft\u00fcrme \u00e7al\u0131\u015fmalar\u0131    Ba\u015far\u0131s\u0131zl\u0131k ve Yetersizlik Kodlar\u0131: \u201cBen yapamam\u201d, \u201cBen yeterli de\u011filim\u201d gibi bilin\u00e7alt\u0131 inan\u00e7lar\u0131 fark edip d\u00f6n\u00fc\u015ft\u00fcrme \u00e7al\u0131\u015fmalar\u0131    \u201cG\u00fcvendeyim\u201d Y\u00fcklemeleri: Zihne ve bedene g\u00fcven, desteklenme ve i\u00e7 huzur hislerini yerle\u015ftirmeye y\u00f6nelik \u00e7al\u0131\u015fmalar.   At\u00f6lyemiz kendini daha sakin, g\u00fcvende ve merkezde hissetmek isteyen herkese hitap ediyor. \u00c7\u00fcnk\u00fc as\u0131l amac\u0131m\u0131z; hayat\u0131n\u0131z\u0131 daraltan korku ve kayg\u0131lar\u0131n yerine, daha fazla g\u00fcven, i\u00e7 huzur ve ak\u0131\u015f hissi koyman\u0131za destek olmak. 2 Aral\u0131k'ta g\u00f6r\u00fc\u015fmek \u00fczere \u2728\u00a0 ThetaHealer Bur\u00e7in Ko\u00e7lar    &nbsp;  &nbsp;  At\u00f6lye kat\u0131l\u0131m linkleri\u00a0belirtti\u011finiz telefon numaras\u0131na SMS olarak ve belirtti\u011finiz e-mail adresine e-mail olarak g\u00f6nderilecektir. Sipari\u015flerinizi olu\u015ftururken aktif kulland\u0131\u011f\u0131n\u0131z telefon numaran\u0131z\u0131 ve e-mail adresinizi girmelisiniz. E-mail adresinizi do\u011fru yazd\u0131\u011f\u0131n\u0131za ve e-mail kutunuzun dolu olmad\u0131\u011f\u0131na dikkat ediniz.  At\u00f6lye kay\u0131tlar\u0131 sat\u0131n alan ki\u015filere canl\u0131 yay\u0131n sonras\u0131ndaki g\u00fcnlerde yine ayn\u0131 kanallardan iletilecektir. Her at\u00f6lye kayd\u0131 yasal olarak yaln\u0131zca bir ki\u015fi i\u00e7in ge\u00e7erlidir, bir ba\u015fkas\u0131 ile payla\u015f\u0131lamaz.","og_url":"https:\/\/astrologelvan.com\/magaza\/urun\/korku-ve-kaygilari-temizleme-atolyesi-burcin-koclar\/","og_site_name":"Astrolog Elvan","article_modified_time":"2025-12-29T07:39:00+00:00","og_image":[{"width":1000,"height":1300,"url":"https:\/\/astrologelvan.com\/magaza\/wp-content\/uploads\/2025\/11\/burcinkoclar_1125atolye.jpg","type":"image\/jpeg"}],"twitter_card":"summary_large_image","twitter_misc":{"Tahmini okuma s\u00fcresi":"1 dakika"},"schema":{"@context":"https:\/\/schema.org","@graph":[{"@type":["WebPage","ItemPage"],"@id":"https:\/\/astrologelvan.com\/magaza\/urun\/korku-ve-kaygilari-temizleme-atolyesi-burcin-koclar\/","url":"https:\/\/astrologelvan.com\/magaza\/urun\/korku-ve-kaygilari-temizleme-atolyesi-burcin-koclar\/","name":"Korkular\u0131 ve Kayg\u0131lar\u0131 Temizleme At\u00f6lyesi |\u00a0ThetaHealer Bur\u00e7in Ko\u00e7lar - Astrolog Elvan","isPartOf":{"@id":"https:\/\/astrologelvan.com\/magaza\/#website"},"primaryImageOfPage":{"@id":"https:\/\/astrologelvan.com\/magaza\/urun\/korku-ve-kaygilari-temizleme-atolyesi-burcin-koclar\/#primaryimage"},"image":{"@id":"https:\/\/astrologelvan.com\/magaza\/urun\/korku-ve-kaygilari-temizleme-atolyesi-burcin-koclar\/#primaryimage"},"thumbnailUrl":"https:\/\/astrologelvan.com\/magaza\/wp-content\/uploads\/2025\/11\/burcinkoclar_1125atolye.jpg","datePublished":"2025-11-26T08:49:52+00:00","dateModified":"2025-12-29T07:39:00+00:00","breadcrumb":{"@id":"https:\/\/astrologelvan.com\/magaza\/urun\/korku-ve-kaygilari-temizleme-atolyesi-burcin-koclar\/#breadcrumb"},"inLanguage":"tr","potentialAction":[{"@type":"ReadAction","target":["https:\/\/astrologelvan.com\/magaza\/urun\/korku-ve-kaygilari-temizleme-atolyesi-burcin-koclar\/"]}]},{"@type":"ImageObject","inLanguage":"tr","@id":"https:\/\/astrologelvan.com\/magaza\/urun\/korku-ve-kaygilari-temizleme-atolyesi-burcin-koclar\/#primaryimage","url":"https:\/\/astrologelvan.com\/magaza\/wp-content\/uploads\/2025\/11\/burcinkoclar_1125atolye.jpg","contentUrl":"https:\/\/astrologelvan.com\/magaza\/wp-content\/uploads\/2025\/11\/burcinkoclar_1125atolye.jpg","width":1000,"height":1300},{"@type":"BreadcrumbList","@id":"https:\/\/astrologelvan.com\/magaza\/urun\/korku-ve-kaygilari-temizleme-atolyesi-burcin-koclar\/#breadcrumb","itemListElement":[{"@type":"ListItem","position":1,"name":"Anasayfa","item":"https:\/\/astrologelvan.com\/magaza\/"},{"@type":"ListItem","position":2,"name":"Ma\u011faza","item":"https:\/\/astrologelvan.com\/magaza\/magaza\/"},{"@type":"ListItem","position":3,"name":"Korkular\u0131 ve Kayg\u0131lar\u0131 Temizleme At\u00f6lyesi |\u00a0ThetaHealer Bur\u00e7in Ko\u00e7lar"}]},{"@type":"WebSite","@id":"https:\/\/astrologelvan.com\/magaza\/#website","url":"https:\/\/astrologelvan.com\/magaza\/","name":"Astrolog Elvan","description":"","potentialAction":[{"@type":"SearchAction","target":{"@type":"EntryPoint","urlTemplate":"https:\/\/astrologelvan.com\/magaza\/?s={search_term_string}"},"query-input":{"@type":"PropertyValueSpecification","valueRequired":true,"valueName":"search_term_string"}}],"inLanguage":"tr"}]}},"_links":{"self":[{"href":"https:\/\/astrologelvan.com\/magaza\/wp-json\/wp\/v2\/product\/127985","targetHints":{"allow":["GET"]}}],"collection":[{"href":"https:\/\/astrologelvan.com\/magaza\/wp-json\/wp\/v2\/product"}],"about":[{"href":"https:\/\/astrologelvan.com\/magaza\/wp-json\/wp\/v2\/types\/product"}],"replies":[{"embeddable":true,"href":"https:\/\/astrologelvan.com\/magaza\/wp-json\/wp\/v2\/comments?post=127985"}],"wp:featuredmedia":[{"embeddable":true,"href":"https:\/\/astrologelvan.com\/magaza\/wp-json\/wp\/v2\/media\/127996"}],"wp:attachment":[{"href":"https:\/\/astrologelvan.com\/magaza\/wp-json\/wp\/v2\/media?parent=127985"}],"wp:term":[{"taxonomy":"product_brand","embeddable":true,"href":"https:\/\/astrologelvan.com\/magaza\/wp-json\/wp\/v2\/product_brand?post=127985"},{"taxonomy":"product_cat","embeddable":true,"href":"https:\/\/astrologelvan.com\/magaza\/wp-json\/wp\/v2\/product_cat?post=127985"},{"taxonomy":"product_tag","embeddable":true,"href":"https:\/\/astrologelvan.com\/magaza\/wp-json\/wp\/v2\/product_tag?post=127985"}],"curies":[{"name":"wp","href":"https:\/\/api.w.org\/{rel}","templated":true}]}}