{"id":1207,"date":"2024-02-28T03:23:52","date_gmt":"2024-02-28T00:23:52","guid":{"rendered":"https:\/\/astrologelvan.shop\/?post_type=product&#038;p=1207"},"modified":"2025-10-06T08:15:10","modified_gmt":"2025-10-06T05:15:10","slug":"beyaz-topaz-kolye","status":"publish","type":"product","link":"https:\/\/astrologelvan.com\/magaza\/urun\/beyaz-topaz-kolye\/","title":{"rendered":"BEYAZ TOPAZ KOLYE"},"content":{"rendered":"<p>\u00dcr\u00fcn \u00d6zellikleri:<\/p>\n<p>Kolye A\u011f\u0131rl\u0131\u011f\u0131: 24,3 Gram<\/p>\n<p>Kolye Uzunlu\u011fu: 45 CM<\/p>\n<p>925 Ayar G\u00fcm\u00fc\u015f \u00dczeri Alt\u0131n Kaplama Do\u011fal Ta\u015f Kolye<\/p>\n","protected":false},"excerpt":{"rendered":"<p class=\"p1\">Beyaz Topaz, topaz grubunun astrolojik olarak en etkili ta\u015f\u0131d\u0131r. J\u00fcpiter\u2019in enerjisi ile y\u00fckl\u00fcd\u00fcr.<\/p>\n<p class=\"p1\">\u00dczerinde ta\u015f\u0131yan ki\u015fiye \u015fans ve pozitif enerji getirir. Ayr\u0131ca ki\u015fiyi, d\u0131\u015far\u0131dan gelecek negatif enerjilere kar\u015f\u0131 korur ve kalkan g\u00f6revi g\u00f6r\u00fcr. \u0130yile\u015ftirir, olumlu d\u00fc\u015f\u00fcnmenizi sa\u011flar ve sizi adeta \u015farj eden nadir ta\u015flardand\u0131r. Bu ta\u015f\u0131 kullanmaya ba\u015flad\u0131ktan sonra hayat\u0131n\u0131zdaki belirsizliklerin ortadan kalkt\u0131\u011f\u0131n\u0131 g\u00f6rebilirsiniz! Sanatla ilgilenenler i\u00e7in yarat\u0131c\u0131l\u0131\u011f\u0131 destekleyen bir ta\u015ft\u0131r.<\/p>\n","protected":false},"featured_media":1259,"comment_status":"open","ping_status":"closed","template":"","meta":[],"product_brand":[],"product_cat":[26],"product_tag":[],"class_list":{"0":"post-1207","1":"product","2":"type-product","3":"status-publish","4":"has-post-thumbnail","6":"product_cat-genel","8":"first","9":"outofstock","10":"taxable","11":"shipping-taxable","12":"purchasable","13":"product-type-simple"},"yoast_head":"<!-- This site is optimized with the Yoast SEO plugin v27.3 - https:\/\/yoast.com\/product\/yoast-seo-wordpress\/ -->\n<title>BEYAZ TOPAZ KOLYE - Astrolog Elvan<\/title>\n<meta name=\"robots\" content=\"index, follow, max-snippet:-1, max-image-preview:large, max-video-preview:-1\" \/>\n<link rel=\"canonical\" href=\"https:\/\/astrologelvan.com\/magaza\/urun\/beyaz-topaz-kolye\/\" \/>\n<meta property=\"og:locale\" content=\"tr_TR\" \/>\n<meta property=\"og:type\" content=\"article\" \/>\n<meta property=\"og:title\" content=\"BEYAZ TOPAZ KOLYE - Astrolog Elvan\" \/>\n<meta property=\"og:description\" content=\"Beyaz Topaz, topaz grubunun astrolojik olarak en etkili ta\u015f\u0131d\u0131r. J\u00fcpiter\u2019in enerjisi ile y\u00fckl\u00fcd\u00fcr. \u00dczerinde ta\u015f\u0131yan ki\u015fiye \u015fans ve pozitif enerji getirir. Ayr\u0131ca ki\u015fiyi, d\u0131\u015far\u0131dan gelecek negatif enerjilere kar\u015f\u0131 korur ve kalkan g\u00f6revi g\u00f6r\u00fcr. \u0130yile\u015ftirir, olumlu d\u00fc\u015f\u00fcnmenizi sa\u011flar ve sizi adeta \u015farj eden nadir ta\u015flardand\u0131r. Bu ta\u015f\u0131 kullanmaya ba\u015flad\u0131ktan sonra hayat\u0131n\u0131zdaki belirsizliklerin ortadan kalkt\u0131\u011f\u0131n\u0131 g\u00f6rebilirsiniz! Sanatla ilgilenenler i\u00e7in yarat\u0131c\u0131l\u0131\u011f\u0131 destekleyen bir ta\u015ft\u0131r.\" \/>\n<meta property=\"og:url\" content=\"https:\/\/astrologelvan.com\/magaza\/urun\/beyaz-topaz-kolye\/\" \/>\n<meta property=\"og:site_name\" content=\"Astrolog Elvan\" \/>\n<meta property=\"article:modified_time\" content=\"2025-10-06T05:15:10+00:00\" \/>\n<meta property=\"og:image\" content=\"https:\/\/astrologelvan.com\/magaza\/wp-content\/uploads\/2024\/02\/beyaz-topaz-scaled-1.jpg\" \/>\n\t<meta property=\"og:image:width\" content=\"2560\" \/>\n\t<meta property=\"og:image:height\" content=\"1707\" \/>\n\t<meta property=\"og:image:type\" content=\"image\/jpeg\" \/>\n<meta name=\"twitter:card\" content=\"summary_large_image\" \/>\n<meta name=\"twitter:label1\" content=\"Tahmini okuma s\u00fcresi\" \/>\n\t<meta name=\"twitter:data1\" content=\"1 dakika\" \/>\n<script type=\"application\/ld+json\" class=\"yoast-schema-graph\">{\"@context\":\"https:\\\/\\\/schema.org\",\"@graph\":[{\"@type\":[\"WebPage\",\"ItemPage\"],\"@id\":\"https:\\\/\\\/astrologelvan.com\\\/magaza\\\/urun\\\/beyaz-topaz-kolye\\\/\",\"url\":\"https:\\\/\\\/astrologelvan.com\\\/magaza\\\/urun\\\/beyaz-topaz-kolye\\\/\",\"name\":\"BEYAZ TOPAZ KOLYE - Astrolog Elvan\",\"isPartOf\":{\"@id\":\"https:\\\/\\\/astrologelvan.com\\\/magaza\\\/#website\"},\"primaryImageOfPage\":{\"@id\":\"https:\\\/\\\/astrologelvan.com\\\/magaza\\\/urun\\\/beyaz-topaz-kolye\\\/#primaryimage\"},\"image\":{\"@id\":\"https:\\\/\\\/astrologelvan.com\\\/magaza\\\/urun\\\/beyaz-topaz-kolye\\\/#primaryimage\"},\"thumbnailUrl\":\"https:\\\/\\\/astrologelvan.com\\\/magaza\\\/wp-content\\\/uploads\\\/2024\\\/02\\\/beyaz-topaz-scaled-1.jpg\",\"datePublished\":\"2024-02-28T00:23:52+00:00\",\"dateModified\":\"2025-10-06T05:15:10+00:00\",\"breadcrumb\":{\"@id\":\"https:\\\/\\\/astrologelvan.com\\\/magaza\\\/urun\\\/beyaz-topaz-kolye\\\/#breadcrumb\"},\"inLanguage\":\"tr\",\"potentialAction\":[{\"@type\":\"ReadAction\",\"target\":[\"https:\\\/\\\/astrologelvan.com\\\/magaza\\\/urun\\\/beyaz-topaz-kolye\\\/\"]}]},{\"@type\":\"ImageObject\",\"inLanguage\":\"tr\",\"@id\":\"https:\\\/\\\/astrologelvan.com\\\/magaza\\\/urun\\\/beyaz-topaz-kolye\\\/#primaryimage\",\"url\":\"https:\\\/\\\/astrologelvan.com\\\/magaza\\\/wp-content\\\/uploads\\\/2024\\\/02\\\/beyaz-topaz-scaled-1.jpg\",\"contentUrl\":\"https:\\\/\\\/astrologelvan.com\\\/magaza\\\/wp-content\\\/uploads\\\/2024\\\/02\\\/beyaz-topaz-scaled-1.jpg\",\"width\":2560,\"height\":1707},{\"@type\":\"BreadcrumbList\",\"@id\":\"https:\\\/\\\/astrologelvan.com\\\/magaza\\\/urun\\\/beyaz-topaz-kolye\\\/#breadcrumb\",\"itemListElement\":[{\"@type\":\"ListItem\",\"position\":1,\"name\":\"Anasayfa\",\"item\":\"https:\\\/\\\/astrologelvan.com\\\/magaza\\\/\"},{\"@type\":\"ListItem\",\"position\":2,\"name\":\"Ma\u011faza\",\"item\":\"https:\\\/\\\/astrologelvan.com\\\/magaza\\\/magaza\\\/\"},{\"@type\":\"ListItem\",\"position\":3,\"name\":\"BEYAZ TOPAZ KOLYE\"}]},{\"@type\":\"WebSite\",\"@id\":\"https:\\\/\\\/astrologelvan.com\\\/magaza\\\/#website\",\"url\":\"https:\\\/\\\/astrologelvan.com\\\/magaza\\\/\",\"name\":\"Astrolog Elvan\",\"description\":\"\",\"potentialAction\":[{\"@type\":\"SearchAction\",\"target\":{\"@type\":\"EntryPoint\",\"urlTemplate\":\"https:\\\/\\\/astrologelvan.com\\\/magaza\\\/?s={search_term_string}\"},\"query-input\":{\"@type\":\"PropertyValueSpecification\",\"valueRequired\":true,\"valueName\":\"search_term_string\"}}],\"inLanguage\":\"tr\"}]}<\/script>\n<!-- \/ Yoast SEO plugin. -->","yoast_head_json":{"title":"BEYAZ TOPAZ KOLYE - Astrolog Elvan","robots":{"index":"index","follow":"follow","max-snippet":"max-snippet:-1","max-image-preview":"max-image-preview:large","max-video-preview":"max-video-preview:-1"},"canonical":"https:\/\/astrologelvan.com\/magaza\/urun\/beyaz-topaz-kolye\/","og_locale":"tr_TR","og_type":"article","og_title":"BEYAZ TOPAZ KOLYE - Astrolog Elvan","og_description":"Beyaz Topaz, topaz grubunun astrolojik olarak en etkili ta\u015f\u0131d\u0131r. J\u00fcpiter\u2019in enerjisi ile y\u00fckl\u00fcd\u00fcr. \u00dczerinde ta\u015f\u0131yan ki\u015fiye \u015fans ve pozitif enerji getirir. Ayr\u0131ca ki\u015fiyi, d\u0131\u015far\u0131dan gelecek negatif enerjilere kar\u015f\u0131 korur ve kalkan g\u00f6revi g\u00f6r\u00fcr. \u0130yile\u015ftirir, olumlu d\u00fc\u015f\u00fcnmenizi sa\u011flar ve sizi adeta \u015farj eden nadir ta\u015flardand\u0131r. Bu ta\u015f\u0131 kullanmaya ba\u015flad\u0131ktan sonra hayat\u0131n\u0131zdaki belirsizliklerin ortadan kalkt\u0131\u011f\u0131n\u0131 g\u00f6rebilirsiniz! Sanatla ilgilenenler i\u00e7in yarat\u0131c\u0131l\u0131\u011f\u0131 destekleyen bir ta\u015ft\u0131r.","og_url":"https:\/\/astrologelvan.com\/magaza\/urun\/beyaz-topaz-kolye\/","og_site_name":"Astrolog Elvan","article_modified_time":"2025-10-06T05:15:10+00:00","og_image":[{"width":2560,"height":1707,"url":"https:\/\/astrologelvan.com\/magaza\/wp-content\/uploads\/2024\/02\/beyaz-topaz-scaled-1.jpg","type":"image\/jpeg"}],"twitter_card":"summary_large_image","twitter_misc":{"Tahmini okuma s\u00fcresi":"1 dakika"},"schema":{"@context":"https:\/\/schema.org","@graph":[{"@type":["WebPage","ItemPage"],"@id":"https:\/\/astrologelvan.com\/magaza\/urun\/beyaz-topaz-kolye\/","url":"https:\/\/astrologelvan.com\/magaza\/urun\/beyaz-topaz-kolye\/","name":"BEYAZ TOPAZ KOLYE - Astrolog Elvan","isPartOf":{"@id":"https:\/\/astrologelvan.com\/magaza\/#website"},"primaryImageOfPage":{"@id":"https:\/\/astrologelvan.com\/magaza\/urun\/beyaz-topaz-kolye\/#primaryimage"},"image":{"@id":"https:\/\/astrologelvan.com\/magaza\/urun\/beyaz-topaz-kolye\/#primaryimage"},"thumbnailUrl":"https:\/\/astrologelvan.com\/magaza\/wp-content\/uploads\/2024\/02\/beyaz-topaz-scaled-1.jpg","datePublished":"2024-02-28T00:23:52+00:00","dateModified":"2025-10-06T05:15:10+00:00","breadcrumb":{"@id":"https:\/\/astrologelvan.com\/magaza\/urun\/beyaz-topaz-kolye\/#breadcrumb"},"inLanguage":"tr","potentialAction":[{"@type":"ReadAction","target":["https:\/\/astrologelvan.com\/magaza\/urun\/beyaz-topaz-kolye\/"]}]},{"@type":"ImageObject","inLanguage":"tr","@id":"https:\/\/astrologelvan.com\/magaza\/urun\/beyaz-topaz-kolye\/#primaryimage","url":"https:\/\/astrologelvan.com\/magaza\/wp-content\/uploads\/2024\/02\/beyaz-topaz-scaled-1.jpg","contentUrl":"https:\/\/astrologelvan.com\/magaza\/wp-content\/uploads\/2024\/02\/beyaz-topaz-scaled-1.jpg","width":2560,"height":1707},{"@type":"BreadcrumbList","@id":"https:\/\/astrologelvan.com\/magaza\/urun\/beyaz-topaz-kolye\/#breadcrumb","itemListElement":[{"@type":"ListItem","position":1,"name":"Anasayfa","item":"https:\/\/astrologelvan.com\/magaza\/"},{"@type":"ListItem","position":2,"name":"Ma\u011faza","item":"https:\/\/astrologelvan.com\/magaza\/magaza\/"},{"@type":"ListItem","position":3,"name":"BEYAZ TOPAZ KOLYE"}]},{"@type":"WebSite","@id":"https:\/\/astrologelvan.com\/magaza\/#website","url":"https:\/\/astrologelvan.com\/magaza\/","name":"Astrolog Elvan","description":"","potentialAction":[{"@type":"SearchAction","target":{"@type":"EntryPoint","urlTemplate":"https:\/\/astrologelvan.com\/magaza\/?s={search_term_string}"},"query-input":{"@type":"PropertyValueSpecification","valueRequired":true,"valueName":"search_term_string"}}],"inLanguage":"tr"}]}},"_links":{"self":[{"href":"https:\/\/astrologelvan.com\/magaza\/wp-json\/wp\/v2\/product\/1207","targetHints":{"allow":["GET"]}}],"collection":[{"href":"https:\/\/astrologelvan.com\/magaza\/wp-json\/wp\/v2\/product"}],"about":[{"href":"https:\/\/astrologelvan.com\/magaza\/wp-json\/wp\/v2\/types\/product"}],"replies":[{"embeddable":true,"href":"https:\/\/astrologelvan.com\/magaza\/wp-json\/wp\/v2\/comments?post=1207"}],"wp:featuredmedia":[{"embeddable":true,"href":"https:\/\/astrologelvan.com\/magaza\/wp-json\/wp\/v2\/media\/1259"}],"wp:attachment":[{"href":"https:\/\/astrologelvan.com\/magaza\/wp-json\/wp\/v2\/media?parent=1207"}],"wp:term":[{"taxonomy":"product_brand","embeddable":true,"href":"https:\/\/astrologelvan.com\/magaza\/wp-json\/wp\/v2\/product_brand?post=1207"},{"taxonomy":"product_cat","embeddable":true,"href":"https:\/\/astrologelvan.com\/magaza\/wp-json\/wp\/v2\/product_cat?post=1207"},{"taxonomy":"product_tag","embeddable":true,"href":"https:\/\/astrologelvan.com\/magaza\/wp-json\/wp\/v2\/product_tag?post=1207"}],"curies":[{"name":"wp","href":"https:\/\/api.w.org\/{rel}","templated":true}]}}