{"id":1173,"date":"2024-02-28T03:21:21","date_gmt":"2024-02-28T00:21:21","guid":{"rendered":"https:\/\/astrologelvan.shop\/?post_type=product&#038;p=1173"},"modified":"2025-10-06T08:15:09","modified_gmt":"2025-10-06T05:15:09","slug":"el-yapimi-mineli-beyaz-tavus-kusu-kolye","status":"publish","type":"product","link":"https:\/\/astrologelvan.com\/magaza\/urun\/el-yapimi-mineli-beyaz-tavus-kusu-kolye\/","title":{"rendered":"EL YAPIMI M\u0130NEL\u0130 BEYAZ TAVUS KU\u015eU KOLYE"},"content":{"rendered":"<p><b>\u00dcr\u00fcn \u00d6zellikleri:<\/b><br \/>\n8-8,5 Gram<br \/>\nSedef Mine \u0130\u015flemesi<br \/>\nZincir uzunlu\u011fu: 60+5 cm (uzatma)<br \/>\n925 Ayar G\u00fcm\u00fc\u015f \u00dczeri Alt\u0131n Kaplama<\/p>\n","protected":false},"excerpt":{"rendered":"<p>Tavus ku\u015fu hem mitolojide hem de dinlerde \u00f6nemli bir sembolizme sahiptir. Astrolojide ise Juno yani ilahi ruh e\u015fi ile ba\u011flant\u0131l\u0131d\u0131r. Evlilik asteroidi olarak tan\u0131mlan\u0131r. Ayr\u0131ca J\u00fcpiter\u2019den sonra ikinci b\u00fcy\u00fck koruma olarak g\u00f6r\u00fcl\u00fcr.<\/p>\n<p>\u0130slamiyet&#8217;in kabul\u00fcnden sonra cennet ku\u015fu olarak tasvir edilmi\u015ftir. Yezidilik\u2019te yery\u00fcz\u00fcne d\u00fc\u015fm\u00fc\u015f bir melek olarak g\u00f6r\u00fcl\u00fcr \u00f6zellikle de beyaz tavus ku\u015fu. Tasavvufta da &#8216;tevazu\u2019 ile sembolize edilirler \u00e7\u00fcnk\u00fc g\u00f6rkemli t\u00fcylere sahip olduklar\u0131 halde \u00e7amurlu ayaklar\u0131na bakarlar. Antik M\u0131s\u0131r\u2019da G\u00fcne\u015f Tanr\u0131s\u0131 RA ile ba\u011flant\u0131l\u0131d\u0131r. Hristiyanl\u0131kta \u00f6l\u00fcm\u00fc ve yeniden dirili\u015fi anlat\u0131r. G\u00f6rd\u00fc\u011f\u00fcn\u00fcz gibi pek \u00e7ok inan\u00e7ta kutsal ve \u00f6nemlidir.<\/p>\n<p>Bu tavus ku\u015fu tasar\u0131m\u0131, astrolojik etkiler baz al\u0131narak tasarlanm\u0131\u015ft\u0131r. Arkas\u0131n\u0131 \u00e7evirdi\u011finde Astrolog Elvan\u2019\u0131n marka sembol\u00fc J\u00fcpiter\u2019in i\u015flendi\u011fini g\u00f6receksin. Kolyeyi takt\u0131\u011f\u0131n s\u00fcrece, Juno etkisiyle sana ilahi ruh e\u015fini getirmesine, onunla kar\u015f\u0131la\u015fmaya, evlenip, mutlu bir yuvaya sahip olmaya niyet edebilirsin. Evliysen, s\u00fcregelen evlili\u011finin daha sadakat ve bollukta korunmas\u0131na niyet ederek takabilirsin. Bilin\u00e7 her \u015feydir. Bilincini de\u011fi\u015ftir, kaderin de\u011fi\u015fsin. Bu kolye ve tavus ku\u015fu sembol\u00fc sana \u015fansla gelsin!<\/p>\n","protected":false},"featured_media":3198,"comment_status":"open","ping_status":"closed","template":"","meta":[],"product_brand":[],"product_cat":[321,255,48],"product_tag":[],"class_list":{"0":"post-1173","1":"product","2":"type-product","3":"status-publish","4":"has-post-thumbnail","6":"product_cat-altin-kaplama-kolye","7":"product_cat-gumus-kolye","8":"product_cat-kolyeler","10":"first","11":"instock","12":"taxable","13":"shipping-taxable","14":"purchasable","15":"product-type-simple"},"yoast_head":"<!-- This site is optimized with the Yoast SEO plugin v27.3 - https:\/\/yoast.com\/product\/yoast-seo-wordpress\/ -->\n<title>EL YAPIMI M\u0130NEL\u0130 BEYAZ TAVUS KU\u015eU KOLYE - Astrolog Elvan<\/title>\n<meta name=\"robots\" content=\"index, follow, max-snippet:-1, max-image-preview:large, max-video-preview:-1\" \/>\n<link rel=\"canonical\" href=\"https:\/\/astrologelvan.com\/magaza\/urun\/el-yapimi-mineli-beyaz-tavus-kusu-kolye\/\" \/>\n<meta property=\"og:locale\" content=\"tr_TR\" \/>\n<meta property=\"og:type\" content=\"article\" \/>\n<meta property=\"og:title\" content=\"EL YAPIMI M\u0130NEL\u0130 BEYAZ TAVUS KU\u015eU KOLYE - Astrolog Elvan\" \/>\n<meta property=\"og:description\" content=\"Tavus ku\u015fu hem mitolojide hem de dinlerde \u00f6nemli bir sembolizme sahiptir. Astrolojide ise Juno yani ilahi ruh e\u015fi ile ba\u011flant\u0131l\u0131d\u0131r. Evlilik asteroidi olarak tan\u0131mlan\u0131r. Ayr\u0131ca J\u00fcpiter\u2019den sonra ikinci b\u00fcy\u00fck koruma olarak g\u00f6r\u00fcl\u00fcr.  \u0130slamiyet&#039;in kabul\u00fcnden sonra cennet ku\u015fu olarak tasvir edilmi\u015ftir. Yezidilik\u2019te yery\u00fcz\u00fcne d\u00fc\u015fm\u00fc\u015f bir melek olarak g\u00f6r\u00fcl\u00fcr \u00f6zellikle de beyaz tavus ku\u015fu. Tasavvufta da &#039;tevazu\u2019 ile sembolize edilirler \u00e7\u00fcnk\u00fc g\u00f6rkemli t\u00fcylere sahip olduklar\u0131 halde \u00e7amurlu ayaklar\u0131na bakarlar. Antik M\u0131s\u0131r\u2019da G\u00fcne\u015f Tanr\u0131s\u0131 RA ile ba\u011flant\u0131l\u0131d\u0131r. Hristiyanl\u0131kta \u00f6l\u00fcm\u00fc ve yeniden dirili\u015fi anlat\u0131r. G\u00f6rd\u00fc\u011f\u00fcn\u00fcz gibi pek \u00e7ok inan\u00e7ta kutsal ve \u00f6nemlidir.  Bu tavus ku\u015fu tasar\u0131m\u0131, astrolojik etkiler baz al\u0131narak tasarlanm\u0131\u015ft\u0131r. Arkas\u0131n\u0131 \u00e7evirdi\u011finde Astrolog Elvan\u2019\u0131n marka sembol\u00fc J\u00fcpiter\u2019in i\u015flendi\u011fini g\u00f6receksin. Kolyeyi takt\u0131\u011f\u0131n s\u00fcrece, Juno etkisiyle sana ilahi ruh e\u015fini getirmesine, onunla kar\u015f\u0131la\u015fmaya, evlenip, mutlu bir yuvaya sahip olmaya niyet edebilirsin. Evliysen, s\u00fcregelen evlili\u011finin daha sadakat ve bollukta korunmas\u0131na niyet ederek takabilirsin. Bilin\u00e7 her \u015feydir. Bilincini de\u011fi\u015ftir, kaderin de\u011fi\u015fsin. Bu kolye ve tavus ku\u015fu sembol\u00fc sana \u015fansla gelsin!\" \/>\n<meta property=\"og:url\" content=\"https:\/\/astrologelvan.com\/magaza\/urun\/el-yapimi-mineli-beyaz-tavus-kusu-kolye\/\" \/>\n<meta property=\"og:site_name\" content=\"Astrolog Elvan\" \/>\n<meta property=\"article:modified_time\" content=\"2025-10-06T05:15:09+00:00\" \/>\n<meta property=\"og:image\" content=\"https:\/\/astrologelvan.com\/magaza\/wp-content\/uploads\/2024\/02\/Mineli-Kolye_1-scaled.jpg\" \/>\n\t<meta property=\"og:image:width\" content=\"2560\" \/>\n\t<meta property=\"og:image:height\" content=\"2560\" \/>\n\t<meta property=\"og:image:type\" content=\"image\/jpeg\" \/>\n<meta name=\"twitter:card\" content=\"summary_large_image\" \/>\n<meta name=\"twitter:label1\" content=\"Tahmini okuma s\u00fcresi\" \/>\n\t<meta name=\"twitter:data1\" content=\"1 dakika\" \/>\n<script type=\"application\/ld+json\" class=\"yoast-schema-graph\">{\"@context\":\"https:\\\/\\\/schema.org\",\"@graph\":[{\"@type\":[\"WebPage\",\"ItemPage\"],\"@id\":\"https:\\\/\\\/astrologelvan.com\\\/magaza\\\/urun\\\/el-yapimi-mineli-beyaz-tavus-kusu-kolye\\\/\",\"url\":\"https:\\\/\\\/astrologelvan.com\\\/magaza\\\/urun\\\/el-yapimi-mineli-beyaz-tavus-kusu-kolye\\\/\",\"name\":\"EL YAPIMI M\u0130NEL\u0130 BEYAZ TAVUS KU\u015eU KOLYE - Astrolog Elvan\",\"isPartOf\":{\"@id\":\"https:\\\/\\\/astrologelvan.com\\\/magaza\\\/#website\"},\"primaryImageOfPage\":{\"@id\":\"https:\\\/\\\/astrologelvan.com\\\/magaza\\\/urun\\\/el-yapimi-mineli-beyaz-tavus-kusu-kolye\\\/#primaryimage\"},\"image\":{\"@id\":\"https:\\\/\\\/astrologelvan.com\\\/magaza\\\/urun\\\/el-yapimi-mineli-beyaz-tavus-kusu-kolye\\\/#primaryimage\"},\"thumbnailUrl\":\"https:\\\/\\\/astrologelvan.com\\\/magaza\\\/wp-content\\\/uploads\\\/2024\\\/02\\\/Mineli-Kolye_1-scaled.jpg\",\"datePublished\":\"2024-02-28T00:21:21+00:00\",\"dateModified\":\"2025-10-06T05:15:09+00:00\",\"breadcrumb\":{\"@id\":\"https:\\\/\\\/astrologelvan.com\\\/magaza\\\/urun\\\/el-yapimi-mineli-beyaz-tavus-kusu-kolye\\\/#breadcrumb\"},\"inLanguage\":\"tr\",\"potentialAction\":[{\"@type\":\"ReadAction\",\"target\":[\"https:\\\/\\\/astrologelvan.com\\\/magaza\\\/urun\\\/el-yapimi-mineli-beyaz-tavus-kusu-kolye\\\/\"]}]},{\"@type\":\"ImageObject\",\"inLanguage\":\"tr\",\"@id\":\"https:\\\/\\\/astrologelvan.com\\\/magaza\\\/urun\\\/el-yapimi-mineli-beyaz-tavus-kusu-kolye\\\/#primaryimage\",\"url\":\"https:\\\/\\\/astrologelvan.com\\\/magaza\\\/wp-content\\\/uploads\\\/2024\\\/02\\\/Mineli-Kolye_1-scaled.jpg\",\"contentUrl\":\"https:\\\/\\\/astrologelvan.com\\\/magaza\\\/wp-content\\\/uploads\\\/2024\\\/02\\\/Mineli-Kolye_1-scaled.jpg\",\"width\":2560,\"height\":2560},{\"@type\":\"BreadcrumbList\",\"@id\":\"https:\\\/\\\/astrologelvan.com\\\/magaza\\\/urun\\\/el-yapimi-mineli-beyaz-tavus-kusu-kolye\\\/#breadcrumb\",\"itemListElement\":[{\"@type\":\"ListItem\",\"position\":1,\"name\":\"Anasayfa\",\"item\":\"https:\\\/\\\/astrologelvan.com\\\/magaza\\\/\"},{\"@type\":\"ListItem\",\"position\":2,\"name\":\"Ma\u011faza\",\"item\":\"https:\\\/\\\/astrologelvan.com\\\/magaza\\\/magaza\\\/\"},{\"@type\":\"ListItem\",\"position\":3,\"name\":\"EL YAPIMI M\u0130NEL\u0130 BEYAZ TAVUS KU\u015eU KOLYE\"}]},{\"@type\":\"WebSite\",\"@id\":\"https:\\\/\\\/astrologelvan.com\\\/magaza\\\/#website\",\"url\":\"https:\\\/\\\/astrologelvan.com\\\/magaza\\\/\",\"name\":\"Astrolog Elvan\",\"description\":\"\",\"potentialAction\":[{\"@type\":\"SearchAction\",\"target\":{\"@type\":\"EntryPoint\",\"urlTemplate\":\"https:\\\/\\\/astrologelvan.com\\\/magaza\\\/?s={search_term_string}\"},\"query-input\":{\"@type\":\"PropertyValueSpecification\",\"valueRequired\":true,\"valueName\":\"search_term_string\"}}],\"inLanguage\":\"tr\"}]}<\/script>\n<!-- \/ Yoast SEO plugin. -->","yoast_head_json":{"title":"EL YAPIMI M\u0130NEL\u0130 BEYAZ TAVUS KU\u015eU KOLYE - Astrolog Elvan","robots":{"index":"index","follow":"follow","max-snippet":"max-snippet:-1","max-image-preview":"max-image-preview:large","max-video-preview":"max-video-preview:-1"},"canonical":"https:\/\/astrologelvan.com\/magaza\/urun\/el-yapimi-mineli-beyaz-tavus-kusu-kolye\/","og_locale":"tr_TR","og_type":"article","og_title":"EL YAPIMI M\u0130NEL\u0130 BEYAZ TAVUS KU\u015eU KOLYE - Astrolog Elvan","og_description":"Tavus ku\u015fu hem mitolojide hem de dinlerde \u00f6nemli bir sembolizme sahiptir. Astrolojide ise Juno yani ilahi ruh e\u015fi ile ba\u011flant\u0131l\u0131d\u0131r. Evlilik asteroidi olarak tan\u0131mlan\u0131r. Ayr\u0131ca J\u00fcpiter\u2019den sonra ikinci b\u00fcy\u00fck koruma olarak g\u00f6r\u00fcl\u00fcr.  \u0130slamiyet'in kabul\u00fcnden sonra cennet ku\u015fu olarak tasvir edilmi\u015ftir. Yezidilik\u2019te yery\u00fcz\u00fcne d\u00fc\u015fm\u00fc\u015f bir melek olarak g\u00f6r\u00fcl\u00fcr \u00f6zellikle de beyaz tavus ku\u015fu. Tasavvufta da 'tevazu\u2019 ile sembolize edilirler \u00e7\u00fcnk\u00fc g\u00f6rkemli t\u00fcylere sahip olduklar\u0131 halde \u00e7amurlu ayaklar\u0131na bakarlar. Antik M\u0131s\u0131r\u2019da G\u00fcne\u015f Tanr\u0131s\u0131 RA ile ba\u011flant\u0131l\u0131d\u0131r. Hristiyanl\u0131kta \u00f6l\u00fcm\u00fc ve yeniden dirili\u015fi anlat\u0131r. G\u00f6rd\u00fc\u011f\u00fcn\u00fcz gibi pek \u00e7ok inan\u00e7ta kutsal ve \u00f6nemlidir.  Bu tavus ku\u015fu tasar\u0131m\u0131, astrolojik etkiler baz al\u0131narak tasarlanm\u0131\u015ft\u0131r. Arkas\u0131n\u0131 \u00e7evirdi\u011finde Astrolog Elvan\u2019\u0131n marka sembol\u00fc J\u00fcpiter\u2019in i\u015flendi\u011fini g\u00f6receksin. Kolyeyi takt\u0131\u011f\u0131n s\u00fcrece, Juno etkisiyle sana ilahi ruh e\u015fini getirmesine, onunla kar\u015f\u0131la\u015fmaya, evlenip, mutlu bir yuvaya sahip olmaya niyet edebilirsin. Evliysen, s\u00fcregelen evlili\u011finin daha sadakat ve bollukta korunmas\u0131na niyet ederek takabilirsin. Bilin\u00e7 her \u015feydir. Bilincini de\u011fi\u015ftir, kaderin de\u011fi\u015fsin. Bu kolye ve tavus ku\u015fu sembol\u00fc sana \u015fansla gelsin!","og_url":"https:\/\/astrologelvan.com\/magaza\/urun\/el-yapimi-mineli-beyaz-tavus-kusu-kolye\/","og_site_name":"Astrolog Elvan","article_modified_time":"2025-10-06T05:15:09+00:00","og_image":[{"width":2560,"height":2560,"url":"https:\/\/astrologelvan.com\/magaza\/wp-content\/uploads\/2024\/02\/Mineli-Kolye_1-scaled.jpg","type":"image\/jpeg"}],"twitter_card":"summary_large_image","twitter_misc":{"Tahmini okuma s\u00fcresi":"1 dakika"},"schema":{"@context":"https:\/\/schema.org","@graph":[{"@type":["WebPage","ItemPage"],"@id":"https:\/\/astrologelvan.com\/magaza\/urun\/el-yapimi-mineli-beyaz-tavus-kusu-kolye\/","url":"https:\/\/astrologelvan.com\/magaza\/urun\/el-yapimi-mineli-beyaz-tavus-kusu-kolye\/","name":"EL YAPIMI M\u0130NEL\u0130 BEYAZ TAVUS KU\u015eU KOLYE - Astrolog Elvan","isPartOf":{"@id":"https:\/\/astrologelvan.com\/magaza\/#website"},"primaryImageOfPage":{"@id":"https:\/\/astrologelvan.com\/magaza\/urun\/el-yapimi-mineli-beyaz-tavus-kusu-kolye\/#primaryimage"},"image":{"@id":"https:\/\/astrologelvan.com\/magaza\/urun\/el-yapimi-mineli-beyaz-tavus-kusu-kolye\/#primaryimage"},"thumbnailUrl":"https:\/\/astrologelvan.com\/magaza\/wp-content\/uploads\/2024\/02\/Mineli-Kolye_1-scaled.jpg","datePublished":"2024-02-28T00:21:21+00:00","dateModified":"2025-10-06T05:15:09+00:00","breadcrumb":{"@id":"https:\/\/astrologelvan.com\/magaza\/urun\/el-yapimi-mineli-beyaz-tavus-kusu-kolye\/#breadcrumb"},"inLanguage":"tr","potentialAction":[{"@type":"ReadAction","target":["https:\/\/astrologelvan.com\/magaza\/urun\/el-yapimi-mineli-beyaz-tavus-kusu-kolye\/"]}]},{"@type":"ImageObject","inLanguage":"tr","@id":"https:\/\/astrologelvan.com\/magaza\/urun\/el-yapimi-mineli-beyaz-tavus-kusu-kolye\/#primaryimage","url":"https:\/\/astrologelvan.com\/magaza\/wp-content\/uploads\/2024\/02\/Mineli-Kolye_1-scaled.jpg","contentUrl":"https:\/\/astrologelvan.com\/magaza\/wp-content\/uploads\/2024\/02\/Mineli-Kolye_1-scaled.jpg","width":2560,"height":2560},{"@type":"BreadcrumbList","@id":"https:\/\/astrologelvan.com\/magaza\/urun\/el-yapimi-mineli-beyaz-tavus-kusu-kolye\/#breadcrumb","itemListElement":[{"@type":"ListItem","position":1,"name":"Anasayfa","item":"https:\/\/astrologelvan.com\/magaza\/"},{"@type":"ListItem","position":2,"name":"Ma\u011faza","item":"https:\/\/astrologelvan.com\/magaza\/magaza\/"},{"@type":"ListItem","position":3,"name":"EL YAPIMI M\u0130NEL\u0130 BEYAZ TAVUS KU\u015eU KOLYE"}]},{"@type":"WebSite","@id":"https:\/\/astrologelvan.com\/magaza\/#website","url":"https:\/\/astrologelvan.com\/magaza\/","name":"Astrolog Elvan","description":"","potentialAction":[{"@type":"SearchAction","target":{"@type":"EntryPoint","urlTemplate":"https:\/\/astrologelvan.com\/magaza\/?s={search_term_string}"},"query-input":{"@type":"PropertyValueSpecification","valueRequired":true,"valueName":"search_term_string"}}],"inLanguage":"tr"}]}},"_links":{"self":[{"href":"https:\/\/astrologelvan.com\/magaza\/wp-json\/wp\/v2\/product\/1173","targetHints":{"allow":["GET"]}}],"collection":[{"href":"https:\/\/astrologelvan.com\/magaza\/wp-json\/wp\/v2\/product"}],"about":[{"href":"https:\/\/astrologelvan.com\/magaza\/wp-json\/wp\/v2\/types\/product"}],"replies":[{"embeddable":true,"href":"https:\/\/astrologelvan.com\/magaza\/wp-json\/wp\/v2\/comments?post=1173"}],"wp:featuredmedia":[{"embeddable":true,"href":"https:\/\/astrologelvan.com\/magaza\/wp-json\/wp\/v2\/media\/3198"}],"wp:attachment":[{"href":"https:\/\/astrologelvan.com\/magaza\/wp-json\/wp\/v2\/media?parent=1173"}],"wp:term":[{"taxonomy":"product_brand","embeddable":true,"href":"https:\/\/astrologelvan.com\/magaza\/wp-json\/wp\/v2\/product_brand?post=1173"},{"taxonomy":"product_cat","embeddable":true,"href":"https:\/\/astrologelvan.com\/magaza\/wp-json\/wp\/v2\/product_cat?post=1173"},{"taxonomy":"product_tag","embeddable":true,"href":"https:\/\/astrologelvan.com\/magaza\/wp-json\/wp\/v2\/product_tag?post=1173"}],"curies":[{"name":"wp","href":"https:\/\/api.w.org\/{rel}","templated":true}]}}