{"id":110926,"date":"2025-10-13T08:17:07","date_gmt":"2025-10-13T05:17:07","guid":{"rendered":"https:\/\/astrologelvan.com\/magaza\/?post_type=product&#038;p=110926"},"modified":"2026-04-03T18:36:18","modified_gmt":"2026-04-03T15:36:18","slug":"%e2%9c%a8-bal-sitrin-kolye-bereketin-ve-gunesin-isigini-tasi-%e2%9c%a8","status":"publish","type":"product","link":"https:\/\/astrologelvan.com\/magaza\/urun\/%e2%9c%a8-bal-sitrin-kolye-bereketin-ve-gunesin-isigini-tasi-%e2%9c%a8\/","title":{"rendered":"\u2728 Bal Sitrin Kolye \u2013 Bereketin ve G\u00fcne\u015fin I\u015f\u0131\u011f\u0131n\u0131 Ta\u015f\u0131! \u2728"},"content":{"rendered":"","protected":false},"excerpt":{"rendered":"<p>Bal sitrinin s\u0131cak ve parlayan enerjisiyle her an kendini yeniden do\u011fmu\u015f gibi hisset! G\u00fcne\u015fin g\u00fcc\u00fcn\u00fc i\u00e7inde bar\u0131nd\u0131ran bu ta\u015f, hem ruhuna canl\u0131l\u0131k hem de hayat\u0131na bolluk getirir. Negatif enerjiyi d\u00f6n\u00fc\u015ft\u00fcr\u00fcr, \u00e7evreni ar\u0131nd\u0131r\u0131r ve seni pozitif titre\u015fimlerle sarar.<\/p>\n<p><strong>Bal sitrin<\/strong>, <strong>bolluk<\/strong>, <strong>ba\u015far\u0131<\/strong> ve <strong>zenginlik<\/strong> enerjisini hayat\u0131na \u00e7ekmek isteyenlerin vazge\u00e7ilmez ta\u015f\u0131d\u0131r. Ayn\u0131 zamanda motivasyonu y\u00fckseltir, kendine g\u00fcveni art\u0131r\u0131r ve i\u00e7indeki ne\u015feyi yeniden uyand\u0131r\u0131r.<\/p>\n<p>\ud83d\udc9b Enerjisiyle \u00f6ne \u00e7\u0131kan bu kolye, sadece \u015f\u0131k bir aksesuar de\u011fil, her g\u00fcn seni koruyan, canland\u0131ran ve bereket enerjini y\u00fckselten g\u00fc\u00e7l\u00fc bir t\u0131ls\u0131md\u0131r.<\/p>\n<p>\u2728 G\u00fcnl\u00fck enerjini y\u00fckseltmek, bolluk kap\u0131lar\u0131n\u0131 aralamak ve kendini \u0131\u015f\u0131ldatmak i\u00e7in Bal <strong>Sitrin<\/strong> <strong>Kolye<\/strong> tam sana g\u00f6re!<\/p>\n<p>\ud83d\uded2 \u015eimdi sepete ekle, g\u00fcne\u015fin enerjisini daima \u00fczerinde ta\u015f\u0131!<\/p>\n","protected":false},"featured_media":110929,"comment_status":"open","ping_status":"closed","template":"","meta":[],"product_brand":[],"product_cat":[48,65],"product_tag":[],"class_list":{"0":"post-110926","1":"product","2":"type-product","3":"status-publish","4":"has-post-thumbnail","6":"product_cat-kolyeler","7":"product_cat-sitrin-dogal-tas","9":"first","10":"instock","11":"taxable","12":"shipping-taxable","13":"purchasable","14":"product-type-simple"},"yoast_head":"<!-- This site is optimized with the Yoast SEO plugin v27.3 - https:\/\/yoast.com\/product\/yoast-seo-wordpress\/ -->\n<title>\u2728 Bal Sitrin Kolye \u2013 Bereketin ve G\u00fcne\u015fin I\u015f\u0131\u011f\u0131n\u0131 Ta\u015f\u0131! \u2728 - Astrolog Elvan<\/title>\n<meta name=\"robots\" content=\"index, follow, max-snippet:-1, max-image-preview:large, max-video-preview:-1\" \/>\n<link rel=\"canonical\" href=\"https:\/\/astrologelvan.com\/magaza\/urun\/\u2728-bal-sitrin-kolye-bereketin-ve-gunesin-isigini-tasi-\u2728\/\" \/>\n<meta property=\"og:locale\" content=\"tr_TR\" \/>\n<meta property=\"og:type\" content=\"article\" \/>\n<meta property=\"og:title\" content=\"\u2728 Bal Sitrin Kolye \u2013 Bereketin ve G\u00fcne\u015fin I\u015f\u0131\u011f\u0131n\u0131 Ta\u015f\u0131! \u2728 - Astrolog Elvan\" \/>\n<meta property=\"og:description\" content=\"Bal sitrinin s\u0131cak ve parlayan enerjisiyle her an kendini yeniden do\u011fmu\u015f gibi hisset! G\u00fcne\u015fin g\u00fcc\u00fcn\u00fc i\u00e7inde bar\u0131nd\u0131ran bu ta\u015f, hem ruhuna canl\u0131l\u0131k hem de hayat\u0131na bolluk getirir. Negatif enerjiyi d\u00f6n\u00fc\u015ft\u00fcr\u00fcr, \u00e7evreni ar\u0131nd\u0131r\u0131r ve seni pozitif titre\u015fimlerle sarar.  Bal sitrin, bolluk, ba\u015far\u0131 ve zenginlik enerjisini hayat\u0131na \u00e7ekmek isteyenlerin vazge\u00e7ilmez ta\u015f\u0131d\u0131r. Ayn\u0131 zamanda motivasyonu y\u00fckseltir, kendine g\u00fcveni art\u0131r\u0131r ve i\u00e7indeki ne\u015feyi yeniden uyand\u0131r\u0131r.  \ud83d\udc9b Enerjisiyle \u00f6ne \u00e7\u0131kan bu kolye, sadece \u015f\u0131k bir aksesuar de\u011fil, her g\u00fcn seni koruyan, canland\u0131ran ve bereket enerjini y\u00fckselten g\u00fc\u00e7l\u00fc bir t\u0131ls\u0131md\u0131r.  \u2728 G\u00fcnl\u00fck enerjini y\u00fckseltmek, bolluk kap\u0131lar\u0131n\u0131 aralamak ve kendini \u0131\u015f\u0131ldatmak i\u00e7in Bal Sitrin Kolye tam sana g\u00f6re!  \ud83d\uded2 \u015eimdi sepete ekle, g\u00fcne\u015fin enerjisini daima \u00fczerinde ta\u015f\u0131!\" \/>\n<meta property=\"og:url\" content=\"https:\/\/astrologelvan.com\/magaza\/urun\/\u2728-bal-sitrin-kolye-bereketin-ve-gunesin-isigini-tasi-\u2728\/\" \/>\n<meta property=\"og:site_name\" content=\"Astrolog Elvan\" \/>\n<meta property=\"article:modified_time\" content=\"2026-04-03T15:36:18+00:00\" \/>\n<meta property=\"og:image\" content=\"https:\/\/astrologelvan.com\/magaza\/wp-content\/uploads\/2025\/10\/WhatsApp-Image-2025-10-10-at-18.01.27.jpeg\" \/>\n\t<meta property=\"og:image:width\" content=\"1020\" \/>\n\t<meta property=\"og:image:height\" content=\"1360\" \/>\n\t<meta property=\"og:image:type\" content=\"image\/jpeg\" \/>\n<meta name=\"twitter:card\" content=\"summary_large_image\" \/>\n<meta name=\"twitter:label1\" content=\"Tahmini okuma s\u00fcresi\" \/>\n\t<meta name=\"twitter:data1\" content=\"1 dakika\" \/>\n<script type=\"application\/ld+json\" class=\"yoast-schema-graph\">{\"@context\":\"https:\\\/\\\/schema.org\",\"@graph\":[{\"@type\":[\"WebPage\",\"ItemPage\"],\"@id\":\"https:\\\/\\\/astrologelvan.com\\\/magaza\\\/urun\\\/%e2%9c%a8-bal-sitrin-kolye-bereketin-ve-gunesin-isigini-tasi-%e2%9c%a8\\\/\",\"url\":\"https:\\\/\\\/astrologelvan.com\\\/magaza\\\/urun\\\/%e2%9c%a8-bal-sitrin-kolye-bereketin-ve-gunesin-isigini-tasi-%e2%9c%a8\\\/\",\"name\":\"\u2728 Bal Sitrin Kolye \u2013 Bereketin ve G\u00fcne\u015fin I\u015f\u0131\u011f\u0131n\u0131 Ta\u015f\u0131! \u2728 - Astrolog Elvan\",\"isPartOf\":{\"@id\":\"https:\\\/\\\/astrologelvan.com\\\/magaza\\\/#website\"},\"primaryImageOfPage\":{\"@id\":\"https:\\\/\\\/astrologelvan.com\\\/magaza\\\/urun\\\/%e2%9c%a8-bal-sitrin-kolye-bereketin-ve-gunesin-isigini-tasi-%e2%9c%a8\\\/#primaryimage\"},\"image\":{\"@id\":\"https:\\\/\\\/astrologelvan.com\\\/magaza\\\/urun\\\/%e2%9c%a8-bal-sitrin-kolye-bereketin-ve-gunesin-isigini-tasi-%e2%9c%a8\\\/#primaryimage\"},\"thumbnailUrl\":\"https:\\\/\\\/astrologelvan.com\\\/magaza\\\/wp-content\\\/uploads\\\/2025\\\/10\\\/WhatsApp-Image-2025-10-10-at-18.01.27.jpeg\",\"datePublished\":\"2025-10-13T05:17:07+00:00\",\"dateModified\":\"2026-04-03T15:36:18+00:00\",\"breadcrumb\":{\"@id\":\"https:\\\/\\\/astrologelvan.com\\\/magaza\\\/urun\\\/%e2%9c%a8-bal-sitrin-kolye-bereketin-ve-gunesin-isigini-tasi-%e2%9c%a8\\\/#breadcrumb\"},\"inLanguage\":\"tr\",\"potentialAction\":[{\"@type\":\"ReadAction\",\"target\":[\"https:\\\/\\\/astrologelvan.com\\\/magaza\\\/urun\\\/%e2%9c%a8-bal-sitrin-kolye-bereketin-ve-gunesin-isigini-tasi-%e2%9c%a8\\\/\"]}]},{\"@type\":\"ImageObject\",\"inLanguage\":\"tr\",\"@id\":\"https:\\\/\\\/astrologelvan.com\\\/magaza\\\/urun\\\/%e2%9c%a8-bal-sitrin-kolye-bereketin-ve-gunesin-isigini-tasi-%e2%9c%a8\\\/#primaryimage\",\"url\":\"https:\\\/\\\/astrologelvan.com\\\/magaza\\\/wp-content\\\/uploads\\\/2025\\\/10\\\/WhatsApp-Image-2025-10-10-at-18.01.27.jpeg\",\"contentUrl\":\"https:\\\/\\\/astrologelvan.com\\\/magaza\\\/wp-content\\\/uploads\\\/2025\\\/10\\\/WhatsApp-Image-2025-10-10-at-18.01.27.jpeg\",\"width\":1848,\"height\":2464},{\"@type\":\"BreadcrumbList\",\"@id\":\"https:\\\/\\\/astrologelvan.com\\\/magaza\\\/urun\\\/%e2%9c%a8-bal-sitrin-kolye-bereketin-ve-gunesin-isigini-tasi-%e2%9c%a8\\\/#breadcrumb\",\"itemListElement\":[{\"@type\":\"ListItem\",\"position\":1,\"name\":\"Anasayfa\",\"item\":\"https:\\\/\\\/astrologelvan.com\\\/magaza\\\/\"},{\"@type\":\"ListItem\",\"position\":2,\"name\":\"Ma\u011faza\",\"item\":\"https:\\\/\\\/astrologelvan.com\\\/magaza\\\/magaza\\\/\"},{\"@type\":\"ListItem\",\"position\":3,\"name\":\"\u2728 Bal Sitrin Kolye \u2013 Bereketin ve G\u00fcne\u015fin I\u015f\u0131\u011f\u0131n\u0131 Ta\u015f\u0131! \u2728\"}]},{\"@type\":\"WebSite\",\"@id\":\"https:\\\/\\\/astrologelvan.com\\\/magaza\\\/#website\",\"url\":\"https:\\\/\\\/astrologelvan.com\\\/magaza\\\/\",\"name\":\"Astrolog Elvan\",\"description\":\"\",\"potentialAction\":[{\"@type\":\"SearchAction\",\"target\":{\"@type\":\"EntryPoint\",\"urlTemplate\":\"https:\\\/\\\/astrologelvan.com\\\/magaza\\\/?s={search_term_string}\"},\"query-input\":{\"@type\":\"PropertyValueSpecification\",\"valueRequired\":true,\"valueName\":\"search_term_string\"}}],\"inLanguage\":\"tr\"}]}<\/script>\n<!-- \/ Yoast SEO plugin. -->","yoast_head_json":{"title":"\u2728 Bal Sitrin Kolye \u2013 Bereketin ve G\u00fcne\u015fin I\u015f\u0131\u011f\u0131n\u0131 Ta\u015f\u0131! \u2728 - Astrolog Elvan","robots":{"index":"index","follow":"follow","max-snippet":"max-snippet:-1","max-image-preview":"max-image-preview:large","max-video-preview":"max-video-preview:-1"},"canonical":"https:\/\/astrologelvan.com\/magaza\/urun\/\u2728-bal-sitrin-kolye-bereketin-ve-gunesin-isigini-tasi-\u2728\/","og_locale":"tr_TR","og_type":"article","og_title":"\u2728 Bal Sitrin Kolye \u2013 Bereketin ve G\u00fcne\u015fin I\u015f\u0131\u011f\u0131n\u0131 Ta\u015f\u0131! \u2728 - Astrolog Elvan","og_description":"Bal sitrinin s\u0131cak ve parlayan enerjisiyle her an kendini yeniden do\u011fmu\u015f gibi hisset! G\u00fcne\u015fin g\u00fcc\u00fcn\u00fc i\u00e7inde bar\u0131nd\u0131ran bu ta\u015f, hem ruhuna canl\u0131l\u0131k hem de hayat\u0131na bolluk getirir. Negatif enerjiyi d\u00f6n\u00fc\u015ft\u00fcr\u00fcr, \u00e7evreni ar\u0131nd\u0131r\u0131r ve seni pozitif titre\u015fimlerle sarar.  Bal sitrin, bolluk, ba\u015far\u0131 ve zenginlik enerjisini hayat\u0131na \u00e7ekmek isteyenlerin vazge\u00e7ilmez ta\u015f\u0131d\u0131r. Ayn\u0131 zamanda motivasyonu y\u00fckseltir, kendine g\u00fcveni art\u0131r\u0131r ve i\u00e7indeki ne\u015feyi yeniden uyand\u0131r\u0131r.  \ud83d\udc9b Enerjisiyle \u00f6ne \u00e7\u0131kan bu kolye, sadece \u015f\u0131k bir aksesuar de\u011fil, her g\u00fcn seni koruyan, canland\u0131ran ve bereket enerjini y\u00fckselten g\u00fc\u00e7l\u00fc bir t\u0131ls\u0131md\u0131r.  \u2728 G\u00fcnl\u00fck enerjini y\u00fckseltmek, bolluk kap\u0131lar\u0131n\u0131 aralamak ve kendini \u0131\u015f\u0131ldatmak i\u00e7in Bal Sitrin Kolye tam sana g\u00f6re!  \ud83d\uded2 \u015eimdi sepete ekle, g\u00fcne\u015fin enerjisini daima \u00fczerinde ta\u015f\u0131!","og_url":"https:\/\/astrologelvan.com\/magaza\/urun\/\u2728-bal-sitrin-kolye-bereketin-ve-gunesin-isigini-tasi-\u2728\/","og_site_name":"Astrolog Elvan","article_modified_time":"2026-04-03T15:36:18+00:00","og_image":[{"url":"https:\/\/astrologelvan.com\/magaza\/wp-content\/uploads\/2025\/10\/WhatsApp-Image-2025-10-10-at-18.01.27.jpeg","width":1020,"height":1360,"type":"image\/jpeg"}],"twitter_card":"summary_large_image","twitter_misc":{"Tahmini okuma s\u00fcresi":"1 dakika"},"schema":{"@context":"https:\/\/schema.org","@graph":[{"@type":["WebPage","ItemPage"],"@id":"https:\/\/astrologelvan.com\/magaza\/urun\/%e2%9c%a8-bal-sitrin-kolye-bereketin-ve-gunesin-isigini-tasi-%e2%9c%a8\/","url":"https:\/\/astrologelvan.com\/magaza\/urun\/%e2%9c%a8-bal-sitrin-kolye-bereketin-ve-gunesin-isigini-tasi-%e2%9c%a8\/","name":"\u2728 Bal Sitrin Kolye \u2013 Bereketin ve G\u00fcne\u015fin I\u015f\u0131\u011f\u0131n\u0131 Ta\u015f\u0131! \u2728 - Astrolog Elvan","isPartOf":{"@id":"https:\/\/astrologelvan.com\/magaza\/#website"},"primaryImageOfPage":{"@id":"https:\/\/astrologelvan.com\/magaza\/urun\/%e2%9c%a8-bal-sitrin-kolye-bereketin-ve-gunesin-isigini-tasi-%e2%9c%a8\/#primaryimage"},"image":{"@id":"https:\/\/astrologelvan.com\/magaza\/urun\/%e2%9c%a8-bal-sitrin-kolye-bereketin-ve-gunesin-isigini-tasi-%e2%9c%a8\/#primaryimage"},"thumbnailUrl":"https:\/\/astrologelvan.com\/magaza\/wp-content\/uploads\/2025\/10\/WhatsApp-Image-2025-10-10-at-18.01.27.jpeg","datePublished":"2025-10-13T05:17:07+00:00","dateModified":"2026-04-03T15:36:18+00:00","breadcrumb":{"@id":"https:\/\/astrologelvan.com\/magaza\/urun\/%e2%9c%a8-bal-sitrin-kolye-bereketin-ve-gunesin-isigini-tasi-%e2%9c%a8\/#breadcrumb"},"inLanguage":"tr","potentialAction":[{"@type":"ReadAction","target":["https:\/\/astrologelvan.com\/magaza\/urun\/%e2%9c%a8-bal-sitrin-kolye-bereketin-ve-gunesin-isigini-tasi-%e2%9c%a8\/"]}]},{"@type":"ImageObject","inLanguage":"tr","@id":"https:\/\/astrologelvan.com\/magaza\/urun\/%e2%9c%a8-bal-sitrin-kolye-bereketin-ve-gunesin-isigini-tasi-%e2%9c%a8\/#primaryimage","url":"https:\/\/astrologelvan.com\/magaza\/wp-content\/uploads\/2025\/10\/WhatsApp-Image-2025-10-10-at-18.01.27.jpeg","contentUrl":"https:\/\/astrologelvan.com\/magaza\/wp-content\/uploads\/2025\/10\/WhatsApp-Image-2025-10-10-at-18.01.27.jpeg","width":1848,"height":2464},{"@type":"BreadcrumbList","@id":"https:\/\/astrologelvan.com\/magaza\/urun\/%e2%9c%a8-bal-sitrin-kolye-bereketin-ve-gunesin-isigini-tasi-%e2%9c%a8\/#breadcrumb","itemListElement":[{"@type":"ListItem","position":1,"name":"Anasayfa","item":"https:\/\/astrologelvan.com\/magaza\/"},{"@type":"ListItem","position":2,"name":"Ma\u011faza","item":"https:\/\/astrologelvan.com\/magaza\/magaza\/"},{"@type":"ListItem","position":3,"name":"\u2728 Bal Sitrin Kolye \u2013 Bereketin ve G\u00fcne\u015fin I\u015f\u0131\u011f\u0131n\u0131 Ta\u015f\u0131! \u2728"}]},{"@type":"WebSite","@id":"https:\/\/astrologelvan.com\/magaza\/#website","url":"https:\/\/astrologelvan.com\/magaza\/","name":"Astrolog Elvan","description":"","potentialAction":[{"@type":"SearchAction","target":{"@type":"EntryPoint","urlTemplate":"https:\/\/astrologelvan.com\/magaza\/?s={search_term_string}"},"query-input":{"@type":"PropertyValueSpecification","valueRequired":true,"valueName":"search_term_string"}}],"inLanguage":"tr"}]}},"_links":{"self":[{"href":"https:\/\/astrologelvan.com\/magaza\/wp-json\/wp\/v2\/product\/110926","targetHints":{"allow":["GET"]}}],"collection":[{"href":"https:\/\/astrologelvan.com\/magaza\/wp-json\/wp\/v2\/product"}],"about":[{"href":"https:\/\/astrologelvan.com\/magaza\/wp-json\/wp\/v2\/types\/product"}],"replies":[{"embeddable":true,"href":"https:\/\/astrologelvan.com\/magaza\/wp-json\/wp\/v2\/comments?post=110926"}],"wp:featuredmedia":[{"embeddable":true,"href":"https:\/\/astrologelvan.com\/magaza\/wp-json\/wp\/v2\/media\/110929"}],"wp:attachment":[{"href":"https:\/\/astrologelvan.com\/magaza\/wp-json\/wp\/v2\/media?parent=110926"}],"wp:term":[{"taxonomy":"product_brand","embeddable":true,"href":"https:\/\/astrologelvan.com\/magaza\/wp-json\/wp\/v2\/product_brand?post=110926"},{"taxonomy":"product_cat","embeddable":true,"href":"https:\/\/astrologelvan.com\/magaza\/wp-json\/wp\/v2\/product_cat?post=110926"},{"taxonomy":"product_tag","embeddable":true,"href":"https:\/\/astrologelvan.com\/magaza\/wp-json\/wp\/v2\/product_tag?post=110926"}],"curies":[{"name":"wp","href":"https:\/\/api.w.org\/{rel}","templated":true}]}}