{"id":101718,"date":"2025-09-03T22:43:05","date_gmt":"2025-09-03T19:43:05","guid":{"rendered":"https:\/\/astrologelvan.com\/magaza\/?post_type=product&#038;p=101718"},"modified":"2026-02-20T20:27:25","modified_gmt":"2026-02-20T17:27:25","slug":"ankh-sonsuz-ruhun-gucu-kolye-kupe-set","status":"publish","type":"product","link":"https:\/\/astrologelvan.com\/magaza\/urun\/ankh-sonsuz-ruhun-gucu-kolye-kupe-set\/","title":{"rendered":"Ankh Sonsuz Ruhun G\u00fcc\u00fc Kolye&#038; K\u00fcpe Set"},"content":{"rendered":"","protected":false},"excerpt":{"rendered":"<div>Kadim M\u0131s\u0131r\u2019\u0131n ya\u015fam anahtar\u0131 Ankh, ya\u015fam\u0131n s\u00fcreklili\u011fini ve ruhun \u00f6l\u00fcms\u00fczl\u00fc\u011f\u00fcn\u00fc simgeler.<\/div>\n<div>Derin k\u00f6klerden g\u00f6\u011fe uzanan bu sembol, zaman\u0131n \u00f6tesinde bir yolculuk.<\/div>\n<div><\/div>\n<div>Bu sembol evrenin sonsuz d\u00f6ng\u00fcs\u00fcn\u00fc kalbinize ta\u015f\u0131rken, size hat\u0131rlat\u0131r:<\/div>\n<div>Her ba\u015flang\u0131\u00e7 bir devamd\u0131r, her an sonsuzlu\u011fun derinli\u011finde bir iz b\u0131rak\u0131r.<\/div>\n<div><\/div>\n<div>\n<p><strong>\ud83c\udf0c Ankh ile ta\u015f\u0131d\u0131\u011f\u0131n\u0131z; ya\u015fam, sevgi ve sonsuz ruhun g\u00fcc\u00fcd\u00fcr.<\/strong><\/p>\n<p><strong>Kolye:<br \/>\n<\/strong>15 gr \u00fcr\u00fcn a\u011f\u0131rl\u0131\u011f\u0131<br \/>\nZincir uzunlu\u011fu :60 cm<br \/>\nG\u00fcm\u00fc\u015f<strong><br \/>\n<\/strong><\/p>\n<p><strong>K\u00fcpe:<br \/>\n<\/strong>5.5 gr \u00fcr\u00fcn a\u011f\u0131rl\u0131\u011f\u0131<br \/>\nG\u00fcm\u00fc\u015f<\/p>\n<\/div>\n","protected":false},"featured_media":101693,"comment_status":"open","ping_status":"closed","template":"","meta":[],"product_brand":[],"product_cat":[48,135,410],"product_tag":[],"class_list":{"0":"post-101718","1":"product","2":"type-product","3":"status-publish","4":"has-post-thumbnail","6":"product_cat-kolyeler","7":"product_cat-kupe","8":"product_cat-setler","10":"first","11":"instock","12":"purchasable","13":"product-type-simple"},"yoast_head":"<!-- This site is optimized with the Yoast SEO plugin v27.3 - https:\/\/yoast.com\/product\/yoast-seo-wordpress\/ -->\n<title>Ankh Sonsuz Ruhun G\u00fcc\u00fc Kolye&amp; K\u00fcpe Set - Astrolog Elvan<\/title>\n<meta name=\"robots\" content=\"index, follow, max-snippet:-1, max-image-preview:large, max-video-preview:-1\" \/>\n<link rel=\"canonical\" href=\"https:\/\/astrologelvan.com\/magaza\/urun\/ankh-sonsuz-ruhun-gucu-kolye-kupe-set\/\" \/>\n<meta property=\"og:locale\" content=\"tr_TR\" \/>\n<meta property=\"og:type\" content=\"article\" \/>\n<meta property=\"og:title\" content=\"Ankh Sonsuz Ruhun G\u00fcc\u00fc Kolye&amp; K\u00fcpe Set - Astrolog Elvan\" \/>\n<meta property=\"og:description\" content=\"Kadim M\u0131s\u0131r\u2019\u0131n ya\u015fam anahtar\u0131 Ankh, ya\u015fam\u0131n s\u00fcreklili\u011fini ve ruhun \u00f6l\u00fcms\u00fczl\u00fc\u011f\u00fcn\u00fc simgeler. Derin k\u00f6klerden g\u00f6\u011fe uzanan bu sembol, zaman\u0131n \u00f6tesinde bir yolculuk.  Bu sembol evrenin sonsuz d\u00f6ng\u00fcs\u00fcn\u00fc kalbinize ta\u015f\u0131rken, size hat\u0131rlat\u0131r: Her ba\u015flang\u0131\u00e7 bir devamd\u0131r, her an sonsuzlu\u011fun derinli\u011finde bir iz b\u0131rak\u0131r.    \ud83c\udf0c Ankh ile ta\u015f\u0131d\u0131\u011f\u0131n\u0131z; ya\u015fam, sevgi ve sonsuz ruhun g\u00fcc\u00fcd\u00fcr.  Kolye: 15 gr \u00fcr\u00fcn a\u011f\u0131rl\u0131\u011f\u0131 Zincir uzunlu\u011fu :60 cm G\u00fcm\u00fc\u015f   K\u00fcpe: 5.5 gr \u00fcr\u00fcn a\u011f\u0131rl\u0131\u011f\u0131 G\u00fcm\u00fc\u015f\" \/>\n<meta property=\"og:url\" content=\"https:\/\/astrologelvan.com\/magaza\/urun\/ankh-sonsuz-ruhun-gucu-kolye-kupe-set\/\" \/>\n<meta property=\"og:site_name\" content=\"Astrolog Elvan\" \/>\n<meta property=\"article:modified_time\" content=\"2026-02-20T17:27:25+00:00\" \/>\n<meta property=\"og:image\" content=\"https:\/\/astrologelvan.com\/magaza\/wp-content\/uploads\/2025\/09\/IMG_8671-kopya.webp\" \/>\n\t<meta property=\"og:image:width\" content=\"1020\" \/>\n\t<meta property=\"og:image:height\" content=\"1360\" \/>\n\t<meta property=\"og:image:type\" content=\"image\/webp\" \/>\n<meta name=\"twitter:card\" content=\"summary_large_image\" \/>\n<meta name=\"twitter:label1\" content=\"Tahmini okuma s\u00fcresi\" \/>\n\t<meta name=\"twitter:data1\" content=\"1 dakika\" \/>\n<script type=\"application\/ld+json\" class=\"yoast-schema-graph\">{\"@context\":\"https:\\\/\\\/schema.org\",\"@graph\":[{\"@type\":[\"WebPage\",\"ItemPage\"],\"@id\":\"https:\\\/\\\/astrologelvan.com\\\/magaza\\\/urun\\\/ankh-sonsuz-ruhun-gucu-kolye-kupe-set\\\/\",\"url\":\"https:\\\/\\\/astrologelvan.com\\\/magaza\\\/urun\\\/ankh-sonsuz-ruhun-gucu-kolye-kupe-set\\\/\",\"name\":\"Ankh Sonsuz Ruhun G\u00fcc\u00fc Kolye& K\u00fcpe Set - Astrolog Elvan\",\"isPartOf\":{\"@id\":\"https:\\\/\\\/astrologelvan.com\\\/magaza\\\/#website\"},\"primaryImageOfPage\":{\"@id\":\"https:\\\/\\\/astrologelvan.com\\\/magaza\\\/urun\\\/ankh-sonsuz-ruhun-gucu-kolye-kupe-set\\\/#primaryimage\"},\"image\":{\"@id\":\"https:\\\/\\\/astrologelvan.com\\\/magaza\\\/urun\\\/ankh-sonsuz-ruhun-gucu-kolye-kupe-set\\\/#primaryimage\"},\"thumbnailUrl\":\"https:\\\/\\\/astrologelvan.com\\\/magaza\\\/wp-content\\\/uploads\\\/2025\\\/09\\\/IMG_8671-kopya.webp\",\"datePublished\":\"2025-09-03T19:43:05+00:00\",\"dateModified\":\"2026-02-20T17:27:25+00:00\",\"breadcrumb\":{\"@id\":\"https:\\\/\\\/astrologelvan.com\\\/magaza\\\/urun\\\/ankh-sonsuz-ruhun-gucu-kolye-kupe-set\\\/#breadcrumb\"},\"inLanguage\":\"tr\",\"potentialAction\":[{\"@type\":\"ReadAction\",\"target\":[\"https:\\\/\\\/astrologelvan.com\\\/magaza\\\/urun\\\/ankh-sonsuz-ruhun-gucu-kolye-kupe-set\\\/\"]}]},{\"@type\":\"ImageObject\",\"inLanguage\":\"tr\",\"@id\":\"https:\\\/\\\/astrologelvan.com\\\/magaza\\\/urun\\\/ankh-sonsuz-ruhun-gucu-kolye-kupe-set\\\/#primaryimage\",\"url\":\"https:\\\/\\\/astrologelvan.com\\\/magaza\\\/wp-content\\\/uploads\\\/2025\\\/09\\\/IMG_8671-kopya.webp\",\"contentUrl\":\"https:\\\/\\\/astrologelvan.com\\\/magaza\\\/wp-content\\\/uploads\\\/2025\\\/09\\\/IMG_8671-kopya.webp\",\"width\":2821,\"height\":3761},{\"@type\":\"BreadcrumbList\",\"@id\":\"https:\\\/\\\/astrologelvan.com\\\/magaza\\\/urun\\\/ankh-sonsuz-ruhun-gucu-kolye-kupe-set\\\/#breadcrumb\",\"itemListElement\":[{\"@type\":\"ListItem\",\"position\":1,\"name\":\"Anasayfa\",\"item\":\"https:\\\/\\\/astrologelvan.com\\\/magaza\\\/\"},{\"@type\":\"ListItem\",\"position\":2,\"name\":\"Ma\u011faza\",\"item\":\"https:\\\/\\\/astrologelvan.com\\\/magaza\\\/magaza\\\/\"},{\"@type\":\"ListItem\",\"position\":3,\"name\":\"Ankh Sonsuz Ruhun G\u00fcc\u00fc Kolye&#038; K\u00fcpe Set\"}]},{\"@type\":\"WebSite\",\"@id\":\"https:\\\/\\\/astrologelvan.com\\\/magaza\\\/#website\",\"url\":\"https:\\\/\\\/astrologelvan.com\\\/magaza\\\/\",\"name\":\"Astrolog Elvan\",\"description\":\"\",\"potentialAction\":[{\"@type\":\"SearchAction\",\"target\":{\"@type\":\"EntryPoint\",\"urlTemplate\":\"https:\\\/\\\/astrologelvan.com\\\/magaza\\\/?s={search_term_string}\"},\"query-input\":{\"@type\":\"PropertyValueSpecification\",\"valueRequired\":true,\"valueName\":\"search_term_string\"}}],\"inLanguage\":\"tr\"}]}<\/script>\n<!-- \/ Yoast SEO plugin. -->","yoast_head_json":{"title":"Ankh Sonsuz Ruhun G\u00fcc\u00fc Kolye& K\u00fcpe Set - Astrolog Elvan","robots":{"index":"index","follow":"follow","max-snippet":"max-snippet:-1","max-image-preview":"max-image-preview:large","max-video-preview":"max-video-preview:-1"},"canonical":"https:\/\/astrologelvan.com\/magaza\/urun\/ankh-sonsuz-ruhun-gucu-kolye-kupe-set\/","og_locale":"tr_TR","og_type":"article","og_title":"Ankh Sonsuz Ruhun G\u00fcc\u00fc Kolye& K\u00fcpe Set - Astrolog Elvan","og_description":"Kadim M\u0131s\u0131r\u2019\u0131n ya\u015fam anahtar\u0131 Ankh, ya\u015fam\u0131n s\u00fcreklili\u011fini ve ruhun \u00f6l\u00fcms\u00fczl\u00fc\u011f\u00fcn\u00fc simgeler. Derin k\u00f6klerden g\u00f6\u011fe uzanan bu sembol, zaman\u0131n \u00f6tesinde bir yolculuk.  Bu sembol evrenin sonsuz d\u00f6ng\u00fcs\u00fcn\u00fc kalbinize ta\u015f\u0131rken, size hat\u0131rlat\u0131r: Her ba\u015flang\u0131\u00e7 bir devamd\u0131r, her an sonsuzlu\u011fun derinli\u011finde bir iz b\u0131rak\u0131r.    \ud83c\udf0c Ankh ile ta\u015f\u0131d\u0131\u011f\u0131n\u0131z; ya\u015fam, sevgi ve sonsuz ruhun g\u00fcc\u00fcd\u00fcr.  Kolye: 15 gr \u00fcr\u00fcn a\u011f\u0131rl\u0131\u011f\u0131 Zincir uzunlu\u011fu :60 cm G\u00fcm\u00fc\u015f   K\u00fcpe: 5.5 gr \u00fcr\u00fcn a\u011f\u0131rl\u0131\u011f\u0131 G\u00fcm\u00fc\u015f","og_url":"https:\/\/astrologelvan.com\/magaza\/urun\/ankh-sonsuz-ruhun-gucu-kolye-kupe-set\/","og_site_name":"Astrolog Elvan","article_modified_time":"2026-02-20T17:27:25+00:00","og_image":[{"url":"https:\/\/astrologelvan.com\/magaza\/wp-content\/uploads\/2025\/09\/IMG_8671-kopya.webp","width":1020,"height":1360,"type":"image\/webp"}],"twitter_card":"summary_large_image","twitter_misc":{"Tahmini okuma s\u00fcresi":"1 dakika"},"schema":{"@context":"https:\/\/schema.org","@graph":[{"@type":["WebPage","ItemPage"],"@id":"https:\/\/astrologelvan.com\/magaza\/urun\/ankh-sonsuz-ruhun-gucu-kolye-kupe-set\/","url":"https:\/\/astrologelvan.com\/magaza\/urun\/ankh-sonsuz-ruhun-gucu-kolye-kupe-set\/","name":"Ankh Sonsuz Ruhun G\u00fcc\u00fc Kolye& K\u00fcpe Set - Astrolog Elvan","isPartOf":{"@id":"https:\/\/astrologelvan.com\/magaza\/#website"},"primaryImageOfPage":{"@id":"https:\/\/astrologelvan.com\/magaza\/urun\/ankh-sonsuz-ruhun-gucu-kolye-kupe-set\/#primaryimage"},"image":{"@id":"https:\/\/astrologelvan.com\/magaza\/urun\/ankh-sonsuz-ruhun-gucu-kolye-kupe-set\/#primaryimage"},"thumbnailUrl":"https:\/\/astrologelvan.com\/magaza\/wp-content\/uploads\/2025\/09\/IMG_8671-kopya.webp","datePublished":"2025-09-03T19:43:05+00:00","dateModified":"2026-02-20T17:27:25+00:00","breadcrumb":{"@id":"https:\/\/astrologelvan.com\/magaza\/urun\/ankh-sonsuz-ruhun-gucu-kolye-kupe-set\/#breadcrumb"},"inLanguage":"tr","potentialAction":[{"@type":"ReadAction","target":["https:\/\/astrologelvan.com\/magaza\/urun\/ankh-sonsuz-ruhun-gucu-kolye-kupe-set\/"]}]},{"@type":"ImageObject","inLanguage":"tr","@id":"https:\/\/astrologelvan.com\/magaza\/urun\/ankh-sonsuz-ruhun-gucu-kolye-kupe-set\/#primaryimage","url":"https:\/\/astrologelvan.com\/magaza\/wp-content\/uploads\/2025\/09\/IMG_8671-kopya.webp","contentUrl":"https:\/\/astrologelvan.com\/magaza\/wp-content\/uploads\/2025\/09\/IMG_8671-kopya.webp","width":2821,"height":3761},{"@type":"BreadcrumbList","@id":"https:\/\/astrologelvan.com\/magaza\/urun\/ankh-sonsuz-ruhun-gucu-kolye-kupe-set\/#breadcrumb","itemListElement":[{"@type":"ListItem","position":1,"name":"Anasayfa","item":"https:\/\/astrologelvan.com\/magaza\/"},{"@type":"ListItem","position":2,"name":"Ma\u011faza","item":"https:\/\/astrologelvan.com\/magaza\/magaza\/"},{"@type":"ListItem","position":3,"name":"Ankh Sonsuz Ruhun G\u00fcc\u00fc Kolye&#038; K\u00fcpe Set"}]},{"@type":"WebSite","@id":"https:\/\/astrologelvan.com\/magaza\/#website","url":"https:\/\/astrologelvan.com\/magaza\/","name":"Astrolog Elvan","description":"","potentialAction":[{"@type":"SearchAction","target":{"@type":"EntryPoint","urlTemplate":"https:\/\/astrologelvan.com\/magaza\/?s={search_term_string}"},"query-input":{"@type":"PropertyValueSpecification","valueRequired":true,"valueName":"search_term_string"}}],"inLanguage":"tr"}]}},"_links":{"self":[{"href":"https:\/\/astrologelvan.com\/magaza\/wp-json\/wp\/v2\/product\/101718","targetHints":{"allow":["GET"]}}],"collection":[{"href":"https:\/\/astrologelvan.com\/magaza\/wp-json\/wp\/v2\/product"}],"about":[{"href":"https:\/\/astrologelvan.com\/magaza\/wp-json\/wp\/v2\/types\/product"}],"replies":[{"embeddable":true,"href":"https:\/\/astrologelvan.com\/magaza\/wp-json\/wp\/v2\/comments?post=101718"}],"wp:featuredmedia":[{"embeddable":true,"href":"https:\/\/astrologelvan.com\/magaza\/wp-json\/wp\/v2\/media\/101693"}],"wp:attachment":[{"href":"https:\/\/astrologelvan.com\/magaza\/wp-json\/wp\/v2\/media?parent=101718"}],"wp:term":[{"taxonomy":"product_brand","embeddable":true,"href":"https:\/\/astrologelvan.com\/magaza\/wp-json\/wp\/v2\/product_brand?post=101718"},{"taxonomy":"product_cat","embeddable":true,"href":"https:\/\/astrologelvan.com\/magaza\/wp-json\/wp\/v2\/product_cat?post=101718"},{"taxonomy":"product_tag","embeddable":true,"href":"https:\/\/astrologelvan.com\/magaza\/wp-json\/wp\/v2\/product_tag?post=101718"}],"curies":[{"name":"wp","href":"https:\/\/api.w.org\/{rel}","templated":true}]}}