{"id":101691,"date":"2025-09-03T17:40:15","date_gmt":"2025-09-03T14:40:15","guid":{"rendered":"https:\/\/astrologelvan.com\/magaza\/?post_type=product&#038;p=101691"},"modified":"2025-10-06T08:15:47","modified_gmt":"2025-10-06T05:15:47","slug":"ankh-sonsuz-ruhun-gucu-kolye","status":"publish","type":"product","link":"https:\/\/astrologelvan.com\/magaza\/urun\/ankh-sonsuz-ruhun-gucu-kolye\/","title":{"rendered":"Ankh Sonsuz Ruhun G\u00fcc\u00fc Kolye"},"content":{"rendered":"","protected":false},"excerpt":{"rendered":"<p>Kadim M\u0131s\u0131r\u2019\u0131n ya\u015fam anahtar\u0131 Ankh, ya\u015fam\u0131n s\u00fcreklili\u011fini ve ruhun \u00f6l\u00fcms\u00fczl\u00fc\u011f\u00fcn\u00fc simgeler.<br \/>\nDerin k\u00f6klerden g\u00f6\u011fe uzanan bu sembol, zaman\u0131n \u00f6tesinde bir yolculuk.<\/p>\n<p>Bu sembol evrenin sonsuz d\u00f6ng\u00fcs\u00fcn\u00fc kalbinize ta\u015f\u0131rken, size hat\u0131rlat\u0131r:<br \/>\nHer ba\u015flang\u0131\u00e7 bir devamd\u0131r, her an sonsuzlu\u011fun derinli\u011finde bir iz b\u0131rak\u0131r.<\/p>\n<p>\ud83c\udf0c Ankh ile ta\u015f\u0131d\u0131\u011f\u0131n\u0131z; ya\u015fam, sevgi ve sonsuz ruhun g\u00fcc\u00fcd\u00fcr.<\/p>\n<p><strong>15 gr \u00fcr\u00fcn a\u011f\u0131rl\u0131\u011f\u0131 <\/strong><br \/>\n<strong>Zincir uzunlu\u011fu :60 cm<br \/>\nG\u00fcm\u00fc\u015f<\/strong><\/p>\n","protected":false},"featured_media":101735,"comment_status":"open","ping_status":"closed","template":"","meta":[],"product_brand":[],"product_cat":[321,255,48],"product_tag":[],"class_list":{"0":"post-101691","1":"product","2":"type-product","3":"status-publish","4":"has-post-thumbnail","6":"product_cat-altin-kaplama-kolye","7":"product_cat-gumus-kolye","8":"product_cat-kolyeler","10":"first","11":"instock","12":"purchasable","13":"product-type-simple"},"yoast_head":"<!-- This site is optimized with the Yoast SEO plugin v27.3 - https:\/\/yoast.com\/product\/yoast-seo-wordpress\/ -->\n<title>Ankh Sonsuz Ruhun G\u00fcc\u00fc Kolye - Astrolog Elvan<\/title>\n<meta name=\"robots\" content=\"index, follow, max-snippet:-1, max-image-preview:large, max-video-preview:-1\" \/>\n<link rel=\"canonical\" href=\"https:\/\/astrologelvan.com\/magaza\/urun\/ankh-sonsuz-ruhun-gucu-kolye\/\" \/>\n<meta property=\"og:locale\" content=\"tr_TR\" \/>\n<meta property=\"og:type\" content=\"article\" \/>\n<meta property=\"og:title\" content=\"Ankh Sonsuz Ruhun G\u00fcc\u00fc Kolye - Astrolog Elvan\" \/>\n<meta property=\"og:description\" content=\"Kadim M\u0131s\u0131r\u2019\u0131n ya\u015fam anahtar\u0131 Ankh, ya\u015fam\u0131n s\u00fcreklili\u011fini ve ruhun \u00f6l\u00fcms\u00fczl\u00fc\u011f\u00fcn\u00fc simgeler. Derin k\u00f6klerden g\u00f6\u011fe uzanan bu sembol, zaman\u0131n \u00f6tesinde bir yolculuk.  Bu sembol evrenin sonsuz d\u00f6ng\u00fcs\u00fcn\u00fc kalbinize ta\u015f\u0131rken, size hat\u0131rlat\u0131r: Her ba\u015flang\u0131\u00e7 bir devamd\u0131r, her an sonsuzlu\u011fun derinli\u011finde bir iz b\u0131rak\u0131r.  \ud83c\udf0c Ankh ile ta\u015f\u0131d\u0131\u011f\u0131n\u0131z; ya\u015fam, sevgi ve sonsuz ruhun g\u00fcc\u00fcd\u00fcr.  15 gr \u00fcr\u00fcn a\u011f\u0131rl\u0131\u011f\u0131  Zincir uzunlu\u011fu :60 cm G\u00fcm\u00fc\u015f\" \/>\n<meta property=\"og:url\" content=\"https:\/\/astrologelvan.com\/magaza\/urun\/ankh-sonsuz-ruhun-gucu-kolye\/\" \/>\n<meta property=\"og:site_name\" content=\"Astrolog Elvan\" \/>\n<meta property=\"article:modified_time\" content=\"2025-10-06T05:15:47+00:00\" \/>\n<meta property=\"og:image\" content=\"https:\/\/astrologelvan.com\/magaza\/wp-content\/uploads\/2025\/09\/IMG_4354.jpeg\" \/>\n\t<meta property=\"og:image:width\" content=\"1020\" \/>\n\t<meta property=\"og:image:height\" content=\"1360\" \/>\n\t<meta property=\"og:image:type\" content=\"image\/jpeg\" \/>\n<meta name=\"twitter:card\" content=\"summary_large_image\" \/>\n<meta name=\"twitter:label1\" content=\"Tahmini okuma s\u00fcresi\" \/>\n\t<meta name=\"twitter:data1\" content=\"1 dakika\" \/>\n<script type=\"application\/ld+json\" class=\"yoast-schema-graph\">{\"@context\":\"https:\\\/\\\/schema.org\",\"@graph\":[{\"@type\":[\"WebPage\",\"ItemPage\"],\"@id\":\"https:\\\/\\\/astrologelvan.com\\\/magaza\\\/urun\\\/ankh-sonsuz-ruhun-gucu-kolye\\\/\",\"url\":\"https:\\\/\\\/astrologelvan.com\\\/magaza\\\/urun\\\/ankh-sonsuz-ruhun-gucu-kolye\\\/\",\"name\":\"Ankh Sonsuz Ruhun G\u00fcc\u00fc Kolye - Astrolog Elvan\",\"isPartOf\":{\"@id\":\"https:\\\/\\\/astrologelvan.com\\\/magaza\\\/#website\"},\"primaryImageOfPage\":{\"@id\":\"https:\\\/\\\/astrologelvan.com\\\/magaza\\\/urun\\\/ankh-sonsuz-ruhun-gucu-kolye\\\/#primaryimage\"},\"image\":{\"@id\":\"https:\\\/\\\/astrologelvan.com\\\/magaza\\\/urun\\\/ankh-sonsuz-ruhun-gucu-kolye\\\/#primaryimage\"},\"thumbnailUrl\":\"https:\\\/\\\/astrologelvan.com\\\/magaza\\\/wp-content\\\/uploads\\\/2025\\\/09\\\/IMG_4354.jpeg\",\"datePublished\":\"2025-09-03T14:40:15+00:00\",\"dateModified\":\"2025-10-06T05:15:47+00:00\",\"breadcrumb\":{\"@id\":\"https:\\\/\\\/astrologelvan.com\\\/magaza\\\/urun\\\/ankh-sonsuz-ruhun-gucu-kolye\\\/#breadcrumb\"},\"inLanguage\":\"tr\",\"potentialAction\":[{\"@type\":\"ReadAction\",\"target\":[\"https:\\\/\\\/astrologelvan.com\\\/magaza\\\/urun\\\/ankh-sonsuz-ruhun-gucu-kolye\\\/\"]}]},{\"@type\":\"ImageObject\",\"inLanguage\":\"tr\",\"@id\":\"https:\\\/\\\/astrologelvan.com\\\/magaza\\\/urun\\\/ankh-sonsuz-ruhun-gucu-kolye\\\/#primaryimage\",\"url\":\"https:\\\/\\\/astrologelvan.com\\\/magaza\\\/wp-content\\\/uploads\\\/2025\\\/09\\\/IMG_4354.jpeg\",\"contentUrl\":\"https:\\\/\\\/astrologelvan.com\\\/magaza\\\/wp-content\\\/uploads\\\/2025\\\/09\\\/IMG_4354.jpeg\",\"width\":1536,\"height\":2048,\"caption\":\"Edited in Tezza with: Vintage, Brightness, &amp; Contrast\"},{\"@type\":\"BreadcrumbList\",\"@id\":\"https:\\\/\\\/astrologelvan.com\\\/magaza\\\/urun\\\/ankh-sonsuz-ruhun-gucu-kolye\\\/#breadcrumb\",\"itemListElement\":[{\"@type\":\"ListItem\",\"position\":1,\"name\":\"Anasayfa\",\"item\":\"https:\\\/\\\/astrologelvan.com\\\/magaza\\\/\"},{\"@type\":\"ListItem\",\"position\":2,\"name\":\"Ma\u011faza\",\"item\":\"https:\\\/\\\/astrologelvan.com\\\/magaza\\\/magaza\\\/\"},{\"@type\":\"ListItem\",\"position\":3,\"name\":\"Ankh Sonsuz Ruhun G\u00fcc\u00fc Kolye\"}]},{\"@type\":\"WebSite\",\"@id\":\"https:\\\/\\\/astrologelvan.com\\\/magaza\\\/#website\",\"url\":\"https:\\\/\\\/astrologelvan.com\\\/magaza\\\/\",\"name\":\"Astrolog Elvan\",\"description\":\"\",\"potentialAction\":[{\"@type\":\"SearchAction\",\"target\":{\"@type\":\"EntryPoint\",\"urlTemplate\":\"https:\\\/\\\/astrologelvan.com\\\/magaza\\\/?s={search_term_string}\"},\"query-input\":{\"@type\":\"PropertyValueSpecification\",\"valueRequired\":true,\"valueName\":\"search_term_string\"}}],\"inLanguage\":\"tr\"}]}<\/script>\n<!-- \/ Yoast SEO plugin. -->","yoast_head_json":{"title":"Ankh Sonsuz Ruhun G\u00fcc\u00fc Kolye - Astrolog Elvan","robots":{"index":"index","follow":"follow","max-snippet":"max-snippet:-1","max-image-preview":"max-image-preview:large","max-video-preview":"max-video-preview:-1"},"canonical":"https:\/\/astrologelvan.com\/magaza\/urun\/ankh-sonsuz-ruhun-gucu-kolye\/","og_locale":"tr_TR","og_type":"article","og_title":"Ankh Sonsuz Ruhun G\u00fcc\u00fc Kolye - Astrolog Elvan","og_description":"Kadim M\u0131s\u0131r\u2019\u0131n ya\u015fam anahtar\u0131 Ankh, ya\u015fam\u0131n s\u00fcreklili\u011fini ve ruhun \u00f6l\u00fcms\u00fczl\u00fc\u011f\u00fcn\u00fc simgeler. Derin k\u00f6klerden g\u00f6\u011fe uzanan bu sembol, zaman\u0131n \u00f6tesinde bir yolculuk.  Bu sembol evrenin sonsuz d\u00f6ng\u00fcs\u00fcn\u00fc kalbinize ta\u015f\u0131rken, size hat\u0131rlat\u0131r: Her ba\u015flang\u0131\u00e7 bir devamd\u0131r, her an sonsuzlu\u011fun derinli\u011finde bir iz b\u0131rak\u0131r.  \ud83c\udf0c Ankh ile ta\u015f\u0131d\u0131\u011f\u0131n\u0131z; ya\u015fam, sevgi ve sonsuz ruhun g\u00fcc\u00fcd\u00fcr.  15 gr \u00fcr\u00fcn a\u011f\u0131rl\u0131\u011f\u0131  Zincir uzunlu\u011fu :60 cm G\u00fcm\u00fc\u015f","og_url":"https:\/\/astrologelvan.com\/magaza\/urun\/ankh-sonsuz-ruhun-gucu-kolye\/","og_site_name":"Astrolog Elvan","article_modified_time":"2025-10-06T05:15:47+00:00","og_image":[{"url":"https:\/\/astrologelvan.com\/magaza\/wp-content\/uploads\/2025\/09\/IMG_4354.jpeg","width":1020,"height":1360,"type":"image\/jpeg"}],"twitter_card":"summary_large_image","twitter_misc":{"Tahmini okuma s\u00fcresi":"1 dakika"},"schema":{"@context":"https:\/\/schema.org","@graph":[{"@type":["WebPage","ItemPage"],"@id":"https:\/\/astrologelvan.com\/magaza\/urun\/ankh-sonsuz-ruhun-gucu-kolye\/","url":"https:\/\/astrologelvan.com\/magaza\/urun\/ankh-sonsuz-ruhun-gucu-kolye\/","name":"Ankh Sonsuz Ruhun G\u00fcc\u00fc Kolye - Astrolog Elvan","isPartOf":{"@id":"https:\/\/astrologelvan.com\/magaza\/#website"},"primaryImageOfPage":{"@id":"https:\/\/astrologelvan.com\/magaza\/urun\/ankh-sonsuz-ruhun-gucu-kolye\/#primaryimage"},"image":{"@id":"https:\/\/astrologelvan.com\/magaza\/urun\/ankh-sonsuz-ruhun-gucu-kolye\/#primaryimage"},"thumbnailUrl":"https:\/\/astrologelvan.com\/magaza\/wp-content\/uploads\/2025\/09\/IMG_4354.jpeg","datePublished":"2025-09-03T14:40:15+00:00","dateModified":"2025-10-06T05:15:47+00:00","breadcrumb":{"@id":"https:\/\/astrologelvan.com\/magaza\/urun\/ankh-sonsuz-ruhun-gucu-kolye\/#breadcrumb"},"inLanguage":"tr","potentialAction":[{"@type":"ReadAction","target":["https:\/\/astrologelvan.com\/magaza\/urun\/ankh-sonsuz-ruhun-gucu-kolye\/"]}]},{"@type":"ImageObject","inLanguage":"tr","@id":"https:\/\/astrologelvan.com\/magaza\/urun\/ankh-sonsuz-ruhun-gucu-kolye\/#primaryimage","url":"https:\/\/astrologelvan.com\/magaza\/wp-content\/uploads\/2025\/09\/IMG_4354.jpeg","contentUrl":"https:\/\/astrologelvan.com\/magaza\/wp-content\/uploads\/2025\/09\/IMG_4354.jpeg","width":1536,"height":2048,"caption":"Edited in Tezza with: Vintage, Brightness, &amp; Contrast"},{"@type":"BreadcrumbList","@id":"https:\/\/astrologelvan.com\/magaza\/urun\/ankh-sonsuz-ruhun-gucu-kolye\/#breadcrumb","itemListElement":[{"@type":"ListItem","position":1,"name":"Anasayfa","item":"https:\/\/astrologelvan.com\/magaza\/"},{"@type":"ListItem","position":2,"name":"Ma\u011faza","item":"https:\/\/astrologelvan.com\/magaza\/magaza\/"},{"@type":"ListItem","position":3,"name":"Ankh Sonsuz Ruhun G\u00fcc\u00fc Kolye"}]},{"@type":"WebSite","@id":"https:\/\/astrologelvan.com\/magaza\/#website","url":"https:\/\/astrologelvan.com\/magaza\/","name":"Astrolog Elvan","description":"","potentialAction":[{"@type":"SearchAction","target":{"@type":"EntryPoint","urlTemplate":"https:\/\/astrologelvan.com\/magaza\/?s={search_term_string}"},"query-input":{"@type":"PropertyValueSpecification","valueRequired":true,"valueName":"search_term_string"}}],"inLanguage":"tr"}]}},"_links":{"self":[{"href":"https:\/\/astrologelvan.com\/magaza\/wp-json\/wp\/v2\/product\/101691","targetHints":{"allow":["GET"]}}],"collection":[{"href":"https:\/\/astrologelvan.com\/magaza\/wp-json\/wp\/v2\/product"}],"about":[{"href":"https:\/\/astrologelvan.com\/magaza\/wp-json\/wp\/v2\/types\/product"}],"replies":[{"embeddable":true,"href":"https:\/\/astrologelvan.com\/magaza\/wp-json\/wp\/v2\/comments?post=101691"}],"wp:featuredmedia":[{"embeddable":true,"href":"https:\/\/astrologelvan.com\/magaza\/wp-json\/wp\/v2\/media\/101735"}],"wp:attachment":[{"href":"https:\/\/astrologelvan.com\/magaza\/wp-json\/wp\/v2\/media?parent=101691"}],"wp:term":[{"taxonomy":"product_brand","embeddable":true,"href":"https:\/\/astrologelvan.com\/magaza\/wp-json\/wp\/v2\/product_brand?post=101691"},{"taxonomy":"product_cat","embeddable":true,"href":"https:\/\/astrologelvan.com\/magaza\/wp-json\/wp\/v2\/product_cat?post=101691"},{"taxonomy":"product_tag","embeddable":true,"href":"https:\/\/astrologelvan.com\/magaza\/wp-json\/wp\/v2\/product_tag?post=101691"}],"curies":[{"name":"wp","href":"https:\/\/api.w.org\/{rel}","templated":true}]}}