{"id":1008,"date":"2024-02-28T03:08:28","date_gmt":"2024-02-28T00:08:28","guid":{"rendered":"https:\/\/astrologelvan.shop\/?post_type=product&#038;p=1008"},"modified":"2026-03-14T17:06:26","modified_gmt":"2026-03-14T14:06:26","slug":"ucgen-kesim-florit-dogal-tas-kadin-kolye","status":"publish","type":"product","link":"https:\/\/astrologelvan.com\/magaza\/urun\/ucgen-kesim-florit-dogal-tas-kadin-kolye\/","title":{"rendered":"\u00dc\u00c7GEN KES\u0130M FLOR\u0130T DO\u011eAL TA\u015e KADIN KOLYE"},"content":{"rendered":"<p><b>\u00dcr\u00fcn \u00d6zellikleri<\/b><\/p>\n<p><span style=\"font-weight: 400;\">\u00dc\u00e7gen Kesim Florit Do\u011fal Ta\u015f Kad\u0131n Kolye<\/span><\/p>\n<p><span style=\"font-weight: 400;\">Ta\u015f\u0131n A\u011f\u0131rl\u0131\u011f\u0131:\u00a03 &#8211; 5 gr<\/span><\/p>\n<p><span style=\"font-weight: 400;\">Ta\u015f\u0131n boyutu:\u00a014 MM<\/span><\/p>\n<p><strong>Do\u011fal ta\u015flar\u0131n tasar\u0131mlar\u0131nda do\u011frudan cilde temas etmesini sa\u011fl\u0131yoruz. B\u00f6ylece do\u011fal ta\u015f\u0131n\u0131z\u0131 takt\u0131k\u00e7a v\u00fccudunuzun titre\u015fimlerine ba\u011flan\u0131r ve size denge ve uyum getirir.<\/strong><\/p>\n<p><b>G\u00fcm\u00fc\u015f kararmas\u0131 iadeye tabi de\u011fildir. Do\u011fal y\u00f6ntemlerle ya da sol\u00fcsyon kullanarak kararan g\u00fcm\u00fc\u015f\u00fc yeniden parlatman\u0131z m\u00fcmk\u00fcnd\u00fcr.<\/b><\/p>\n<p><strong>Tak\u0131lar\u0131n\u0131z\u0131n uzun s\u00fcre kullanabilmesi i\u00e7in; Parf\u00fcm, su, s\u0131v\u0131, dezenfektan, krem v.b. gibi maddelerle temas etmemesi, du\u015f-banyo s\u0131ras\u0131nda \u00e7\u0131kart\u0131lmas\u0131 gerekmektedir. Ki\u015finin ter-ten yap\u0131s\u0131na g\u00f6re de etkilenmektedir. Tak\u0131lar\u0131n\u0131z\u0131 kullanmad\u0131\u011f\u0131n\u0131z zamanlarda kesesinde saklaman\u0131z\u0131 \u00f6neririz.<\/strong><\/p>\n<p><strong>Do\u011fal ta\u015flar\u0131n belirli titre\u015fimlere ve frekanslara sahip oldu\u011fu bilinmektedir. Bu nedenle v\u00fccudumuzda ve auram\u0131zda birtak\u0131m iyi etkileri oldu\u011fu s\u00f6ylenmektedir. Ta\u015flar\u0131n \u00f6zelliklerinin bilimsel kesinli\u011fi yoktur. Astrologelvan ma\u011fazas\u0131ndaki t\u00fcm ta\u015flar orijinal, ger\u00e7ek do\u011fal ta\u015flard\u0131r. T\u0131bbi konularda doktora dan\u0131\u015fman\u0131z\u0131 tavsiye ederiz. Ta\u015flar\u0131n tedavi edici \u00f6zelli\u011fi yoktur, sadece ki\u015fisel enerjimizi y\u00fckseltmekte ve astrolojik olarak da temsil etti\u011fi gezegenlerin etkilerini artt\u0131rmakta oldu\u011fu kabul edilir. \u00d6rne\u011fin; pembe kuvars ta\u015f\u0131 a\u015fk ve sevgi gezegeni Ven\u00fcs\u2019\u00fcn ta\u015f\u0131d\u0131r ve bu sebeple \u00fczerinde ta\u015f\u0131yan ki\u015finin a\u015fk ve sevgi frekans\u0131n\u0131 y\u00fckseltti\u011fi bilinir.<\/strong><\/p>\n","protected":false},"excerpt":{"rendered":"<p><span style=\"font-weight: 400;\">Florit, mor ve eflatun tonlar\u0131, a\u00e7\u0131k ye\u015fil, sar\u0131, mavi, beyaz ve g\u00f6kku\u015fa\u011f\u0131 gibi \u00e7e\u015fitli renklerde gelir.\u00a0Ad\u0131, &#8220;ak\u0131\u015f&#8221; anlam\u0131na gelen Latince &#8220;fleure&#8221; kelimesinden gelir ve bu da &#8220;d\u0131\u015far\u0131 akmak&#8221; veya &#8220;s\u00fcrekli de\u011fi\u015fim&#8221; anlam\u0131na gelir. Manevi ve duygusal bir bak\u0131\u015f a\u00e7\u0131s\u0131yla, florit bir dizi farkl\u0131 \u015fekilde yard\u0131mc\u0131 olabilir.\u00a0Florit, do\u011fal olarak n\u00f6tralize edici etkisinden dolay\u0131 eski, durgun enerjileri s\u00fcp\u00fcr\u00fcp atmaya ve zihin tazeli\u011fi ve netli\u011fi sa\u011flamaya yard\u0131mc\u0131 olabilir.\u00a0Endi\u015fe ve kayg\u0131lardan kurtulmak i\u00e7in m\u00fccadele eden bizler i\u00e7in florit ta\u015f\u0131 \u00e7ok faydal\u0131 olabilir.\u00a0G\u00fc\u00e7l\u00fc temizleyici enerjisi, netlik, huzur ve sa\u011fl\u0131kl\u0131 de\u011fi\u015fimin ger\u00e7ekle\u015febilmesi i\u00e7in eski d\u00fc\u015f\u00fcnce ve kal\u0131plar\u0131 temizler.\u00a0<\/span><\/p>\n<p>NOT: Ak\u0131\u015fta size hangi renk Florit Ta\u015f\u0131 geldiyse kabul ederek takabilirsiniz. Renk se\u00e7imi yap\u0131lamamaktad\u0131r.<\/p>\n","protected":false},"featured_media":10215,"comment_status":"open","ping_status":"closed","template":"","meta":[],"product_brand":[596],"product_cat":[52,103,48,7455],"product_tag":[],"class_list":{"0":"post-1008","1":"product","2":"type-product","3":"status-publish","4":"has-post-thumbnail","6":"product_brand-astrolog-elvan","7":"product_cat-dogal-taslar","8":"product_cat-florit-tasi","9":"product_cat-kolyeler","10":"product_cat--kolyeler","12":"first","13":"instock","14":"featured","15":"taxable","16":"shipping-taxable","17":"purchasable","18":"product-type-simple"},"yoast_head":"<!-- This site is optimized with the Yoast SEO plugin v27.3 - https:\/\/yoast.com\/product\/yoast-seo-wordpress\/ -->\n<title>\u00dc\u00c7GEN KES\u0130M FLOR\u0130T DO\u011eAL TA\u015e KADIN KOLYE - Astrolog Elvan<\/title>\n<meta name=\"robots\" content=\"index, follow, max-snippet:-1, max-image-preview:large, max-video-preview:-1\" \/>\n<link rel=\"canonical\" href=\"https:\/\/astrologelvan.com\/magaza\/urun\/ucgen-kesim-florit-dogal-tas-kadin-kolye\/\" \/>\n<meta property=\"og:locale\" content=\"tr_TR\" \/>\n<meta property=\"og:type\" content=\"article\" \/>\n<meta property=\"og:title\" content=\"\u00dc\u00c7GEN KES\u0130M FLOR\u0130T DO\u011eAL TA\u015e KADIN KOLYE - Astrolog Elvan\" \/>\n<meta property=\"og:description\" content=\"Florit, mor ve eflatun tonlar\u0131, a\u00e7\u0131k ye\u015fil, sar\u0131, mavi, beyaz ve g\u00f6kku\u015fa\u011f\u0131 gibi \u00e7e\u015fitli renklerde gelir.\u00a0Ad\u0131, &quot;ak\u0131\u015f&quot; anlam\u0131na gelen Latince &quot;fleure&quot; kelimesinden gelir ve bu da &quot;d\u0131\u015far\u0131 akmak&quot; veya &quot;s\u00fcrekli de\u011fi\u015fim&quot; anlam\u0131na gelir. Manevi ve duygusal bir bak\u0131\u015f a\u00e7\u0131s\u0131yla, florit bir dizi farkl\u0131 \u015fekilde yard\u0131mc\u0131 olabilir.\u00a0Florit, do\u011fal olarak n\u00f6tralize edici etkisinden dolay\u0131 eski, durgun enerjileri s\u00fcp\u00fcr\u00fcp atmaya ve zihin tazeli\u011fi ve netli\u011fi sa\u011flamaya yard\u0131mc\u0131 olabilir.\u00a0Endi\u015fe ve kayg\u0131lardan kurtulmak i\u00e7in m\u00fccadele eden bizler i\u00e7in florit ta\u015f\u0131 \u00e7ok faydal\u0131 olabilir.\u00a0G\u00fc\u00e7l\u00fc temizleyici enerjisi, netlik, huzur ve sa\u011fl\u0131kl\u0131 de\u011fi\u015fimin ger\u00e7ekle\u015febilmesi i\u00e7in eski d\u00fc\u015f\u00fcnce ve kal\u0131plar\u0131 temizler.\u00a0  NOT: Ak\u0131\u015fta size hangi renk Florit Ta\u015f\u0131 geldiyse kabul ederek takabilirsiniz. Renk se\u00e7imi yap\u0131lamamaktad\u0131r.\" \/>\n<meta property=\"og:url\" content=\"https:\/\/astrologelvan.com\/magaza\/urun\/ucgen-kesim-florit-dogal-tas-kadin-kolye\/\" \/>\n<meta property=\"og:site_name\" content=\"Astrolog Elvan\" \/>\n<meta property=\"article:modified_time\" content=\"2026-03-14T14:06:26+00:00\" \/>\n<meta property=\"og:image\" content=\"https:\/\/astrologelvan.com\/magaza\/wp-content\/uploads\/2024\/02\/1-133-scaled.jpg\" \/>\n\t<meta property=\"og:image:width\" content=\"2560\" \/>\n\t<meta property=\"og:image:height\" content=\"2560\" \/>\n\t<meta property=\"og:image:type\" content=\"image\/jpeg\" \/>\n<meta name=\"twitter:card\" content=\"summary_large_image\" \/>\n<meta name=\"twitter:label1\" content=\"Tahmini okuma s\u00fcresi\" \/>\n\t<meta name=\"twitter:data1\" content=\"2 dakika\" \/>\n<script type=\"application\/ld+json\" class=\"yoast-schema-graph\">{\"@context\":\"https:\\\/\\\/schema.org\",\"@graph\":[{\"@type\":[\"WebPage\",\"ItemPage\"],\"@id\":\"https:\\\/\\\/astrologelvan.com\\\/magaza\\\/urun\\\/ucgen-kesim-florit-dogal-tas-kadin-kolye\\\/\",\"url\":\"https:\\\/\\\/astrologelvan.com\\\/magaza\\\/urun\\\/ucgen-kesim-florit-dogal-tas-kadin-kolye\\\/\",\"name\":\"\u00dc\u00c7GEN KES\u0130M FLOR\u0130T DO\u011eAL TA\u015e KADIN KOLYE - Astrolog Elvan\",\"isPartOf\":{\"@id\":\"https:\\\/\\\/astrologelvan.com\\\/magaza\\\/#website\"},\"primaryImageOfPage\":{\"@id\":\"https:\\\/\\\/astrologelvan.com\\\/magaza\\\/urun\\\/ucgen-kesim-florit-dogal-tas-kadin-kolye\\\/#primaryimage\"},\"image\":{\"@id\":\"https:\\\/\\\/astrologelvan.com\\\/magaza\\\/urun\\\/ucgen-kesim-florit-dogal-tas-kadin-kolye\\\/#primaryimage\"},\"thumbnailUrl\":\"https:\\\/\\\/astrologelvan.com\\\/magaza\\\/wp-content\\\/uploads\\\/2024\\\/02\\\/1-133-scaled.jpg\",\"datePublished\":\"2024-02-28T00:08:28+00:00\",\"dateModified\":\"2026-03-14T14:06:26+00:00\",\"breadcrumb\":{\"@id\":\"https:\\\/\\\/astrologelvan.com\\\/magaza\\\/urun\\\/ucgen-kesim-florit-dogal-tas-kadin-kolye\\\/#breadcrumb\"},\"inLanguage\":\"tr\",\"potentialAction\":[{\"@type\":\"ReadAction\",\"target\":[\"https:\\\/\\\/astrologelvan.com\\\/magaza\\\/urun\\\/ucgen-kesim-florit-dogal-tas-kadin-kolye\\\/\"]}]},{\"@type\":\"ImageObject\",\"inLanguage\":\"tr\",\"@id\":\"https:\\\/\\\/astrologelvan.com\\\/magaza\\\/urun\\\/ucgen-kesim-florit-dogal-tas-kadin-kolye\\\/#primaryimage\",\"url\":\"https:\\\/\\\/astrologelvan.com\\\/magaza\\\/wp-content\\\/uploads\\\/2024\\\/02\\\/1-133-scaled.jpg\",\"contentUrl\":\"https:\\\/\\\/astrologelvan.com\\\/magaza\\\/wp-content\\\/uploads\\\/2024\\\/02\\\/1-133-scaled.jpg\",\"width\":2560,\"height\":2560},{\"@type\":\"BreadcrumbList\",\"@id\":\"https:\\\/\\\/astrologelvan.com\\\/magaza\\\/urun\\\/ucgen-kesim-florit-dogal-tas-kadin-kolye\\\/#breadcrumb\",\"itemListElement\":[{\"@type\":\"ListItem\",\"position\":1,\"name\":\"Anasayfa\",\"item\":\"https:\\\/\\\/astrologelvan.com\\\/magaza\\\/\"},{\"@type\":\"ListItem\",\"position\":2,\"name\":\"Ma\u011faza\",\"item\":\"https:\\\/\\\/astrologelvan.com\\\/magaza\\\/magaza\\\/\"},{\"@type\":\"ListItem\",\"position\":3,\"name\":\"\u00dc\u00c7GEN KES\u0130M FLOR\u0130T DO\u011eAL TA\u015e KADIN KOLYE\"}]},{\"@type\":\"WebSite\",\"@id\":\"https:\\\/\\\/astrologelvan.com\\\/magaza\\\/#website\",\"url\":\"https:\\\/\\\/astrologelvan.com\\\/magaza\\\/\",\"name\":\"Astrolog Elvan\",\"description\":\"\",\"potentialAction\":[{\"@type\":\"SearchAction\",\"target\":{\"@type\":\"EntryPoint\",\"urlTemplate\":\"https:\\\/\\\/astrologelvan.com\\\/magaza\\\/?s={search_term_string}\"},\"query-input\":{\"@type\":\"PropertyValueSpecification\",\"valueRequired\":true,\"valueName\":\"search_term_string\"}}],\"inLanguage\":\"tr\"}]}<\/script>\n<!-- \/ Yoast SEO plugin. -->","yoast_head_json":{"title":"\u00dc\u00c7GEN KES\u0130M FLOR\u0130T DO\u011eAL TA\u015e KADIN KOLYE - Astrolog Elvan","robots":{"index":"index","follow":"follow","max-snippet":"max-snippet:-1","max-image-preview":"max-image-preview:large","max-video-preview":"max-video-preview:-1"},"canonical":"https:\/\/astrologelvan.com\/magaza\/urun\/ucgen-kesim-florit-dogal-tas-kadin-kolye\/","og_locale":"tr_TR","og_type":"article","og_title":"\u00dc\u00c7GEN KES\u0130M FLOR\u0130T DO\u011eAL TA\u015e KADIN KOLYE - Astrolog Elvan","og_description":"Florit, mor ve eflatun tonlar\u0131, a\u00e7\u0131k ye\u015fil, sar\u0131, mavi, beyaz ve g\u00f6kku\u015fa\u011f\u0131 gibi \u00e7e\u015fitli renklerde gelir.\u00a0Ad\u0131, \"ak\u0131\u015f\" anlam\u0131na gelen Latince \"fleure\" kelimesinden gelir ve bu da \"d\u0131\u015far\u0131 akmak\" veya \"s\u00fcrekli de\u011fi\u015fim\" anlam\u0131na gelir. Manevi ve duygusal bir bak\u0131\u015f a\u00e7\u0131s\u0131yla, florit bir dizi farkl\u0131 \u015fekilde yard\u0131mc\u0131 olabilir.\u00a0Florit, do\u011fal olarak n\u00f6tralize edici etkisinden dolay\u0131 eski, durgun enerjileri s\u00fcp\u00fcr\u00fcp atmaya ve zihin tazeli\u011fi ve netli\u011fi sa\u011flamaya yard\u0131mc\u0131 olabilir.\u00a0Endi\u015fe ve kayg\u0131lardan kurtulmak i\u00e7in m\u00fccadele eden bizler i\u00e7in florit ta\u015f\u0131 \u00e7ok faydal\u0131 olabilir.\u00a0G\u00fc\u00e7l\u00fc temizleyici enerjisi, netlik, huzur ve sa\u011fl\u0131kl\u0131 de\u011fi\u015fimin ger\u00e7ekle\u015febilmesi i\u00e7in eski d\u00fc\u015f\u00fcnce ve kal\u0131plar\u0131 temizler.\u00a0  NOT: Ak\u0131\u015fta size hangi renk Florit Ta\u015f\u0131 geldiyse kabul ederek takabilirsiniz. Renk se\u00e7imi yap\u0131lamamaktad\u0131r.","og_url":"https:\/\/astrologelvan.com\/magaza\/urun\/ucgen-kesim-florit-dogal-tas-kadin-kolye\/","og_site_name":"Astrolog Elvan","article_modified_time":"2026-03-14T14:06:26+00:00","og_image":[{"width":2560,"height":2560,"url":"https:\/\/astrologelvan.com\/magaza\/wp-content\/uploads\/2024\/02\/1-133-scaled.jpg","type":"image\/jpeg"}],"twitter_card":"summary_large_image","twitter_misc":{"Tahmini okuma s\u00fcresi":"2 dakika"},"schema":{"@context":"https:\/\/schema.org","@graph":[{"@type":["WebPage","ItemPage"],"@id":"https:\/\/astrologelvan.com\/magaza\/urun\/ucgen-kesim-florit-dogal-tas-kadin-kolye\/","url":"https:\/\/astrologelvan.com\/magaza\/urun\/ucgen-kesim-florit-dogal-tas-kadin-kolye\/","name":"\u00dc\u00c7GEN KES\u0130M FLOR\u0130T DO\u011eAL TA\u015e KADIN KOLYE - Astrolog Elvan","isPartOf":{"@id":"https:\/\/astrologelvan.com\/magaza\/#website"},"primaryImageOfPage":{"@id":"https:\/\/astrologelvan.com\/magaza\/urun\/ucgen-kesim-florit-dogal-tas-kadin-kolye\/#primaryimage"},"image":{"@id":"https:\/\/astrologelvan.com\/magaza\/urun\/ucgen-kesim-florit-dogal-tas-kadin-kolye\/#primaryimage"},"thumbnailUrl":"https:\/\/astrologelvan.com\/magaza\/wp-content\/uploads\/2024\/02\/1-133-scaled.jpg","datePublished":"2024-02-28T00:08:28+00:00","dateModified":"2026-03-14T14:06:26+00:00","breadcrumb":{"@id":"https:\/\/astrologelvan.com\/magaza\/urun\/ucgen-kesim-florit-dogal-tas-kadin-kolye\/#breadcrumb"},"inLanguage":"tr","potentialAction":[{"@type":"ReadAction","target":["https:\/\/astrologelvan.com\/magaza\/urun\/ucgen-kesim-florit-dogal-tas-kadin-kolye\/"]}]},{"@type":"ImageObject","inLanguage":"tr","@id":"https:\/\/astrologelvan.com\/magaza\/urun\/ucgen-kesim-florit-dogal-tas-kadin-kolye\/#primaryimage","url":"https:\/\/astrologelvan.com\/magaza\/wp-content\/uploads\/2024\/02\/1-133-scaled.jpg","contentUrl":"https:\/\/astrologelvan.com\/magaza\/wp-content\/uploads\/2024\/02\/1-133-scaled.jpg","width":2560,"height":2560},{"@type":"BreadcrumbList","@id":"https:\/\/astrologelvan.com\/magaza\/urun\/ucgen-kesim-florit-dogal-tas-kadin-kolye\/#breadcrumb","itemListElement":[{"@type":"ListItem","position":1,"name":"Anasayfa","item":"https:\/\/astrologelvan.com\/magaza\/"},{"@type":"ListItem","position":2,"name":"Ma\u011faza","item":"https:\/\/astrologelvan.com\/magaza\/magaza\/"},{"@type":"ListItem","position":3,"name":"\u00dc\u00c7GEN KES\u0130M FLOR\u0130T DO\u011eAL TA\u015e KADIN KOLYE"}]},{"@type":"WebSite","@id":"https:\/\/astrologelvan.com\/magaza\/#website","url":"https:\/\/astrologelvan.com\/magaza\/","name":"Astrolog Elvan","description":"","potentialAction":[{"@type":"SearchAction","target":{"@type":"EntryPoint","urlTemplate":"https:\/\/astrologelvan.com\/magaza\/?s={search_term_string}"},"query-input":{"@type":"PropertyValueSpecification","valueRequired":true,"valueName":"search_term_string"}}],"inLanguage":"tr"}]}},"_links":{"self":[{"href":"https:\/\/astrologelvan.com\/magaza\/wp-json\/wp\/v2\/product\/1008","targetHints":{"allow":["GET"]}}],"collection":[{"href":"https:\/\/astrologelvan.com\/magaza\/wp-json\/wp\/v2\/product"}],"about":[{"href":"https:\/\/astrologelvan.com\/magaza\/wp-json\/wp\/v2\/types\/product"}],"replies":[{"embeddable":true,"href":"https:\/\/astrologelvan.com\/magaza\/wp-json\/wp\/v2\/comments?post=1008"}],"wp:featuredmedia":[{"embeddable":true,"href":"https:\/\/astrologelvan.com\/magaza\/wp-json\/wp\/v2\/media\/10215"}],"wp:attachment":[{"href":"https:\/\/astrologelvan.com\/magaza\/wp-json\/wp\/v2\/media?parent=1008"}],"wp:term":[{"taxonomy":"product_brand","embeddable":true,"href":"https:\/\/astrologelvan.com\/magaza\/wp-json\/wp\/v2\/product_brand?post=1008"},{"taxonomy":"product_cat","embeddable":true,"href":"https:\/\/astrologelvan.com\/magaza\/wp-json\/wp\/v2\/product_cat?post=1008"},{"taxonomy":"product_tag","embeddable":true,"href":"https:\/\/astrologelvan.com\/magaza\/wp-json\/wp\/v2\/product_tag?post=1008"}],"curies":[{"name":"wp","href":"https:\/\/api.w.org\/{rel}","templated":true}]}}