{"id":37611,"date":"2025-01-22T16:16:17","date_gmt":"2025-01-22T13:16:17","guid":{"rendered":"https:\/\/astrologelvan.com\/magaza\/?page_id=37611"},"modified":"2025-01-22T16:16:17","modified_gmt":"2025-01-22T13:16:17","slug":"askida-ajanda-projesi-kapsaminda-kvkk-aydinlatma-metni","status":"publish","type":"page","link":"https:\/\/astrologelvan.com\/magaza\/askida-ajanda-projesi-kapsaminda-kvkk-aydinlatma-metni\/","title":{"rendered":"Ask\u0131da Ajanda Projesi Kapsam\u0131nda KVKK Ayd\u0131nlatma Metni"},"content":{"rendered":"<p><strong>ASKIDA AJANDA PROJES\u0130 KAPSAMINDA KVKK AYDINLATMA METN\u0130<\/strong><\/p>\n<ol>\n<li><strong>Veri Sorumlusunun Kimli\u011fi<\/strong><\/li>\n<\/ol>\n<p><em>Gayrettepe Mah. Y\u0131ld\u0131z Posta Cad. Ayy\u0131ld\u0131z Sitesi B Blok No: 26 \u0130\u00e7 Kap\u0131 No: 13 Be\u015fikta\u015f\/ \u0130stanbul<\/em> adresinde mukim <strong>J\u00dcP\u0130TER DANI\u015eMANLIK H\u0130ZMETLER\u0130 L\u0130M\u0130TED<\/strong> <strong>\u015e\u0130RKET\u0130 <\/strong>(<strong>&#8220;<\/strong><strong>Astrolog Elvan\u201d<\/strong> veya<strong> \u201cMarka\u201d)<\/strong> olarak, veri sorumlusu s\u0131fat\u0131yla ki\u015fisel verilerinizin g\u00fcvenli\u011fi hususuna azami hassasiyet g\u00f6stermekteyiz. Bu kapsamda etkile\u015fim i\u00e7erisinde oldu\u011fumuz t\u00fcm ger\u00e7ek ki\u015filere ait ki\u015fisel veriler ba\u015fta 6698 say\u0131l\u0131 Ki\u015fisel Verilerin Korunmas\u0131 Kanunu (<strong>\u201cKVKK\u201d <\/strong>veya<strong> \u201cKanun\u201d<\/strong>) olmak \u00fczere, Kanun\u2019a ba\u011fl\u0131 y\u00fcr\u00fcrl\u00fc\u011fe koyulan ikincil d\u00fczenlemeler (y\u00f6netmelik, tebli\u011f vd.) ve ba\u011flay\u0131c\u0131 nitelikteki Ki\u015fisel Verileri Koruma Kurulu kararlar\u0131na uygun olarak i\u015flenmekte ve muhafaza edilmekte olup i\u015fbu bilgilendirme metni i\u015flenen ki\u015fisel verilerinizle ilgili sizleri ayd\u0131nlatma amac\u0131yla haz\u0131rlanm\u0131\u015ft\u0131r.<\/p>\n<p><strong><em>\u00a0<\/em><\/strong><\/p>\n<ol start=\"2\">\n<li><strong>\u0130\u015flenen Ki\u015fisel Veri Kategorileri ve Tipleri<\/strong><\/li>\n<\/ol>\n<table>\n<tbody>\n<tr>\n<td width=\"142\"><strong>Kimlik Bilgileri<\/strong><\/td>\n<td width=\"463\">Ad, soy ad.<\/td>\n<\/tr>\n<tr>\n<td width=\"142\"><strong>\u0130leti\u015fim Bilgileri<\/strong><\/td>\n<td width=\"463\">Adres.<\/td>\n<\/tr>\n<tr>\n<td width=\"142\"><strong>E\u011fitim Bilgileri<\/strong><\/td>\n<td width=\"463\">\u00d6\u011frenim durumunu g\u00f6sterir \u00f6\u011frencilik belgesi.<\/td>\n<\/tr>\n<\/tbody>\n<\/table>\n<p><strong><em>\u00a0<\/em><\/strong><\/p>\n<ol start=\"3\">\n<li><strong>Ki\u015fisel Verilerin Toplanma Y\u00f6ntemi ve Temin Edildi\u011fi Faaliyet<\/strong><\/li>\n<\/ol>\n<table width=\"605\">\n<tbody>\n<tr>\n<td width=\"132\"><strong>Veri Kategorisi<\/strong><\/td>\n<td width=\"472\"><strong>Temin Edildi\u011fi Faaliyet<\/strong><\/td>\n<\/tr>\n<tr>\n<td width=\"132\">Kimlik, \u0130leti\u015fim, E\u011fitim Bilgisi<\/td>\n<td width=\"472\"><strong>Yar\u0131 Otomatik Y\u00f6ntemle;<\/strong><\/p>\n<p><a href=\"https:\/\/astrologelvan.com\/magaza\/\"><strong>www.astrologelvan.com<\/strong><\/a> uzant\u0131l\u0131 internet sitesinde yer alan <em>\u201cAsk\u0131dan Ajanda Al\u201d<\/em> sekmesinde yer alan bilgilerin doldurulmas\u0131 arac\u0131l\u0131\u011f\u0131yla.<\/td>\n<\/tr>\n<\/tbody>\n<\/table>\n<p><strong>\u00a0<\/strong><\/p>\n<ol start=\"4\">\n<li><strong>Ki\u015fisel Verilerin \u0130\u015flenme Ama\u00e7lar\u0131 ve Hukuki Sebebi<\/strong><\/li>\n<\/ol>\n<table>\n<tbody>\n<tr>\n<td width=\"94\"><strong>Kategori<\/strong><\/td>\n<td width=\"378\"><strong>\u0130\u015flenme Ama\u00e7lar\u0131<\/strong><\/td>\n<td width=\"132\"><strong>Hukuki Sebep<\/strong><\/td>\n<\/tr>\n<tr>\n<td width=\"94\"><em>Kimlik<\/em><\/td>\n<td rowspan=\"2\" width=\"378\">\u00b7 Ba\u011f\u0131\u015f s\u00fcre\u00e7lerinden yararlanmak isteyen ki\u015filerin taleplerin de\u011ferlendirilebilmesi,<\/p>\n<p>\u00b7 Talebi olumlu de\u011ferlendirilen \u00f6\u011frencilerin, belirttikleri adrese \u00fcr\u00fcn\u00fcn\/ajandan\u0131n kargolanmas\u0131 ve teslimat s\u00fcrecinin tamamlanmas\u0131,<\/p>\n<p>\u00b7 S\u00fcre\u00e7le ba\u011flant\u0131l\u0131 ve s\u0131n\u0131rl\u0131 olmak kayd\u0131yla taraf\u0131n\u0131zla ileti\u015fime ge\u00e7ilebilmesi,<\/p>\n<p>\u00b7 Ajandalar\u0131n yaln\u0131zca \u00f6\u011frencilere sa\u011flanmas\u0131 sebebiyle, ba\u011f\u0131\u015flardan faydalanmak isteyen ilgili ki\u015filerin, \u00f6\u011frenci kimliklerinin do\u011frulanmas\u0131.<\/td>\n<td rowspan=\"3\" width=\"132\"><strong>KVKK m.5\/2\/c, <\/strong><\/p>\n<p>Bir s\u00f6zle\u015fmenin kurulmas\u0131 veya ifas\u0131yla do\u011frudan do\u011fruya ilgili olmas\u0131 kayd\u0131yla, s\u00f6zle\u015fmenin taraflar\u0131na ait ki\u015fisel verilerin i\u015flenmesinin gerekli olmas\u0131.<\/td>\n<\/tr>\n<tr>\n<td width=\"94\"><em>\u0130leti\u015fim<\/em><\/td>\n<\/tr>\n<tr>\n<td width=\"94\"><em>E\u011fitim Bilgisi<\/em><\/td>\n<td width=\"378\">\u00b7 Ajandalar\u0131n yaln\u0131zca \u00f6\u011frencilere sa\u011flanmas\u0131 sebebiyle, ba\u011f\u0131\u015flardan faydalanmak isteyen ilgili ki\u015filerin, \u00f6\u011frenci kimliklerinin do\u011frulanmas\u0131,<\/p>\n<p>\u00b7 Ba\u011f\u0131\u015f s\u00fcre\u00e7lerinden yararlanmak isteyen ki\u015filerin taleplerin de\u011ferlendirilebilmesi.<\/td>\n<\/tr>\n<\/tbody>\n<\/table>\n<p><em>\u00a0<\/em><\/p>\n<ol start=\"5\">\n<li><strong>Ki\u015fisel Verilerin Aktar\u0131lmas\u0131 ve Aktar\u0131m Ama\u00e7lar\u0131<\/strong><\/li>\n<\/ol>\n<table>\n<tbody>\n<tr>\n<td width=\"170\"><strong>Aktar\u0131m Kanallar\u0131<\/strong><\/td>\n<td width=\"180\"><strong>Aktar\u0131m Ama\u00e7lar\u0131<\/strong><\/td>\n<td width=\"255\"><strong>Hukuki Sebep<\/strong><\/td>\n<\/tr>\n<tr>\n<td width=\"170\">Kanunen bilgi almaya yetkili kamu kurum ve kurulu\u015flar\u0131 ile yarg\u0131 mercileri<\/td>\n<td width=\"180\">Yasal raporlama yap\u0131lmas\u0131, d\u00fczenleme ve denetim faaliyetlerinin y\u00fcr\u00fct\u00fclmesi, \u015fik\u00e2yet ve hukuki s\u00fcre\u00e7lerin i\u015fletilmesi<\/td>\n<td width=\"255\"><strong>KVKK 8\/2-a <\/strong>atf\u0131yla<strong>,<\/strong><\/p>\n<p>Veri sorumlusunun hukuki y\u00fck\u00fcml\u00fcl\u00fc\u011f\u00fcn\u00fc yerine getirebilmesi i\u00e7in zorunlu olmas\u0131.<\/td>\n<\/tr>\n<\/tbody>\n<\/table>\n<p>&nbsp;<\/p>\n<ol start=\"6\">\n<li><strong>\u0130lgili Ki\u015fi Haklar\u0131<\/strong><\/li>\n<\/ol>\n<p>Diledi\u011finiz zaman Astrolog Elvan\u2019a ba\u015fvurarak; Kanun\u2019un 11. maddesinden do\u011fan: <em>a) Ki\u015fisel veri i\u015flenip i\u015flenmedi\u011fini \u00f6\u011frenme, b) ki\u015fisel verileri i\u015flenmi\u015fse buna ili\u015fkin bilgi talep etme, c) ki\u015fisel verilerin i\u015flenme amac\u0131n\u0131 ve bunlar\u0131n amac\u0131na uygun kullan\u0131l\u0131p kullan\u0131lmad\u0131\u011f\u0131n\u0131 \u00f6\u011frenme, \u00e7) yurt i\u00e7inde veya yurt d\u0131\u015f\u0131nda ki\u015fisel verilerin aktar\u0131ld\u0131\u011f\u0131 \u00fc\u00e7\u00fcnc\u00fc ki\u015fileri bilme, d) ki\u015fisel verilerin eksik veya yanl\u0131\u015f i\u015flenmi\u015f olmas\u0131 h\u00e2linde bunlar\u0131n d\u00fczeltilmesini isteme, e) 7. maddede \u00f6ng\u00f6r\u00fclen \u015fartlar \u00e7er\u00e7evesinde ki\u015fisel verilerin silinmesini veya yok edilmesini isteme, f) (d) ve (e) bentleri uyar\u0131nca yap\u0131lan i\u015flemlerin, ki\u015fisel verilerin aktar\u0131ld\u0131\u011f\u0131 \u00fc\u00e7\u00fcnc\u00fc ki\u015filere bildirilmesini isteme, g) i\u015flenen verilerin m\u00fcnhas\u0131ran otomatik sistemler vas\u0131tas\u0131yla analiz edilmesi suretiyle ki\u015finin kendisi aleyhine bir sonucun ortaya \u00e7\u0131kmas\u0131na itiraz etme, \u011f) Ki\u015fisel verilerin kanuna ayk\u0131r\u0131 olarak i\u015flenmesi sebebiyle zarara u\u011framas\u0131 h\u00e2linde zarar\u0131n giderilmesini talep etme<\/em>; haklar\u0131n\u0131z\u0131 talep edebilirsiniz.<\/p>\n<p>&nbsp;<\/p>\n<p>Haklar\u0131n\u0131za ve Kanunun uygulanmas\u0131na ili\u015fkin taleplerinizi, taraf\u0131m\u0131zdan temin edebilece\u011finiz ba\u015fvuru formunu doldurarak veya a\u015fa\u011f\u0131da yaz\u0131l\u0131 asgari unsurlar\u0131 ta\u015f\u0131yan \u015fartlarla birlikte belirtilen yollar\u0131 kullanarak iletebilirsiniz;<\/p>\n<p>&nbsp;<\/p>\n<ul>\n<li>Islak imzal\u0131 \u015fekilde <strong><em>\u201c<\/em><\/strong><strong><em>Gayrettepe Mah. Y\u0131ld\u0131z Posta Cad. Ayy\u0131ld\u0131z S\u0131tes\u0131 B Blok No: 26 \u0130\u00e7 Kap\u0131 No: 13 Be\u015fikta\u015f\/ \u0130stanbul<\/em><\/strong><strong><em>\u201d <\/em><\/strong>adresine noter kanal\u0131yla, ispat kolayl\u0131\u011f\u0131 sa\u011flamas\u0131 a\u00e7\u0131s\u0131ndan takdirinize ba\u011fl\u0131 olarak iadeli taahh\u00fctl\u00fc, posta yoluyla veya \u015fahsi ba\u015fvurunuzla,<\/li>\n<li>Ad\u0131n\u0131za tahsis edilmi\u015f kay\u0131tl\u0131 elektronik posta (KEP) adresini kullanarak adresine ba\u015fvurunuzu e-posta yoluyla g\u00f6ndererek;<\/li>\n<li>Taraf\u0131n\u0131zca Marka\u2019m\u0131za bildirilen ve Marka sistemine kaydedilen e-posta adresini kullanarak <a href=\"mailto:kvkk@astrologelvan.com\"><strong>kvkk@astrologelvan.com<\/strong><\/a> adresine e-posta g\u00f6ndererek,<\/li>\n<\/ul>\n<p>&nbsp;<\/p>\n<p>Ki\u015fisel veri sahibi olarak sahip oldu\u011funuz ve yukar\u0131da belirtilen haklar\u0131n\u0131z\u0131 kullanmak i\u00e7in yapaca\u011f\u0131n\u0131z ve kullanmay\u0131 talep etti\u011finiz hakka ili\u015fkin a\u00e7\u0131klamalar\u0131n\u0131z\u0131 i\u00e7eren ba\u015fvuruda; talep etti\u011finiz hususun a\u00e7\u0131k ve anla\u015f\u0131l\u0131r olmas\u0131, talep etti\u011finiz konunun \u015fahs\u0131n\u0131z ile ilgili olmas\u0131 veya ba\u015fkas\u0131 ad\u0131na hareket ediyor iseniz bu konuda noter taraf\u0131ndan tasdiklenmi\u015f \u00f6zel vek\u00e2letnamenizi ibraz etmeniz gerekecektir.<\/p>\n<p>&nbsp;<\/p>\n<p>Ba\u015fvurular\u0131n\u0131zda, ad-soyad\u0131, imza, T.C. kimlik numaras\u0131 (yabanc\u0131lar i\u00e7in uyruk, pasaport numaras\u0131 veya varsa kimlik numaras\u0131), tebligata esas yerle\u015fim yeri veya i\u015fyeri adresi, e-posta adresi, telefon ve faks numaras\u0131, talep konusu unsurlar\u0131n\u0131n bulunmas\u0131 \u201cVeri Sorumlusuna Ba\u015fvuru Usul ve Esaslar\u0131 Hakk\u0131nda Tebli\u011f\u201d uyar\u0131nca zorunludur. S\u00f6z konusu unsurlar\u0131 bar\u0131nd\u0131rmayan ba\u015fvurular Astrolog Elvan taraf\u0131ndan reddedilecek veya ge\u00e7erli ba\u015fvuru kanallar\u0131na y\u00f6nlendirilecektir.<\/p>\n<p>&nbsp;<\/p>\n<p><em>Astrolog Elvan\u2019\u0131n i\u015fbu ayd\u0131nlatma metninde Kanun\u2019dan, ikincil d\u00fczenlemelerden ve Kurul kararlar\u0131ndan do\u011fan sebeplerle de\u011fi\u015fiklik yapma hakk\u0131 her zaman sakl\u0131d\u0131r. <\/em><\/p>\n<p>&nbsp;<\/p>\n<p>&nbsp;<\/p>\n<p>KEP adresi bulunmamas\u0131 halinde ilgili alan \u00e7\u0131kart\u0131labilecektir.<\/p>\n","protected":false},"excerpt":{"rendered":"<p>ASKIDA AJANDA PROJES\u0130 KAPSAMINDA KVKK AYDINLATMA METN\u0130 Veri Sorumlusunun Kimli\u011fi Gayrettepe Mah. Y\u0131ld\u0131z Posta Cad. Ayy\u0131ld\u0131z Sitesi B Blok No: 26 \u0130\u00e7 Kap\u0131 No: 13 Be\u015fikta\u015f\/ \u0130stanbul adresinde mukim J\u00dcP\u0130TER DANI\u015eMANLIK H\u0130ZMETLER\u0130 L\u0130M\u0130TED \u015e\u0130RKET\u0130 (&#8220;Astrolog Elvan\u201d veya \u201cMarka\u201d) olarak, veri sorumlusu s\u0131fat\u0131yla ki\u015fisel verilerinizin g\u00fcvenli\u011fi hususuna azami hassasiyet g\u00f6stermekteyiz. Bu kapsamda etkile\u015fim i\u00e7erisinde oldu\u011fumuz t\u00fcm [&#8230;]\n","protected":false},"author":1,"featured_media":0,"parent":0,"menu_order":0,"comment_status":"closed","ping_status":"closed","template":"","meta":{"footnotes":""},"class_list":["post-37611","page","type-page","status-publish","hentry"],"yoast_head":"<!-- This site is optimized with the Yoast SEO plugin v27.3 - https:\/\/yoast.com\/product\/yoast-seo-wordpress\/ -->\n<title>Ask\u0131da Ajanda Projesi Kapsam\u0131nda KVKK Ayd\u0131nlatma Metni - Astrolog Elvan<\/title>\n<meta name=\"robots\" content=\"index, follow, max-snippet:-1, max-image-preview:large, max-video-preview:-1\" \/>\n<link rel=\"canonical\" href=\"https:\/\/astrologelvan.com\/magaza\/askida-ajanda-projesi-kapsaminda-kvkk-aydinlatma-metni\/\" \/>\n<meta property=\"og:locale\" content=\"tr_TR\" \/>\n<meta property=\"og:type\" content=\"article\" \/>\n<meta property=\"og:title\" content=\"Ask\u0131da Ajanda Projesi Kapsam\u0131nda KVKK Ayd\u0131nlatma Metni - Astrolog Elvan\" \/>\n<meta property=\"og:description\" content=\"ASKIDA AJANDA PROJES\u0130 KAPSAMINDA KVKK AYDINLATMA METN\u0130 Veri Sorumlusunun Kimli\u011fi Gayrettepe Mah. Y\u0131ld\u0131z Posta Cad. Ayy\u0131ld\u0131z Sitesi B Blok No: 26 \u0130\u00e7 Kap\u0131 No: 13 Be\u015fikta\u015f\/ \u0130stanbul adresinde mukim J\u00dcP\u0130TER DANI\u015eMANLIK H\u0130ZMETLER\u0130 L\u0130M\u0130TED \u015e\u0130RKET\u0130 (&#8220;Astrolog Elvan\u201d veya \u201cMarka\u201d) olarak, veri sorumlusu s\u0131fat\u0131yla ki\u015fisel verilerinizin g\u00fcvenli\u011fi hususuna azami hassasiyet g\u00f6stermekteyiz. Bu kapsamda etkile\u015fim i\u00e7erisinde oldu\u011fumuz t\u00fcm [...]\" \/>\n<meta property=\"og:url\" content=\"https:\/\/astrologelvan.com\/magaza\/askida-ajanda-projesi-kapsaminda-kvkk-aydinlatma-metni\/\" \/>\n<meta property=\"og:site_name\" content=\"Astrolog Elvan\" \/>\n<meta name=\"twitter:card\" content=\"summary_large_image\" \/>\n<meta name=\"twitter:label1\" content=\"Tahmini okuma s\u00fcresi\" \/>\n\t<meta name=\"twitter:data1\" content=\"5 dakika\" \/>\n<script type=\"application\/ld+json\" class=\"yoast-schema-graph\">{\"@context\":\"https:\\\/\\\/schema.org\",\"@graph\":[{\"@type\":\"WebPage\",\"@id\":\"https:\\\/\\\/astrologelvan.com\\\/magaza\\\/askida-ajanda-projesi-kapsaminda-kvkk-aydinlatma-metni\\\/\",\"url\":\"https:\\\/\\\/astrologelvan.com\\\/magaza\\\/askida-ajanda-projesi-kapsaminda-kvkk-aydinlatma-metni\\\/\",\"name\":\"Ask\u0131da Ajanda Projesi Kapsam\u0131nda KVKK Ayd\u0131nlatma Metni - Astrolog Elvan\",\"isPartOf\":{\"@id\":\"https:\\\/\\\/astrologelvan.com\\\/magaza\\\/#website\"},\"datePublished\":\"2025-01-22T13:16:17+00:00\",\"breadcrumb\":{\"@id\":\"https:\\\/\\\/astrologelvan.com\\\/magaza\\\/askida-ajanda-projesi-kapsaminda-kvkk-aydinlatma-metni\\\/#breadcrumb\"},\"inLanguage\":\"tr\",\"potentialAction\":[{\"@type\":\"ReadAction\",\"target\":[\"https:\\\/\\\/astrologelvan.com\\\/magaza\\\/askida-ajanda-projesi-kapsaminda-kvkk-aydinlatma-metni\\\/\"]}]},{\"@type\":\"BreadcrumbList\",\"@id\":\"https:\\\/\\\/astrologelvan.com\\\/magaza\\\/askida-ajanda-projesi-kapsaminda-kvkk-aydinlatma-metni\\\/#breadcrumb\",\"itemListElement\":[{\"@type\":\"ListItem\",\"position\":1,\"name\":\"Anasayfa\",\"item\":\"https:\\\/\\\/astrologelvan.com\\\/magaza\\\/\"},{\"@type\":\"ListItem\",\"position\":2,\"name\":\"Ask\u0131da Ajanda Projesi Kapsam\u0131nda KVKK Ayd\u0131nlatma Metni\"}]},{\"@type\":\"WebSite\",\"@id\":\"https:\\\/\\\/astrologelvan.com\\\/magaza\\\/#website\",\"url\":\"https:\\\/\\\/astrologelvan.com\\\/magaza\\\/\",\"name\":\"Astrolog Elvan\",\"description\":\"\",\"potentialAction\":[{\"@type\":\"SearchAction\",\"target\":{\"@type\":\"EntryPoint\",\"urlTemplate\":\"https:\\\/\\\/astrologelvan.com\\\/magaza\\\/?s={search_term_string}\"},\"query-input\":{\"@type\":\"PropertyValueSpecification\",\"valueRequired\":true,\"valueName\":\"search_term_string\"}}],\"inLanguage\":\"tr\"}]}<\/script>\n<!-- \/ Yoast SEO plugin. -->","yoast_head_json":{"title":"Ask\u0131da Ajanda Projesi Kapsam\u0131nda KVKK Ayd\u0131nlatma Metni - Astrolog Elvan","robots":{"index":"index","follow":"follow","max-snippet":"max-snippet:-1","max-image-preview":"max-image-preview:large","max-video-preview":"max-video-preview:-1"},"canonical":"https:\/\/astrologelvan.com\/magaza\/askida-ajanda-projesi-kapsaminda-kvkk-aydinlatma-metni\/","og_locale":"tr_TR","og_type":"article","og_title":"Ask\u0131da Ajanda Projesi Kapsam\u0131nda KVKK Ayd\u0131nlatma Metni - Astrolog Elvan","og_description":"ASKIDA AJANDA PROJES\u0130 KAPSAMINDA KVKK AYDINLATMA METN\u0130 Veri Sorumlusunun Kimli\u011fi Gayrettepe Mah. Y\u0131ld\u0131z Posta Cad. Ayy\u0131ld\u0131z Sitesi B Blok No: 26 \u0130\u00e7 Kap\u0131 No: 13 Be\u015fikta\u015f\/ \u0130stanbul adresinde mukim J\u00dcP\u0130TER DANI\u015eMANLIK H\u0130ZMETLER\u0130 L\u0130M\u0130TED \u015e\u0130RKET\u0130 (&#8220;Astrolog Elvan\u201d veya \u201cMarka\u201d) olarak, veri sorumlusu s\u0131fat\u0131yla ki\u015fisel verilerinizin g\u00fcvenli\u011fi hususuna azami hassasiyet g\u00f6stermekteyiz. Bu kapsamda etkile\u015fim i\u00e7erisinde oldu\u011fumuz t\u00fcm [...]","og_url":"https:\/\/astrologelvan.com\/magaza\/askida-ajanda-projesi-kapsaminda-kvkk-aydinlatma-metni\/","og_site_name":"Astrolog Elvan","twitter_card":"summary_large_image","twitter_misc":{"Tahmini okuma s\u00fcresi":"5 dakika"},"schema":{"@context":"https:\/\/schema.org","@graph":[{"@type":"WebPage","@id":"https:\/\/astrologelvan.com\/magaza\/askida-ajanda-projesi-kapsaminda-kvkk-aydinlatma-metni\/","url":"https:\/\/astrologelvan.com\/magaza\/askida-ajanda-projesi-kapsaminda-kvkk-aydinlatma-metni\/","name":"Ask\u0131da Ajanda Projesi Kapsam\u0131nda KVKK Ayd\u0131nlatma Metni - Astrolog Elvan","isPartOf":{"@id":"https:\/\/astrologelvan.com\/magaza\/#website"},"datePublished":"2025-01-22T13:16:17+00:00","breadcrumb":{"@id":"https:\/\/astrologelvan.com\/magaza\/askida-ajanda-projesi-kapsaminda-kvkk-aydinlatma-metni\/#breadcrumb"},"inLanguage":"tr","potentialAction":[{"@type":"ReadAction","target":["https:\/\/astrologelvan.com\/magaza\/askida-ajanda-projesi-kapsaminda-kvkk-aydinlatma-metni\/"]}]},{"@type":"BreadcrumbList","@id":"https:\/\/astrologelvan.com\/magaza\/askida-ajanda-projesi-kapsaminda-kvkk-aydinlatma-metni\/#breadcrumb","itemListElement":[{"@type":"ListItem","position":1,"name":"Anasayfa","item":"https:\/\/astrologelvan.com\/magaza\/"},{"@type":"ListItem","position":2,"name":"Ask\u0131da Ajanda Projesi Kapsam\u0131nda KVKK Ayd\u0131nlatma Metni"}]},{"@type":"WebSite","@id":"https:\/\/astrologelvan.com\/magaza\/#website","url":"https:\/\/astrologelvan.com\/magaza\/","name":"Astrolog Elvan","description":"","potentialAction":[{"@type":"SearchAction","target":{"@type":"EntryPoint","urlTemplate":"https:\/\/astrologelvan.com\/magaza\/?s={search_term_string}"},"query-input":{"@type":"PropertyValueSpecification","valueRequired":true,"valueName":"search_term_string"}}],"inLanguage":"tr"}]}},"_links":{"self":[{"href":"https:\/\/astrologelvan.com\/magaza\/wp-json\/wp\/v2\/pages\/37611","targetHints":{"allow":["GET"]}}],"collection":[{"href":"https:\/\/astrologelvan.com\/magaza\/wp-json\/wp\/v2\/pages"}],"about":[{"href":"https:\/\/astrologelvan.com\/magaza\/wp-json\/wp\/v2\/types\/page"}],"author":[{"embeddable":true,"href":"https:\/\/astrologelvan.com\/magaza\/wp-json\/wp\/v2\/users\/1"}],"replies":[{"embeddable":true,"href":"https:\/\/astrologelvan.com\/magaza\/wp-json\/wp\/v2\/comments?post=37611"}],"version-history":[{"count":0,"href":"https:\/\/astrologelvan.com\/magaza\/wp-json\/wp\/v2\/pages\/37611\/revisions"}],"wp:attachment":[{"href":"https:\/\/astrologelvan.com\/magaza\/wp-json\/wp\/v2\/media?parent=37611"}],"curies":[{"name":"wp","href":"https:\/\/api.w.org\/{rel}","templated":true}]}}