{"id":188336,"date":"2026-05-10T01:14:01","date_gmt":"2026-05-09T22:14:01","guid":{"rendered":"https:\/\/astrologelvan.com\/magaza\/?page_id=188336"},"modified":"2026-05-10T01:21:22","modified_gmt":"2026-05-09T22:21:22","slug":"kariyer","status":"publish","type":"page","link":"https:\/\/astrologelvan.com\/magaza\/kariyer\/","title":{"rendered":"Kariyer"},"content":{"rendered":"<div class=\"row\"  id=\"row-1389490717\">\n\n\t<div id=\"col-966536166\" class=\"col medium-6 small-12 large-6\"  >\n\t\t\t\t<div class=\"col-inner\"  >\n\t\t\t\n\t\t\t\n<p><strong>Operasyon \/ Kargo Paketleme Departman\u0131na Ekip Arkada\u015f\u0131 ar\u0131yoruz!<\/strong><\/p>\n<p><strong>TAM ZAMANLI<\/strong><\/p>\n<p>B\u00fcy\u00fcyen ekibimize; operasyon s\u00fcre\u00e7lerini y\u00f6netebilecek, kargo ve paketleme s\u00fcre\u00e7lerinde titiz ve h\u0131zl\u0131 \u00e7al\u0131\u015fabilecek, ayn\u0131 zamanda m\u00fc\u015fteri ileti\u015fiminde g\u00fc\u00e7l\u00fc ekip arkada\u015f\u0131 ar\u0131yoruz.<br \/>Tercihen \u0130stanbul Avrupa Yakas\u0131\u2019nda ikamet eden adaylar\u0131n ba\u015fvurular\u0131n\u0131 bekliyoruz.<\/p>\n<p><strong>Pozisyon Detaylar\u0131<\/strong><\/p>\n<p>\u2022 Sipari\u015f haz\u0131rlama ve paketleme s\u00fcre\u00e7lerinin y\u00fcr\u00fct\u00fclmesi<br \/>\u2022 Kargo takip ve g\u00f6nderim operasyonlar\u0131n\u0131n y\u00f6netilmesi<br \/>\u2022 G\u00fcnl\u00fck sipari\u015f kontrol\u00fc ve stok d\u00fczenine destek verilmesi<br \/>\u2022 M\u00fc\u015fteri mesajlar\u0131 ve taleplerine d\u00f6n\u00fc\u015f sa\u011flanmas\u0131<br \/>\u2022 Sosyal medya ve e-ticaret operasyon s\u00fcre\u00e7lerine destek olunmas\u0131<br \/>\u2022 Ofis i\u00e7i genel operasyon ak\u0131\u015f\u0131n\u0131n y\u00fcr\u00fct\u00fclmesi<\/p>\n<p><strong>Aranan \u00d6zellikler<\/strong><\/p>\n<p>\u2022 \u0130stanbul Avrupa Yakas\u0131\u2019nda ikamet eden<br \/>\u2022 D\u00fczenli, pratik ve \u00e7\u00f6z\u00fcm odakl\u0131 \u00e7al\u0131\u015fma disiplinine sahip<br \/>\u2022 \u0130nsan ili\u015fkileri ve ileti\u015fimi g\u00fc\u00e7l\u00fc<br \/>\u2022 Sorumluluk sahibi ve ekip \u00e7al\u0131\u015fmas\u0131na yatk\u0131n<br \/>\u2022 Yo\u011fun tempoya uyum sa\u011flayabilecek<br \/>\u2022 Paketleme ve operasyon s\u00fcre\u00e7lerinde titiz \u00e7al\u0131\u015fabilecek<br \/>\u2022 Temel bilgisayar kullan\u0131m\u0131na hakim<br \/>\u2022 Tercihen e-ticaret, operasyon veya m\u00fc\u015fteri temsilcili\u011fi deneyimi bulunan<br \/>\u2022 Sosyal medya diline ve dijital d\u00fcnyaya hakim olmas\u0131 tercih sebebidir<\/p>\n<p><strong>Bizimle \u00c7al\u0131\u015f\u0131rken<\/strong><\/p>\n<p>\u2022 Dinamik ve yarat\u0131c\u0131 bir \u00e7al\u0131\u015fma ortam\u0131<br \/>\u2022 Geli\u015fen markalarla birlikte b\u00fcy\u00fcme f\u0131rsat\u0131<br \/>\u2022 Kad\u0131n enerjisi, estetik bak\u0131\u015f a\u00e7\u0131s\u0131 ve yarat\u0131c\u0131 \u00fcretimin merkezinde yer alma f\u0131rsat\u0131<br \/>\u2022 Uzun vadeli ekip arkada\u015fl\u0131\u011f\u0131 hedefi<\/p>\n<p>Ba\u015fvuru i\u00e7in CV ve k\u0131sa bir \u00f6n yaz\u0131n\u0131z\u0131 iletebilirsiniz.<br \/><strong>Ba\u015fvuru kanallar\u0131; basvuru@astrologelvan.com ve kariyer sayfas\u0131 ba\u015fvuru formudur.<\/strong><\/p>\n\t\t<\/div>\n\t\t\t\t\t<\/div>\n\n\t\n\n\t<div id=\"col-1142684378\" class=\"col medium-6 small-12 large-6\"  >\n\t\t\t\t<div class=\"col-inner\"  >\n\t\t\t\n\t\t\t\n\n<div class=\"wpcf7 no-js\" id=\"wpcf7-f188339-o1\" lang=\"tr-TR\" dir=\"ltr\" data-wpcf7-id=\"188339\">\n<div class=\"screen-reader-response\"><p role=\"status\" aria-live=\"polite\" aria-atomic=\"true\"><\/p> <ul><\/ul><\/div>\n<form action=\"\/magaza\/wp-json\/wp\/v2\/pages\/188336#wpcf7-f188339-o1\" method=\"post\" class=\"wpcf7-form init\" aria-label=\"\u0130leti\u015fim Formu\" enctype=\"multipart\/form-data\" novalidate=\"novalidate\" data-status=\"init\">\n<fieldset class=\"hidden-fields-container\"><input type=\"hidden\" name=\"_wpcf7\" value=\"188339\" \/><input type=\"hidden\" name=\"_wpcf7_version\" value=\"6.1.5\" \/><input type=\"hidden\" name=\"_wpcf7_locale\" value=\"tr_TR\" \/><input type=\"hidden\" name=\"_wpcf7_unit_tag\" value=\"wpcf7-f188339-o1\" \/><input type=\"hidden\" name=\"_wpcf7_container_post\" value=\"0\" \/><input type=\"hidden\" name=\"_wpcf7_posted_data_hash\" value=\"\" \/>\n<\/fieldset>\n<p><label> Ad\u0131n\u0131z Soyad\u0131n\u0131z<br \/>\n<span class=\"wpcf7-form-control-wrap\" data-name=\"your-name\"><input size=\"40\" maxlength=\"400\" class=\"wpcf7-form-control wpcf7-text wpcf7-validates-as-required\" autocomplete=\"name\" aria-required=\"true\" aria-invalid=\"false\" value=\"\" type=\"text\" name=\"your-name\" \/><\/span> <\/label>\n<\/p>\n<p><label> E-posta adresiniz<br \/>\n<span class=\"wpcf7-form-control-wrap\" data-name=\"your-email\"><input size=\"40\" maxlength=\"400\" class=\"wpcf7-form-control wpcf7-email wpcf7-validates-as-required wpcf7-text wpcf7-validates-as-email\" autocomplete=\"email\" aria-required=\"true\" aria-invalid=\"false\" value=\"\" type=\"email\" name=\"your-email\" \/><\/span> <\/label>\n<\/p>\n<p><label> Telefon Numaran\u0131z<br \/>\n<span class=\"wpcf7-form-control-wrap\" data-name=\"tel-642\"><input size=\"40\" maxlength=\"400\" class=\"wpcf7-form-control wpcf7-tel wpcf7-text wpcf7-validates-as-tel\" aria-invalid=\"false\" value=\"\" type=\"tel\" name=\"tel-642\" \/><\/span> <\/label>\n<\/p>\n<p><label> Ba\u015fvurdu\u011funuz pozisyon<br \/>\n<span class=\"wpcf7-form-control-wrap\" data-name=\"text-614\"><input size=\"40\" maxlength=\"400\" class=\"wpcf7-form-control wpcf7-text\" aria-invalid=\"false\" value=\"\" type=\"text\" name=\"text-614\" \/><\/span><br \/>\n<\/label><br \/>\n<label> CV Dosyan\u0131z (Sadece PDF veya G\u00f6rsel)<br \/>\n<span class=\"wpcf7-form-control-wrap\" data-name=\"file-344\"><input size=\"40\" class=\"wpcf7-form-control wpcf7-file\" accept=\"image\/*\" aria-invalid=\"false\" type=\"file\" name=\"file-344\" \/><\/span><br \/>\n<\/label>\n<\/p>\n<p><label> Kendinizi k\u0131saca tan\u0131t\u0131n<br \/>\n<span class=\"wpcf7-form-control-wrap\" data-name=\"your-message\"><textarea cols=\"40\" rows=\"10\" maxlength=\"2000\" class=\"wpcf7-form-control wpcf7-textarea\" aria-invalid=\"false\" name=\"your-message\"><\/textarea><\/span> <\/label>\n<\/p>\n<p><span class=\"wpcf7-form-control-wrap\" data-name=\"kvkk\"><span class=\"wpcf7-form-control wpcf7-acceptance\"><span class=\"wpcf7-list-item\"><label><input type=\"checkbox\" name=\"kvkk\" value=\"1\" aria-invalid=\"false\" \/><span class=\"wpcf7-list-item-label\">Ayd\u0131nlatma metnini okudum, kabul ediyorum | <a href=\"https:\/\/astrologelvan.com\/magaza\/kisisel-verilerin-korunmasi-ve-islenmesi-hakkinda-genel-aydinlatma-metni\" target=\"_blank\">Ayd\u0131nlatma Metni<\/a><\/span><\/label><\/span><\/span><\/span>\n<\/p>\n<p><input class=\"wpcf7-form-control wpcf7-submit has-spinner\" type=\"submit\" value=\"G\u00f6nder\" \/>\n<\/p><div class=\"wpcf7-response-output\" aria-hidden=\"true\"><\/div>\n<\/form>\n<\/div>\n\n\t\t<\/div>\n\t\t\t\t\t<\/div>\n\n\t\n<\/div>\n","protected":false},"excerpt":{"rendered":"","protected":false},"author":1,"featured_media":0,"parent":0,"menu_order":0,"comment_status":"closed","ping_status":"closed","template":"","meta":{"footnotes":""},"class_list":["post-188336","page","type-page","status-publish","hentry"],"yoast_head":"<!-- This site is optimized with the Yoast SEO plugin v27.5 - https:\/\/yoast.com\/product\/yoast-seo-wordpress\/ -->\n<title>Kariyer - Astrolog Elvan<\/title>\n<meta name=\"robots\" content=\"index, follow, max-snippet:-1, max-image-preview:large, max-video-preview:-1\" \/>\n<link rel=\"canonical\" href=\"https:\/\/astrologelvan.com\/magaza\/kariyer\/\" \/>\n<meta property=\"og:locale\" content=\"tr_TR\" \/>\n<meta property=\"og:type\" content=\"article\" \/>\n<meta property=\"og:title\" content=\"Kariyer - Astrolog Elvan\" \/>\n<meta property=\"og:url\" content=\"https:\/\/astrologelvan.com\/magaza\/kariyer\/\" \/>\n<meta property=\"og:site_name\" content=\"Astrolog Elvan\" \/>\n<meta property=\"article:modified_time\" content=\"2026-05-09T22:21:22+00:00\" \/>\n<meta name=\"twitter:card\" content=\"summary_large_image\" \/>\n<script type=\"application\/ld+json\" class=\"yoast-schema-graph\">{\"@context\":\"https:\\\/\\\/schema.org\",\"@graph\":[{\"@type\":\"WebPage\",\"@id\":\"https:\\\/\\\/astrologelvan.com\\\/magaza\\\/kariyer\\\/\",\"url\":\"https:\\\/\\\/astrologelvan.com\\\/magaza\\\/kariyer\\\/\",\"name\":\"Kariyer - Astrolog Elvan\",\"isPartOf\":{\"@id\":\"https:\\\/\\\/astrologelvan.com\\\/magaza\\\/#website\"},\"datePublished\":\"2026-05-09T22:14:01+00:00\",\"dateModified\":\"2026-05-09T22:21:22+00:00\",\"breadcrumb\":{\"@id\":\"https:\\\/\\\/astrologelvan.com\\\/magaza\\\/kariyer\\\/#breadcrumb\"},\"inLanguage\":\"tr\",\"potentialAction\":[{\"@type\":\"ReadAction\",\"target\":[\"https:\\\/\\\/astrologelvan.com\\\/magaza\\\/kariyer\\\/\"]}]},{\"@type\":\"BreadcrumbList\",\"@id\":\"https:\\\/\\\/astrologelvan.com\\\/magaza\\\/kariyer\\\/#breadcrumb\",\"itemListElement\":[{\"@type\":\"ListItem\",\"position\":1,\"name\":\"Anasayfa\",\"item\":\"https:\\\/\\\/astrologelvan.com\\\/magaza\\\/\"},{\"@type\":\"ListItem\",\"position\":2,\"name\":\"Kariyer\"}]},{\"@type\":\"WebSite\",\"@id\":\"https:\\\/\\\/astrologelvan.com\\\/magaza\\\/#website\",\"url\":\"https:\\\/\\\/astrologelvan.com\\\/magaza\\\/\",\"name\":\"Astrolog Elvan\",\"description\":\"\",\"potentialAction\":[{\"@type\":\"SearchAction\",\"target\":{\"@type\":\"EntryPoint\",\"urlTemplate\":\"https:\\\/\\\/astrologelvan.com\\\/magaza\\\/?s={search_term_string}\"},\"query-input\":{\"@type\":\"PropertyValueSpecification\",\"valueRequired\":true,\"valueName\":\"search_term_string\"}}],\"inLanguage\":\"tr\"}]}<\/script>\n<!-- \/ Yoast SEO plugin. -->","yoast_head_json":{"title":"Kariyer - Astrolog Elvan","robots":{"index":"index","follow":"follow","max-snippet":"max-snippet:-1","max-image-preview":"max-image-preview:large","max-video-preview":"max-video-preview:-1"},"canonical":"https:\/\/astrologelvan.com\/magaza\/kariyer\/","og_locale":"tr_TR","og_type":"article","og_title":"Kariyer - Astrolog Elvan","og_url":"https:\/\/astrologelvan.com\/magaza\/kariyer\/","og_site_name":"Astrolog Elvan","article_modified_time":"2026-05-09T22:21:22+00:00","twitter_card":"summary_large_image","schema":{"@context":"https:\/\/schema.org","@graph":[{"@type":"WebPage","@id":"https:\/\/astrologelvan.com\/magaza\/kariyer\/","url":"https:\/\/astrologelvan.com\/magaza\/kariyer\/","name":"Kariyer - Astrolog Elvan","isPartOf":{"@id":"https:\/\/astrologelvan.com\/magaza\/#website"},"datePublished":"2026-05-09T22:14:01+00:00","dateModified":"2026-05-09T22:21:22+00:00","breadcrumb":{"@id":"https:\/\/astrologelvan.com\/magaza\/kariyer\/#breadcrumb"},"inLanguage":"tr","potentialAction":[{"@type":"ReadAction","target":["https:\/\/astrologelvan.com\/magaza\/kariyer\/"]}]},{"@type":"BreadcrumbList","@id":"https:\/\/astrologelvan.com\/magaza\/kariyer\/#breadcrumb","itemListElement":[{"@type":"ListItem","position":1,"name":"Anasayfa","item":"https:\/\/astrologelvan.com\/magaza\/"},{"@type":"ListItem","position":2,"name":"Kariyer"}]},{"@type":"WebSite","@id":"https:\/\/astrologelvan.com\/magaza\/#website","url":"https:\/\/astrologelvan.com\/magaza\/","name":"Astrolog Elvan","description":"","potentialAction":[{"@type":"SearchAction","target":{"@type":"EntryPoint","urlTemplate":"https:\/\/astrologelvan.com\/magaza\/?s={search_term_string}"},"query-input":{"@type":"PropertyValueSpecification","valueRequired":true,"valueName":"search_term_string"}}],"inLanguage":"tr"}]}},"_links":{"self":[{"href":"https:\/\/astrologelvan.com\/magaza\/wp-json\/wp\/v2\/pages\/188336","targetHints":{"allow":["GET"]}}],"collection":[{"href":"https:\/\/astrologelvan.com\/magaza\/wp-json\/wp\/v2\/pages"}],"about":[{"href":"https:\/\/astrologelvan.com\/magaza\/wp-json\/wp\/v2\/types\/page"}],"author":[{"embeddable":true,"href":"https:\/\/astrologelvan.com\/magaza\/wp-json\/wp\/v2\/users\/1"}],"replies":[{"embeddable":true,"href":"https:\/\/astrologelvan.com\/magaza\/wp-json\/wp\/v2\/comments?post=188336"}],"version-history":[{"count":3,"href":"https:\/\/astrologelvan.com\/magaza\/wp-json\/wp\/v2\/pages\/188336\/revisions"}],"predecessor-version":[{"id":188340,"href":"https:\/\/astrologelvan.com\/magaza\/wp-json\/wp\/v2\/pages\/188336\/revisions\/188340"}],"wp:attachment":[{"href":"https:\/\/astrologelvan.com\/magaza\/wp-json\/wp\/v2\/media?parent=188336"}],"curies":[{"name":"wp","href":"https:\/\/api.w.org\/{rel}","templated":true}]}}